000
CXUS54 KBRO 021547
CF6PIL
PRELIMINARY LOCAL CLIMATOLOGICAL DATA (WS FORM: F-6)
STATION: BAYVIEW
MONTH: MARCH
YEAR: 2021
LATITUDE: 26 10 N
LONGITUDE: 97 20 W
TEMPERATURE IN F: :PCPN: SNOW: WIND :SUNSHINE: SKY :PK WND
================================================================================
1 2 3 4 5 6A 6B 7 8 9 10 11 12 13 14 15 16 17 18
12Z AVG MX 2MIN
DY MAX MIN AVG DEP HDD CDD WTR SNW DPTH SPD SPD DIR MIN PSBL S-S WX SPD DR
================================================================================
1 74 54 64 -2 1 0 0.12 0.0 0 14.8 28 330 M M 10 1 35 350
2 64 49 57 -9 8 0 0.02 0.0 0 12.8 26 330 M M 7 1 32 330
3 M 49 M M M M 0.00 0.0 0 M M M M M 0 M M
4 74 54 64 -2 1 0 0.00 0.0 0 11.5 22 110 M M 4 26 110
5 77 62 70 4 0 5 0.01 0.0 0 6.4 16 160 M M 7 1 22 150
6 69 56 63 -4 2 0 0.00 0.0 0 15.0 26 20 M M 3 1 31 350
7 74 53 64 -3 1 0 0.00 0.0 0 9.2 17 80 M M 4 22 90
8 76 64 70 3 0 5 0.00 0.0 0 10.5 21 90 M M 8 24 100
9 80 63 72 5 0 7 T 0.0 0 16.5 28 150 M M 2 33 130
10 82 64 73 6 0 8 T 0.0 0 18.0 31 150 M M 2 41 150
11 82 69 76 8 0 11 T 0.0 0 18.2 26 120 M M 8 34 140
12 80 69 75 7 0 10 T 0.0 0 15.0 24 110 M M 9 28 110
13 82 69 76 8 0 11 0.00 0.0 0 18.5 29 130 M M 9 1 34 120
14 81 64 73 5 0 8 T 0.0 0 14.6 28 150 M M 10 37 150
15 81 65 73 5 0 8 0.00 0.0 0 8.6 18 100 M M 7 1 21 100
16 84 70 77 8 0 12 0.00 0.0 0 12.5 24 150 M M 9 1 31 170
17 84 60 72 3 0 7 T 0.0 0 13.0 35 350 M M 5 1 47 350
18 73 52 63 -6 2 0 0.00 0.0 0 11.4 29 350 M M 0 35 350
19 69 49 59 -10 6 0 M 0.0 0 10.4 20 30 M M 0 25 30
20 72 50 61 -9 4 0 M 0.0 0 9.7 22 90 M M 0 17 60
21 74 54 64 -6 1 0 0.00 0.0 0 12.6 22 110 M M 0 27 120
22 77 64 71 1 0 6 T 0.0 0 18.5 35 150 M M 4 41 150
23 81 67 74 4 0 9 0.02 0.0 0 8.3 21 160 M M 4 1 27 150
24 80 69 75 5 0 10 0.00 0.0 0 9.7 17 100 M M 8 128 21 100
25 78 60 69 -2 0 4 T 0.0 0 13.4 30 10 M M 4 18 38 20
26 79 53 66 -5 0 1 0.00 0.0 0 8.0 16 110 M M 6 18 19 90
27 89 71 80 9 0 15 0.00 0.0 0 17.2 32 160 M M 7 1 40 160
28 74 59 67 -4 0 2 0.70 0.0 0 15.4 32 10 M M 10 1 43 10
29 69 59 64 -7 1 0 0.01 0.0 0 9.4 15 330 M M 10 1 18 330
30 85 67 76 4 0 11 0.00 0.0 0 16.5 28 170 M M 6 1 36 180
31 83 68 76 4 0 11 T 0.0 0 15.4 28 30 M M 7 36 30
================================================================================
SM 2327 1876 27 161 0.88 0.0 391.0 M 170
================================================================================
AV 77.6 60.5 13.0 FASTST M M 5 MAX(MPH)
MISC ----> # 35 350 47 350
================================================================================
NOTES:
# LAST OF SEVERAL OCCURRENCES
COLUMN 17 PEAK WIND IN M.P.H.
PRELIMINARY LOCAL CLIMATOLOGICAL DATA (WS FORM: F-6) , PAGE 2
STATION: BAYVIEW
MONTH: MARCH
YEAR: 2021
LATITUDE: 26 10 N
LONGITUDE: 97 20 W
[TEMPERATURE DATA] [PRECIPITATION DATA] SYMBOLS USED IN COLUMN 16
AVERAGE MONTHLY: 69.0 TOTAL FOR MONTH: 0.88 1 = FOG OR MIST
DPTR FM NORMAL: 0.3 DPTR FM NORMAL: -0.23 2 = FOG REDUCING VISIBILITY
HIGHEST: 89 ON 27 GRTST 24HR 0.70 ON 28-28 TO 1/4 MILE OR LESS
LOWEST: 49 ON 19, 3 3 = THUNDER
SNOW, ICE PELLETS, HAIL 4 = ICE PELLETS
TOTAL MONTH: 0.0 INCH 5 = HAIL
GRTST 24HR 0.0 6 = FREEZING RAIN OR DRIZZLE
GRTST DEPTH: 0 7 = DUSTSTORM OR SANDSTORM:
VSBY 1/2 MILE OR LESS
8 = SMOKE OR HAZE
[NO. OF DAYS WITH] [WEATHER - DAYS WITH] 9 = BLOWING SNOW
X = TORNADO
MAX 32 OR BELOW: 0 0.01 INCH OR MORE: 6
MAX 90 OR ABOVE: 0 0.10 INCH OR MORE: 2
MIN 32 OR BELOW: 0 0.50 INCH OR MORE: 1
MIN 0 OR BELOW: 0 1.00 INCH OR MORE: 0
[HDD (BASE 65) ]
TOTAL THIS MO. 27 CLEAR (SCALE 0-3) 8
DPTR FM NORMAL -17 PTCLDY (SCALE 4-7) 15
TOTAL FM JUL 1 495 CLOUDY (SCALE 8-10) 8
DPTR FM NORMAL -48
[CDD (BASE 65) ]
TOTAL THIS MO. 161
DPTR FM NORMAL 2 [PRESSURE DATA]
TOTAL FM JAN 1 315 HIGHEST SLP M ON M
DPTR FM NORMAL 34 LOWEST SLP M ON M
[REMARKS]
#FINAL-03-21#