000
CXUS54 KBRO 011328
CF6PIL
PRELIMINARY LOCAL CLIMATOLOGICAL DATA (WS FORM: F-6)
STATION: BAYVIEW
MONTH: AUGUST
YEAR: 2020
LATITUDE: 26 10 N
LONGITUDE: 97 20 W
TEMPERATURE IN F: :PCPN: SNOW: WIND :SUNSHINE: SKY :PK WND
================================================================================
1 2 3 4 5 6A 6B 7 8 9 10 11 12 13 14 15 16 17 18
12Z AVG MX 2MIN
DY MAX MIN AVG DEP HDD CDD WTR SNW DPTH SPD SPD DIR MIN PSBL S-S WX SPD DR
================================================================================
1 92 79 86 1 0 21 0.03 0.0 0 8.2 16 130 M M 2 22 120
2 89 79 84 -1 0 19 0.01 0.0 0 4.7 12 120 M M 1 15 300
3 90 76 83 -2 0 18 0.00 0.0 0 6.8 15 110 M M 1 19 100
4 91 76 84 -1 0 19 0.00 0.0 0 7.4 15 90 M M 0 20 80
5 92 80 86 1 0 21 0.00 0.0 0 10.8 18 120 M M 1 23 110
6 83 81 82 -3 0 17 T 0.0 0 10.6 17 110 M M 2 23 110
7 93 80 87 2 0 22 0.00 0.0 0 M M M M M M M M
8 91 76 84 -1 0 19 0.20 0.0 0 M M M M M 0 M M
9 M M M M M M 0.00 0.0 0 M M M M M 0 M M
10 M M M M M M 0.00 0.0 0 M M M M M 0 M M
11 M M M M M M 0.00 0.0 0 M M M M M 0 M M
12 M M M M M M 0.00 0.0 M M M M M M 0 M M
13 93 77 85 0 0 20 0.00 0.0 0 M M M M M 0 M M
14 93 78 86 1 0 21 0.00 0.0 0 M M M M M 0 M M
15 94 78 86 1 0 21 0.00 0.0 0 M M M M M 0 M M
16 94 77 86 1 0 21 0.00 0.0 0 M M M M M 0 M M
17 91 76 84 -1 0 19 0.00 0.0 0 8.6 15 40 M M 0 M M
18 92 75 84 -1 0 19 0.00 0.0 0 M M M M M 0 M M
19 93 75 84 -1 0 19 0.00 0.0 0 5.1 13 70 M M 0 16 70
20 95 74 85 0 0 20 0.00 0.0 0 9.5 21 100 M M 0 24 110
21 96 78 87 2 0 22 0.00 0.0 0 10.8 21 100 M M 0 24 100
22 95 77 86 1 0 21 0.00 0.0 0 10.2 21 80 M M 1 8 24 90
23 92 76 84 -1 0 19 T 0.0 0 7.6 17 230 M M 1 25 220
24 92 75 84 -1 0 19 0.00 0.0 0 9.8 21 40 M M 2 26 30
25 92 76 84 -1 0 19 0.01 0.0 0 7.7 22 20 M M 2 26 10
26 95 76 86 1 0 21 0.00 0.0 0 8.5 20 10 M M 1 25 30
27 98 79 89 4 0 24 0.00 0.0 0 11.9 24 130 M M 1 8 37 110
28 96 82 89 4 0 24 0.00 0.0 0 12.3 18 170 M M 2 25 160
29 M M M M M M 0.00 0.0 0 M M M M M 0 M M
30 95 80 88 4 0 23 0.00 0.0 0 M M M M M 0 M M
31 M M M M M M 0.00 0.0 0 M M M M M 0 M M
================================================================================
SM 2317 1936 0 508 0.25 0.0 150.5 M 17
================================================================================
AV 92.7 77.4 8.9 FASTST M M 1 MAX(MPH)
MISC ----> # 24 130 # 37 110
================================================================================
NOTES:
# LAST OF SEVERAL OCCURRENCES
COLUMN 17 PEAK WIND IN M.P.H.
PRELIMINARY LOCAL CLIMATOLOGICAL DATA (WS FORM: F-6) , PAGE 2
STATION: BAYVIEW
MONTH: AUGUST
YEAR: 2020
LATITUDE: 26 10 N
LONGITUDE: 97 20 W
[TEMPERATURE DATA] [PRECIPITATION DATA] SYMBOLS USED IN COLUMN 16
AVERAGE MONTHLY: 85.1 TOTAL FOR MONTH: 0.25 1 = FOG OR MIST
DPTR FM NORMAL: 0.1 DPTR FM NORMAL: -1.81 2 = FOG REDUCING VISIBILITY
HIGHEST: 98 ON 27 GRTST 24HR 0.20 ON 8- 8 TO 1/4 MILE OR LESS
LOWEST: 74 ON 20 3 = THUNDER
SNOW, ICE PELLETS, HAIL 4 = ICE PELLETS
TOTAL MONTH: 0.0 INCH 5 = HAIL
GRTST 24HR 0.0 6 = FREEZING RAIN OR DRIZZLE
GRTST DEPTH: 0 7 = DUSTSTORM OR SANDSTORM:
VSBY 1/2 MILE OR LESS
8 = SMOKE OR HAZE
[NO. OF DAYS WITH] [WEATHER - DAYS WITH] 9 = BLOWING SNOW
X = TORNADO
MAX 32 OR BELOW: 0 0.01 INCH OR MORE: 4
MAX 90 OR ABOVE: 23 0.10 INCH OR MORE: 1
MIN 32 OR BELOW: 0 0.50 INCH OR MORE: 0
MIN 0 OR BELOW: 0 1.00 INCH OR MORE: 0
[HDD (BASE 65) ]
TOTAL THIS MO. 0 CLEAR (SCALE 0-3) 30
DPTR FM NORMAL 0 PTCLDY (SCALE 4-7) 0
TOTAL FM JUL 1 0 CLOUDY (SCALE 8-10) 0
DPTR FM NORMAL 0
[CDD (BASE 65) ]
TOTAL THIS MO. 508
DPTR FM NORMAL -113 [PRESSURE DATA]
TOTAL FM JAN 1 3109 HIGHEST SLP 30.02 ON 4
DPTR FM NORMAL 227 LOWEST SLP 29.68 ON 26
[REMARKS]
#FINAL-08-20#