000
CXUS53 KABR 011203
CF6PIR
PRELIMINARY LOCAL CLIMATOLOGICAL DATA (WS FORM: F-6)
STATION: PIERRE SD
MONTH: MARCH
YEAR: 2022
LATITUDE: 44 22 N
LONGITUDE: 100 17 W
TEMPERATURE IN F: :PCPN: SNOW: WIND :SUNSHINE: SKY :PK WND
================================================================================
1 2 3 4 5 6A 6B 7 8 9 10 11 12 13 14 15 16 17 18
12Z AVG MX 2MIN
DY MAX MIN AVG DEP HDD CDD WTR SNW DPTH SPD SPD DIR MIN PSBL S-S WX SPD DR
================================================================================
1 62 32 47 19 18 0 0.00 0.0 0 9.7 17 330 M M 6 24 340
2 48 23 36 8 29 0 T T 0 10.8 21 70 M M 4 29 70
3 34 17 26 -3 39 0 0.00 0.0 0 14.9 23 120 M M 8 29 140
4 40 25 33 4 32 0 0.00 0.0 0 13.6 28 130 M M 5 34 130
5 32 20 26 -4 39 0 0.28 2.8 0 17.3 32 350 M M 10 12 42 350
6 26 14 20 -10 45 0 0.00 0.0 3 16.1 28 320 M M 3 36 320
7 34 11 23 -7 42 0 0.00 0.0 3 11.9 18 230 M M 0 27 230
8 33 17 25 -6 40 0 T T 2 17.0 30 320 M M 6 1 37 330
9 23 5 14 -17 51 0 T T 1 10.6 23 330 M M 5 30 310
10 31 3 17 -15 48 0 0.00 0.0 1 14.0 29 320 M M 1 38 310
11 18 -1 9 -23 56 0 0.00 0.0 1 13.8 25 320 M M 0 34 310
12 56 0 28 -5 37 0 0.00 0.0 1 10.1 20 300 M M 4 25 290
13 57 21 39 6 26 0 0.00 0.0 0 12.7 24 120 M M 2 32 120
14 51 27 39 5 26 0 0.00 0.0 0 8.0 18 30 M M 4 26 70
15 73 26 50 16 15 0 0.00 0.0 0 7.4 18 250 M M 0 30 200
16 65 34 50 16 15 0 T 0.0 0 14.2 31 320 M M 1 38 310
17 59 25 42 7 23 0 0.00 0.0 0 7.9 17 300 M M 1 24 320
18 60 19 40 5 25 0 0.00 0.0 0 4.1 15 180 M M 0 19 180
19 63 32 48 12 17 0 0.00 0.0 0 8.8 15 120 M M 0 21 340
20 79 38 59 23 6 0 0.00 0.0 0 12.7 29 180 M M 0 37 170
21 55 25 40 4 25 0 0.00 0.0 0 22.0 38 340 M M 1 52 350
22 58 23 41 4 24 0 0.00 0.0 0 16.4 37 360 M M 1 46 360
23 53 25 39 2 26 0 0.00 0.0 0 18.9 35 360 M M 3 47 10
24 68 18 43 5 22 0 0.00 0.0 0 9.3 29 320 M M 0 37 330
25 54 28 41 3 24 0 0.00 0.0 0 18.6 36 330 M M 0 47 310
26 43 15 29 -9 36 0 0.00 0.0 0 7.2 14 60 M M 2 18 60
27 45 15 30 -9 35 0 0.00 0.0 0 15.6 24 120 M M 2 33 130
28 60 29 45 6 20 0 0.00 0.0 0 23.6 35 160 M M 0 45 150
29 52 32 42 2 23 0 0.08 0.2 0 19.3 33 340 M M 4 1 44 350
30 32 24 28 -12 37 0 0.16 1.1 1 21.5 36 330 M M 10 1 46 340
31 42 18 30 -10 35 0 0.00 0.0 1 7.2 14 330 M M 0 16 310
================================================================================
SM 1506 640 936 0 0.52 4.1 415.2 M 83
================================================================================
AV 48.6 20.6 13.4 FASTST M M 3 MAX(MPH)
MISC ----> 38 340 52 350
================================================================================
NOTES:
# LAST OF SEVERAL OCCURRENCES
COLUMN 17 PEAK WIND IN M.P.H.
PRELIMINARY LOCAL CLIMATOLOGICAL DATA (WS FORM: F-6) , PAGE 2
STATION: PIERRE SD
MONTH: MARCH
YEAR: 2022
LATITUDE: 44 22 N
LONGITUDE: 100 17 W
[TEMPERATURE DATA] [PRECIPITATION DATA] SYMBOLS USED IN COLUMN 16
AVERAGE MONTHLY: 34.6 TOTAL FOR MONTH: 0.52 1 = FOG OR MIST
DPTR FM NORMAL: 0.3 DPTR FM NORMAL: -0.44 2 = FOG REDUCING VISIBILITY
HIGHEST: 79 ON 20 GRTST 24HR 0.28 ON 5- 5 TO 1/4 MILE OR LESS
LOWEST: -1 ON 11 3 = THUNDER
SNOW, ICE PELLETS, HAIL 4 = ICE PELLETS
TOTAL MONTH: 4.1 INCHES 5 = HAIL
GRTST 24HR 2.8 ON 5- 5 6 = FREEZING RAIN OR DRIZZLE
GRTST DEPTH: 3 ON 7, 6 7 = DUSTSTORM OR SANDSTORM:
VSBY 1/2 MILE OR LESS
8 = SMOKE OR HAZE
[NO. OF DAYS WITH] [WEATHER - DAYS WITH] 9 = BLOWING SNOW
X = TORNADO
MAX 32 OR BELOW: 6 0.01 INCH OR MORE: 3
MAX 90 OR ABOVE: 0 0.10 INCH OR MORE: 2
MIN 32 OR BELOW: 29 0.50 INCH OR MORE: 0
MIN 0 OR BELOW: 2 1.00 INCH OR MORE: 0
[HDD (BASE 65) ]
TOTAL THIS MO. 936 CLEAR (SCALE 0-3) 20
DPTR FM NORMAL -16 PTCLDY (SCALE 4-7) 9
TOTAL FM JUL 1 5944 CLOUDY (SCALE 8-10) 2
DPTR FM NORMAL -511
[CDD (BASE 65) ]
TOTAL THIS MO. 0
DPTR FM NORMAL 0 [PRESSURE DATA]
TOTAL FM JAN 1 0 HIGHEST SLP 30.44 ON 11
DPTR FM NORMAL 0 LOWEST SLP 29.46 ON 29
[REMARKS]
#FINAL-03-22#