000
CXUS51 KPBZ 010730
CF6PIT
PRELIMINARY LOCAL CLIMATOLOGICAL DATA (WS FORM: F-6)
STATION: PITTSBURGH PA
MONTH: AUGUST
YEAR: 2020
LATITUDE: 40 30 N
LONGITUDE: 80 13 W
TEMPERATURE IN F: :PCPN: SNOW: WIND :SUNSHINE: SKY :PK WND
================================================================================
1 2 3 4 5 6A 6B 7 8 9 10 11 12 13 14 15 16 17 18
12Z AVG MX 2MIN
DY MAX MIN AVG DEP HDD CDD WTR SNW DPTH SPD SPD DIR MIN PSBL S-S WX SPD DR
================================================================================
1 79 68 74 2 0 9 0.61 0.0 0 4.6 14 30 M M 9 138 18 170
2 77 66 72 0 0 7 0.43 0.0 0 10.5 23 230 M M 9 13 35 230
3 82 63 73 1 0 8 0.00 0.0 0 5.2 17 340 M M 8 20 330
4 80 64 72 0 0 7 0.66 0.0 0 6.6 28 280 M M 8 13 35 290
5 77 60 69 -3 0 4 0.00 0.0 0 5.2 14 270 M M 6 1 17 270
6 82 60 71 -1 0 6 0.00 0.0 0 5.1 10 330 M M 6 13 100
7 83 62 73 1 0 8 0.00 0.0 0 7.1 14 330 M M 3 19 340
8 82 62 72 0 0 7 0.00 0.0 0 4.9 14 330 M M 3 17 270
9 86 59 73 1 0 8 0.00 0.0 0 3.4 13 260 M M 2 16 280
10 90 65 78 6 0 13 0.00 0.0 0 4.2 12 220 M M 4 14 240
11 87 68 78 6 0 13 0.01 0.0 0 6.9 15 210 M M 6 19 230
12 89 68 79 7 0 14 0.00 0.0 0 5.7 17 360 M M 8 24 10
13 92 69 81 9 0 16 T 0.0 0 5.3 17 80 M M 7 3 21 80
14 89 71 80 8 0 15 0.00 0.0 0 6.8 16 90 M M 7 20 90
15 76 63 70 -2 0 5 T 0.0 0 6.8 18 150 M M 8 25 150
16 81 59 70 -2 0 5 0.00 0.0 0 6.1 14 140 M M 4 20 150
17 83 63 73 1 0 8 0.00 0.0 0 4.6 16 290 M M 6 12 21 260
18 81 59 70 -2 0 5 0.00 0.0 0 6.7 18 320 M M 5 1 24 340
19 78 55 67 -4 0 2 0.00 0.0 0 8.6 16 360 M M 3 22 360
20 85 52 69 -2 0 4 0.00 0.0 0 2.4 12 230 M M 3 15 10
21 87 60 74 3 0 9 0.00 0.0 0 2.7 12 180 M M 8 25 220
22 90 63 77 6 0 12 T 0.0 0 4.5 29 130 M M 6 3 35 140
23 88 64 76 5 0 11 0.01 0.0 0 4.4 14 300 M M 6 3 20 220
24 89 67 78 7 0 13 0.05 0.0 0 6.8 17 290 M M 5 3 22 280
25 93 63 78 7 0 13 0.01 0.0 0 9.0 26 350 M M 5 3 33 10
26 86 57 72 2 0 7 0.00 0.0 0 5.7 15 230 M M 5 20 260
27 87 68 78 8 0 13 0.93 0.0 0 8.2 41 300 M M 7 13 51 290
28 82 68 75 5 0 10 2.85 0.0 0 6.6 30 360 M M 10 123 34 360
29 83 63 73 3 0 8 T 0.0 0 10.2 29 300 M M 8 34 310
30 76 57 67 -3 0 2 0.00 0.0 0 5.3 13 310 M M 5 16 330
31 75 58 67 -2 0 2 0.01 0.0 0 6.2 14 120 M M 8 1 16 130
================================================================================
SM 2595 1944 0 264 5.57 0.0 186.3 M 188
================================================================================
AV 83.7 62.7 6.0 FASTST M M 6 MAX(MPH)
MISC ----> 41 300 51 290
================================================================================
NOTES:
# LAST OF SEVERAL OCCURRENCES
COLUMN 17 PEAK WIND IN M.P.H.
PRELIMINARY LOCAL CLIMATOLOGICAL DATA (WS FORM: F-6) , PAGE 2
STATION: PITTSBURGH PA
MONTH: AUGUST
YEAR: 2020
LATITUDE: 40 30 N
LONGITUDE: 80 13 W
[TEMPERATURE DATA] [PRECIPITATION DATA] SYMBOLS USED IN COLUMN 16
AVERAGE MONTHLY: 73.2 TOTAL FOR MONTH: 5.57 1 = FOG OR MIST
DPTR FM NORMAL: 1.7 DPTR FM NORMAL: 2.09 2 = FOG REDUCING VISIBILITY
HIGHEST: 93 ON 25 GRTST 24HR 2.85 ON 28-28 TO 1/4 MILE OR LESS
LOWEST: 52 ON 20 3 = THUNDER
SNOW, ICE PELLETS, HAIL 4 = ICE PELLETS
TOTAL MONTH: 0.0 INCH 5 = HAIL
GRTST 24HR 0.0 6 = FREEZING RAIN OR DRIZZLE
GRTST DEPTH: 0 7 = DUSTSTORM OR SANDSTORM:
VSBY 1/2 MILE OR LESS
8 = SMOKE OR HAZE
[NO. OF DAYS WITH] [WEATHER - DAYS WITH] 9 = BLOWING SNOW
X = TORNADO
MAX 32 OR BELOW: 0 0.01 INCH OR MORE: 10
MAX 90 OR ABOVE: 4 0.10 INCH OR MORE: 5
MIN 32 OR BELOW: 0 0.50 INCH OR MORE: 4
MIN 0 OR BELOW: 0 1.00 INCH OR MORE: 1
[HDD (BASE 65) ]
TOTAL THIS MO. 0 CLEAR (SCALE 0-3) 3
DPTR FM NORMAL -9 PTCLDY (SCALE 4-7) 22
TOTAL FM JUL 1 0 CLOUDY (SCALE 8-10) 6
DPTR FM NORMAL -8
[CDD (BASE 65) ]
TOTAL THIS MO. 264
DPTR FM NORMAL 55 [PRESSURE DATA]
TOTAL FM JAN 1 891 HIGHEST SLP 30.21 ON 8
DPTR FM NORMAL 239 LOWEST SLP 29.62 ON 29
[REMARKS]
#FINAL-08-20#