000
CXUS51 KPBZ 011618
CLAPIT
CLIMATE REPORT
NATIONAL WEATHER SERVICE PITTSBURGH PA
1118 AM EST SUN JAN 01 2023
...................................
...THE PITTSBURGH PA CLIMATE SUMMARY FOR THE YEAR OF 2022...
CLIMATE NORMAL PERIOD 1991 TO 2020
CLIMATE RECORD PERIOD 1871 TO 2022
WEATHER OBSERVED NORMAL DEPART LAST YEAR`S
VALUE DATE(S) VALUE FROM VALUE DATE(S)
NORMAL
................................................................
TEMPERATURE (F)
RECORD
HIGH 103 07/16/1988
08/06/1918
07/10/1881
LOW -22 01/19/1994
HIGHEST 94 06/22 90 4 92 06/28
06/29
LOWEST -6 01/27 -3 -3 2 02/21
AVG. MAXIMUM 61.0 61.1 -0.1 62.3
AVG. MINIMUM 42.2 42.5 -0.3 44.1
MEAN 51.6 51.8 -0.2 53.2
DAYS MAX >= 90 4 10.1 -6.1 5
DAYS MAX <= 32 39 31.7 7.3 26
DAYS MIN <= 32 113 113.6 -0.6 109
DAYS MIN <= 0 5 2.1 2.9 0
PRECIPITATION (INCHES)
RECORD
MAXIMUM 57.83 2018
MINIMUM 22.65 1930
TOTALS 42.58 39.61 2.97 40.53
DAILY AVG. 0.12 0.11 0.01 0.11
DAYS >= .01 147 153.7 -6.7 147
DAYS >= .10 80 85.9 -5.9 70
DAYS >= .50 25 25.2 -0.2 18
DAYS >= 1.00 7 6.3 0.7 7
DAYS >= %-5.2F 1 2
GREATEST
24 HR. TOTAL 2.36 11/11 TO 11/11
STORM TOTAL 2.36
(MM/DD(HH))
SNOWFALL (INCHES)
TOTALS 49.2 44.1 5.1 31.2
SINCE 7/1 3.3 10.5 -7.2 MM
SNOWDEPTH AVG. 0 0
DAYS >= TRACE 65 40.2 24.8 65
DAYS >= 1.0 12 14.5 -2.5 10
GREATEST
24 HR TOTAL 8.0 03/12 TO 03/12 4.5
STORM TOTAL 9.7
(MM/DD(HH))
DEGREE DAYS
HEATING TOTAL 5648 5572 76 5138
SINCE 7/1 1149 2111 -962 MM
COOLING TOTAL 851 797 54 967
SINCE 1/1 852 797 55 MM
FREEZE DATES
RECORD
EARLIEST MM
LATEST MM
EARLIEST 10/29
LATEST 04/29
................................................................
WIND (MPH)
AVERAGE WIND SPEED 7.3
HIGHEST WIND SPEED/DIRECTION 49/290 DATE 03/07
HIGHEST GUST SPEED/DIRECTION 62/290 DATE 03/07
AVERAGE RH (PERCENT) 67
WEATHER CONDITIONS. NUMBER OF DAYS WITH
THUNDERSTORM 43 MIXED PRECIP 1
HEAVY RAIN 14 RAIN 46
LIGHT RAIN 160 FREEZING RAIN 0
LT FREEZING RAIN 7 HAIL 1
HEAVY SNOW 4 SNOW 14
LIGHT SNOW 71 SLEET 8
FOG 161 FOG W/VIS <= 1/4 MILE 7
HAZE 21
- INDICATES NEGATIVE NUMBERS.
R INDICATES RECORD WAS SET OR TIED.
MM INDICATES DATA IS MISSING.
T INDICATES TRACE AMOUNT.
$$