000
CXUS51 KRLX 011924
CF6PKB
PRELIMINARY LOCAL CLIMATOLOGICAL DATA (WS FORM: F-6)
STATION: PARKERSBURG WV
MONTH: JUNE
YEAR: 2022
LATITUDE: 39 20 N
LONGITUDE: 81 26 W
TEMPERATURE IN F: :PCPN: SNOW: WIND :SUNSHINE: SKY :PK WND
================================================================================
1 2 3 4 5 6A 6B 7 8 9 10 11 12 13 14 15 16 17 18
12Z AVG MX 2MIN
DY MAX MIN AVG DEP HDD CDD WTR SNW DPTH SPD SPD DIR MIN PSBL S-S WX SPD DR
================================================================================
1 89 64 77 10 0 12 0.00 M M 4.2 14 220 M M 2 1 19 270
2 78 59 69 1 0 4 0.67 M M 3.7 24 310 M M 7 138 32 310
3 78 55 67 -1 0 2 0.00 M M 2.4 13 310 M M 3 12 18 310
4 81 49 65 -3 0 0 0.00 M M 1.9 9 310 M M 0 15 320
5 83 50 67 -1 0 2 0.00 M M 1.9 10 150 M M 0 14 100
6 85 56 71 2 0 6 0.26 M M 5.5 29 300 M M 3 1 39 300
7 77 64 71 2 0 6 0.39 M M 5.1 15 210 M M 8 1 21 200
8 84 62 73 4 0 8 0.17 M M 3.2 30 260 M M 6 138 40 260
9 73 56 65 -4 0 0 0.00 M M 5.0 14 300 M M 6 19 290
10 75 53 64 -6 1 0 0.04 M M 1.0 8 230 M M 3 12 200
11 75 56 66 -4 0 1 0.15 M M 3.1 8 60 M M 5 1 11 90
12 83 62 73 3 0 8 0.08 M M 4.5 12 220 M M 6 1 16 200
13 90 67 79 9 0 14 0.04 M M 3.5 33 210 M M 4 13 43 210
14 83 68 76 5 0 11 0.05 M M 3.5 25 320 M M 6 13 36 310
15 93 70 82 11 0 17 0.00 M M 3.4 9 200 M M 2 12 13 250
16 92 67 80 9 0 15 0.32 M M 7.1 22 40 M M 2 13 31 40
17 88 67 78 6 0 13 0.00 M M 7.6 17 310 M M 1 3 25 290
18 75 52 64 -8 1 0 0.00 M M 9.0 16 20 M M 1 24 310
19 76 43 60 -12 5 0 0.00 M M 2.5 12 310 M M 0 16 320
20 78 53 66 -6 0 1 0.00 M M 1.9 8 190 M M 3 12 190
21 90 57 74 2 0 9 0.00 M M 4.1 12 240 M M 0 1 17 220
22 93 67 80 7 0 15 0.76 M M 4.5 26 300 M M 3 13 44 290
23 86 60 73 0 0 8 0.00 M M 3.2 12 310 M M 3 1 18 310
24 85 55 70 -3 0 5 0.00 M M 1.2 8 340 M M 0 1 11 320
25 90 57 74 1 0 9 0.00 M M 1.0 8 190 M M 2 12 14 150
26 82 71 77 3 0 12 0.19 M M 5.2 14 210 M M 5 13 20 320
27 79 61 70 -4 0 5 0.15 M M 5.2 12 300 M M 5 1 18 300
28 79 53 66 -8 0 1 0.00 M M 1.5 8 280 M M 0 10 270
29 83 53 68 -6 0 3 0.00 M M 1.4 8 320 M M 2 12 11 310
30 88 54 71 -3 0 6 0.00 M M 1.9 9 200 M M 0 1 13 170
================================================================================
SM 2491 1761 7 193 3.27 M 109.2 M 88
================================================================================
AV 83.0 58.7 3.6 FASTST M M 3 MAX(MPH)
MISC ----> 33 210 44 290
================================================================================
NOTES:
# LAST OF SEVERAL OCCURRENCES
COLUMN 17 PEAK WIND IN M.P.H.
PRELIMINARY LOCAL CLIMATOLOGICAL DATA (WS FORM: F-6) , PAGE 2
STATION: PARKERSBURG WV
MONTH: JUNE
YEAR: 2022
LATITUDE: 39 20 N
LONGITUDE: 81 26 W
[TEMPERATURE DATA] [PRECIPITATION DATA] SYMBOLS USED IN COLUMN 16
AVERAGE MONTHLY: 70.9 TOTAL FOR MONTH: 3.27 1 = FOG OR MIST
DPTR FM NORMAL: -0.1 DPTR FM NORMAL: -1.17 2 = FOG REDUCING VISIBILITY
HIGHEST: 93 ON 22,15 GRTST 24HR 0.76 ON 22-22 TO 1/4 MILE OR LESS
LOWEST: 43 ON 19 3 = THUNDER
SNOW, ICE PELLETS, HAIL 4 = ICE PELLETS
TOTAL MONTH: M 5 = HAIL
GRTST 24HR M ON M 6 = FREEZING RAIN OR DRIZZLE
GRTST DEPTH: M ON M 7 = DUSTSTORM OR SANDSTORM:
VSBY 1/2 MILE OR LESS
8 = SMOKE OR HAZE
[NO. OF DAYS WITH] [WEATHER - DAYS WITH] 9 = BLOWING SNOW
X = TORNADO
MAX 32 OR BELOW: 0 0.01 INCH OR MORE: 13
MAX 90 OR ABOVE: 6 0.10 INCH OR MORE: 9
MIN 32 OR BELOW: 0 0.50 INCH OR MORE: 2
MIN 0 OR BELOW: 0 1.00 INCH OR MORE: 0
[HDD (BASE 65) ]
TOTAL THIS MO. 7 CLEAR (SCALE 0-3) 18
DPTR FM NORMAL -10 PTCLDY (SCALE 4-7) 12
TOTAL FM JUL 1 4485 CLOUDY (SCALE 8-10) 0
DPTR FM NORMAL -399
[CDD (BASE 65) ]
TOTAL THIS MO. 193
DPTR FM NORMAL -3 [PRESSURE DATA]
TOTAL FM JAN 1 300 HIGHEST SLP 30.29 ON 19
DPTR FM NORMAL 7 LOWEST SLP 29.66 ON 8
[REMARKS]
#FINAL-06-22#