000
CXUS53 KAPX 011250
CF6PLN
PRELIMINARY LOCAL CLIMATOLOGICAL DATA (WS FORM: F-6)
STATION: PELLSTON
MONTH: NOVEMBER
YEAR: 2020
LATITUDE: 45 34 N
LONGITUDE: 84 48 W
TEMPERATURE IN F: :PCPN: SNOW: WIND :SUNSHINE: SKY :PK WND
================================================================================
1 2 3 4 5 6A 6B 7 8 9 10 11 12 13 14 15 16 17 18
12Z AVG MX 2MIN
DY MAX MIN AVG DEP HDD CDD WTR SNW DPTH SPD SPD DIR MIN PSBL S-S WX SPD DR
================================================================================
1 48 31 40 0 25 0 0.35 M M 20.6 38 330 M M 9 1 54 300
2 47 25 36 -3 29 0 0.00 M M 10.5 26 240 M M 5 43 250
3 59 33 46 7 19 0 0.00 M M 4.8 15 230 M M 2 26 200
4 68 51 60 22 5 0 0.00 M M 6.9 17 220 M M 0 28 260
5 61 33 47 9 18 0 0.00 M M 5.2 15 280 M M 1 1 21 280
6 73 32 53 15 12 0 0.00 M M 9.4 23 260 M M 0 1 37 270
7 72 61 67 29 0 2 0.00 M M 11.1 21 220 M M 0 33 260
8 73 44 59 22 6 0 0.00 M M 6.6 18 230 M M 3 25 230
9 78 62 70 33 0 5 T M M 10.3 18 210 M M 3 30 230
10 69 42 56 20 9 0 1.05 M M 8.1 20 300 M M 9 1 26 300
11 58 32 45 9 20 0 T M M 12.6 33 250 M M 8 55 240
12 52 29 41 5 24 0 0.00 M M 5.2 15 250 M M 0 24 200
13 43 29 36 0 29 0 0.12 M M 6.7 23 330 M M 9 1 35 300
14 44 27 36 1 29 0 0.01 M M 9.4 21 160 M M 5 33 170
15 50 37 44 9 21 0 0.80 M M 14.9 30 290 M M 10 1 46 290
16 37 32 35 1 30 0 T M M 13.9 26 290 M M 10 1 38 280
17 32 28 30 -4 35 0 0.01 M M 14.8 26 320 M M 10 8 37 320
18 43 22 33 -1 32 0 0.00 M M 7.1 14 200 M M 3 22 220
19 58 42 50 17 15 0 0.00 M M 8.3 20 250 M M 0 31 230
20 52 30 41 8 24 0 0.01 M M 10.5 22 280 M M 7 12 32 300
21 38 19 29 -3 36 0 0.00 M M 6.0 18 330 M M 7 24 330
22 42 14 28 -4 37 0 T M M 3.3 10 150 M M 3 15 140
23 36 27 32 0 33 0 0.01 M M 11.3 25 320 M M 10 1 39 320
24 34 25 30 -1 35 0 0.06 M M 7.9 15 140 M M 10 1 22 160
25 45 30 38 7 27 0 0.01 M M 4.2 13 70 M M 7 1 16 60
26 45 37 41 10 24 0 T M M 6.6 15 250 M M 10 1 31 250
27 41 34 38 8 27 0 0.02 M M 5.8 15 250 M M 10 1 22 220
28 51 32 42 12 23 0 0.00 M M 9.2 23 250 M M 2 40 230
29 48 33 41 12 24 0 0.00 M M 8.5 20 300 M M 5 33 310
30 35 25 30 1 35 0 0.00 M M 15.7 22 10 M M 9 35 310
================================================================================
SM 1532 998 683 7 2.45 M 275.4 M 167
================================================================================
AV 51.1 33.3 9.2 FASTST M M 6 MAX(MPH)
MISC ----> 38 330 55 240
================================================================================
NOTES:
# LAST OF SEVERAL OCCURRENCES
COLUMN 17 PEAK WIND IN M.P.H.
PRELIMINARY LOCAL CLIMATOLOGICAL DATA (WS FORM: F-6) , PAGE 2
STATION: PELLSTON
MONTH: NOVEMBER
YEAR: 2020
LATITUDE: 45 34 N
LONGITUDE: 84 48 W
[TEMPERATURE DATA] [PRECIPITATION DATA] SYMBOLS USED IN COLUMN 16
AVERAGE MONTHLY: 42.2 TOTAL FOR MONTH: 2.45 1 = FOG OR MIST
DPTR FM NORMAL: 7.7 DPTR FM NORMAL: -0.30 2 = FOG REDUCING VISIBILITY
HIGHEST: 78 ON 9 GRTST 24HR 1.05 ON 10-10 TO 1/4 MILE OR LESS
LOWEST: 14 ON 22 3 = THUNDER
SNOW, ICE PELLETS, HAIL 4 = ICE PELLETS
TOTAL MONTH: M 5 = HAIL
GRTST 24HR M ON M 6 = FREEZING RAIN OR DRIZZLE
GRTST DEPTH: M ON M 7 = DUSTSTORM OR SANDSTORM:
VSBY 1/2 MILE OR LESS
8 = SMOKE OR HAZE
[NO. OF DAYS WITH] [WEATHER - DAYS WITH] 9 = BLOWING SNOW
X = TORNADO
MAX 32 OR BELOW: 1 0.01 INCH OR MORE: 11
MAX 90 OR ABOVE: 0 0.10 INCH OR MORE: 4
MIN 32 OR BELOW: 18 0.50 INCH OR MORE: 2
MIN 0 OR BELOW: 0 1.00 INCH OR MORE: 1
[HDD (BASE 65) ]
TOTAL THIS MO. 683 CLEAR (SCALE 0-3) 10
DPTR FM NORMAL -234 PTCLDY (SCALE 4-7) 9
TOTAL FM JUL 1 1722 CLOUDY (SCALE 8-10) 11
DPTR FM NORMAL -274
[CDD (BASE 65) ]
TOTAL THIS MO. 7
DPTR FM NORMAL 7 [PRESSURE DATA]
TOTAL FM JAN 1 360 HIGHEST SLP 30.57 ON 21
DPTR FM NORMAL 140 LOWEST SLP 28.97 ON 15
[REMARKS]
#FINAL-11-20#