139
CXUS56 KLOX 011655
CF6PMD
PRELIMINARY LOCAL CLIMATOLOGICAL DATA (WS FORM: F-6)
STATION: PALMDALE AIRPORT CA
MONTH: JULY
YEAR: 2020
LATITUDE: 34 37 N
LONGITUDE: 118 5 W
TEMPERATURE IN F: :PCPN: SNOW: WIND :SUNSHINE: SKY :PK WND
================================================================================
1 2 3 4 5 6A 6B 7 8 9 10 11 12 13 14 15 16 17 18
12Z AVG MX 2MIN
DY MAX MIN AVG DEP HDD CDD WTR SNW DPTH SPD SPD DIR MIN PSBL S-S WX SPD DR
================================================================================
1 90 65 78 -1 0 13 0.00 0.0 0 13.7 25 210 M M 0 32 210
2 90 57 74 -5 0 9 0.00 0.0 0 8.9 23 220 M M 0 29 220
3 93 56 75 -4 0 10 0.00 0.0 0 9.8 23 210 M M 0 30 220
4 97 62 80 1 0 15 0.00 0.0 0 11.2 23 230 M M 0 27 240
5 100 61 81 1 0 16 0.00 0.0 0 10.2 21 230 M M 1 25 230
6 97 63 80 0 0 15 0.00 0.0 0 11.9 24 240 M M 0 30 240
7 94 63 79 -1 0 14 0.00 0.0 0 12.8 23 230 M M 0 30 220
8 95 67 81 1 0 16 0.00 0.0 0 13.8 22 230 M M 0 30 230
9 99 66 83 3 0 18 0.00 0.0 0 11.6 23 230 M M 0 28 230
10 102 66 84 4 0 19 0.00 0.0 0 7.3 23 230 M M 0 26 230
11 105 71 88 7 0 23 0.00 0.0 0 11.6 21 230 M M 0 24 230
12 107 76 92 11 0 27 0.00 0.0 0 12.5 24 210 M M 0 30 220
13 100 73 87 6 0 22 0.00 0.0 0 13.9 26 190 M M 0 33 200
14 94 67 81 0 0 16 0.00 0.0 0 16.6 29 220 M M 0 36 210
15 95 70 83 2 0 18 0.00 0.0 0 10.8 23 200 M M 0 30 200
16 99 65 82 0 0 17 0.00 0.0 0 8.0 22 220 M M 0 29 220
17 97 65 81 -1 0 16 0.00 0.0 0 8.4 22 220 M M 0 28 230
18 101 65 83 1 0 18 0.00 0.0 0 11.0 24 210 M M 0 29 210
19 98 73 86 4 0 21 0.00 0.0 0 16.2 29 210 M M 0 34 210
20 100 68 84 2 0 19 0.00 0.0 0 10.5 24 260 M M 0 31 260
21 100 65 83 1 0 18 0.00 0.0 0 11.4 28 230 M M 0 33 230
22 94 67 81 -1 0 16 0.00 0.0 0 12.9 25 220 M M 0 35 200
23 93 59 76 -6 0 11 0.00 0.0 0 10.6 25 210 M M 0 31 200
24 95 63 79 -3 0 14 0.00 0.0 0 9.8 23 250 M M 0 28 240
25 98 66 82 0 0 17 0.00 0.0 0 8.3 21 240 M M 0 27 240
26 99 61 80 -2 0 15 0.00 0.0 0 9.3 23 230 M M 0 28 250
27 99 67 83 0 0 18 0.00 0.0 0 10.4 26 230 M M 0 31 230
28 101 65 83 0 0 18 0.00 0.0 0 10.0 25 220 M M 0 30 220
29 103 67 85 2 0 20 0.00 0.0 0 9.2 25 230 M M 0 30 230
30 103 60 82 -1 0 17 0.00 0.0 0 9.4 25 250 M M 0 29 240
31 105 68 87 4 0 22 0.00 0.0 0 9.1 23 220 M M 0 30 210
================================================================================
SM 3043 2027 0 528 0.00 0.0 341.1 M 1
================================================================================
AV 98.2 65.4 11.0 FASTST M M 0 MAX(MPH)
MISC ----> # 29 220 # 36 210
================================================================================
NOTES:
# LAST OF SEVERAL OCCURRENCES
COLUMN 17 PEAK WIND IN M.P.H.
PRELIMINARY LOCAL CLIMATOLOGICAL DATA (WS FORM: F-6) , PAGE 2
STATION: PALMDALE AIRPORT CA
MONTH: JULY
YEAR: 2020
LATITUDE: 34 37 N
LONGITUDE: 118 5 W
[TEMPERATURE DATA] [PRECIPITATION DATA] SYMBOLS USED IN COLUMN 16
AVERAGE MONTHLY: 81.8 TOTAL FOR MONTH: 0.00 1 = FOG OR MIST
DPTR FM NORMAL: 0.6 DPTR FM NORMAL: -0.10 2 = FOG REDUCING VISIBILITY
HIGHEST: 107 ON 12 GRTST 24HR 0.00 ON 31-31 TO 1/4 MILE OR LESS
LOWEST: 56 ON 3 3 = THUNDER
SNOW, ICE PELLETS, HAIL 4 = ICE PELLETS
TOTAL MONTH: 0.0 INCH 5 = HAIL
GRTST 24HR 0.0 6 = FREEZING RAIN OR DRIZZLE
GRTST DEPTH: 0 7 = DUSTSTORM OR SANDSTORM:
VSBY 1/2 MILE OR LESS
8 = SMOKE OR HAZE
[NO. OF DAYS WITH] [WEATHER - DAYS WITH] 9 = BLOWING SNOW
X = TORNADO
MAX 32 OR BELOW: 0 0.01 INCH OR MORE: 0
MAX 90 OR ABOVE: 31 0.10 INCH OR MORE: 0
MIN 32 OR BELOW: 0 0.50 INCH OR MORE: 0
MIN 0 OR BELOW: 0 1.00 INCH OR MORE: 0
[HDD (BASE 65) ]
TOTAL THIS MO. 0 CLEAR (SCALE 0-3) 31
DPTR FM NORMAL 0 PTCLDY (SCALE 4-7) 0
TOTAL FM JUL 1 0 CLOUDY (SCALE 8-10) 0
DPTR FM NORMAL 0
[CDD (BASE 65) ]
TOTAL THIS MO. 528
DPTR FM NORMAL 26 [PRESSURE DATA]
TOTAL FM JAN 1 1088 HIGHEST SLP M ON M
DPTR FM NORMAL 110 LOWEST SLP 29.75 ON 21
[REMARKS]
#FINAL-07-20#