000
CXUS54 KOUN 010810
CF6PNC
PRELIMINARY LOCAL CLIMATOLOGICAL DATA (WS FORM: F-6)
STATION: PONCA CITY
MONTH: MARCH
YEAR: 2022
LATITUDE: 36 44 N
LONGITUDE: 97 6 W
TEMPERATURE IN F: :PCPN: SNOW: WIND :SUNSHINE: SKY :PK WND
================================================================================
1 2 3 4 5 6A 6B 7 8 9 10 11 12 13 14 15 16 17 18
12Z AVG MX 2MIN
DY MAX MIN AVG DEP HDD CDD WTR SNW DPTH SPD SPD DIR MIN PSBL S-S WX SPD DR
================================================================================
1 65 23 44 0 21 0 0.00 0.0 0 3.1 7 220 M M 0 M M
2 81 29 55 10 10 0 0.00 0.0 0 5.0 13 210 M M 0 18 220
3 82 31 57 12 8 0 0.00 M M 5.8 17 160 M M 0 25 170
4 78 55 67 22 0 2 0.00 M M 13.5 23 170 M M 0 33 160
5 82 37 60 14 5 0 0.00 M M 15.6 30 210 M M 2 49 210
6 42 28 35 -11 30 0 0.20 M M 12.9 23 20 M M 6 1 29 340
7 41 24 33 -13 32 0 0.00 0.0 M 10.8 21 360 M M 4 28 320
8 47 20 34 -13 31 0 0.00 0.0 M 2.1 12 30 M M 1 14 30
9 54 20 37 -10 28 0 0.00 0.0 M 4.3 15 80 M M 1 19 80
10 39 25 32 -16 33 0 T M M 15.4 23 20 M M 9 28 10
11 40 20 30 -18 35 0 M M M 8.6 21 360 M M 4 1 27 360
12 58 16 37 -11 28 0 0.00 M M 8.2 23 210 M M 0 31 210
13 71 41 56 7 9 0 0.00 M M 13.1 24 170 M M 0 34 190
14 66 47 57 8 8 0 0.00 0.0 0 15.3 26 160 M M 4 35 170
15 68 38 53 4 12 0 0.00 0.0 0 6.5 20 360 M M 2 26 360
16 80 34 57 7 8 0 0.00 M M 12.3 25 160 M M 0 35 160
17 75 46 61 11 4 0 1.42 M M 12.8 38 360 M M 3 1 44 360
18 56 34 45 -5 20 0 0.25 M M 15.6 29 340 M M 6 1 40 320
19 74 30 52 1 13 0 0.00 M M 4.7 16 260 M M 0 22 290
20 80 39 60 9 5 0 0.00 M M 12.5 24 160 M M 0 32 200
21 62 49 56 5 9 0 1.65 M M 14.4 28 150 M M 8 1 34 150
22 50 40 45 -7 20 0 0.13 M M 12.8 30 350 M M 10 1 38 350
23 45 37 41 -11 24 0 0.00 M M 11.0 29 330 M M 6 39 350
24 58 36 47 -5 18 0 0.00 M M 7.0 18 330 M M 3 26 330
25 65 29 47 -5 18 0 0.00 M M 6.2 23 30 M M 0 29 30
26 69 33 51 -2 14 0 0.00 M M 4.4 17 80 M M 0 21 70
27 65 44 55 2 10 0 0.00 M M 16.4 26 70 M M 0 33 70
28 79 42 61 8 4 0 0.00 M M 12.4 22 150 M M 0 26 150
29 82 59 71 17 0 6 0.76 M M 17.7 30 160 M M 1 40 170
30 66 36 51 -3 14 0 0.01 M M 15.1 29 330 M M 7 38 350
31 50 33 42 -12 23 0 T M M 7.7 18 330 M M 4 18 23 320
================================================================================
SM 1970 1075 494 8 4.42 0.0 323.2 M 81
================================================================================
AV 63.5 34.7 10.4 FASTST M M 3 MAX(MPH)
MISC ----> 38 360 49 210
================================================================================
NOTES:
# LAST OF SEVERAL OCCURRENCES
COLUMN 17 PEAK WIND IN M.P.H.
PRELIMINARY LOCAL CLIMATOLOGICAL DATA (WS FORM: F-6) , PAGE 2
STATION: PONCA CITY
MONTH: MARCH
YEAR: 2022
LATITUDE: 36 44 N
LONGITUDE: 97 6 W
[TEMPERATURE DATA] [PRECIPITATION DATA] SYMBOLS USED IN COLUMN 16
AVERAGE MONTHLY: 49.1 TOTAL FOR MONTH: 4.42 1 = FOG OR MIST
DPTR FM NORMAL: -0.4 DPTR FM NORMAL: 2.25 2 = FOG REDUCING VISIBILITY
HIGHEST: 82 ON 29, 5 GRTST 24HR 1.67 ON 17-18 TO 1/4 MILE OR LESS
LOWEST: 16 ON 12 3 = THUNDER
SNOW, ICE PELLETS, HAIL 4 = ICE PELLETS
TOTAL MONTH: 0.0 INCH 5 = HAIL
GRTST 24HR 0.0 6 = FREEZING RAIN OR DRIZZLE
GRTST DEPTH: 0 7 = DUSTSTORM OR SANDSTORM:
VSBY 1/2 MILE OR LESS
8 = SMOKE OR HAZE
[NO. OF DAYS WITH] [WEATHER - DAYS WITH] 9 = BLOWING SNOW
X = TORNADO
MAX 32 OR BELOW: 0 0.01 INCH OR MORE: 7
MAX 90 OR ABOVE: 0 0.10 INCH OR MORE: 6
MIN 32 OR BELOW: 12 0.50 INCH OR MORE: 3
MIN 0 OR BELOW: 0 1.00 INCH OR MORE: 2
[HDD (BASE 65) ]
TOTAL THIS MO. 494 CLEAR (SCALE 0-3) 20
DPTR FM NORMAL 4 PTCLDY (SCALE 4-7) 9
TOTAL FM JUL 1 3262 CLOUDY (SCALE 8-10) 2
DPTR FM NORMAL -397
[CDD (BASE 65) ]
TOTAL THIS MO. 8
DPTR FM NORMAL -1 [PRESSURE DATA]
TOTAL FM JAN 1 8 HIGHEST SLP M ON M
DPTR FM NORMAL -2 LOWEST SLP 29.28 ON 29
[REMARKS]
#FINAL-03-22#