000
CXUS54 KMOB 010737
CF6PNS
PRELIMINARY LOCAL CLIMATOLOGICAL DATA (WS FORM: F-6)
STATION: PENSACOLA
MONTH: JANUARY
YEAR: 2024
LATITUDE: 30 28 N
LONGITUDE: 87 12 W
TEMPERATURE IN F: :PCPN: SNOW: WIND :SUNSHINE: SKY :PK WND
================================================================================
1 2 3 4 5 6A 6B 7 8 9 10 11 12 13 14 15 16 17 18
12Z AVG MX 2MIN
DY MAX MIN AVG DEP HDD CDD WTR SNW DPTH SPD SPD DIR MIN PSBL S-S WX SPD DR
================================================================================
1 71 44 58 5 7 0 0.00 0.0 0 8.4 20 310 M M 1 18 26 350
2 59 34 47 -6 18 0 0.00 0.0 0 6.0 15 10 M M 0 8 23 10
3 49 42 46 -7 19 0 0.50 0.0 0 8.2 21 100 M M 7 1 26 100
4 59 38 49 -4 16 0 0.00 0.0 0 7.8 14 350 M M 0 19 360
5 60 41 51 -2 14 0 1.13 0.0 0 15.0 29 120 M M 4 1 40 140
6 66 44 55 2 10 0 0.01 0.0 0 9.5 23 100 M M 3 28 100
7 59 39 49 -4 16 0 0.00 0.0 0 6.7 16 330 M M 1 22 340
8 67 48 58 5 7 0 0.05 0.0 0 18.2 31 120 M M 6 13 47 110
9 72 43 58 5 7 0 2.92 0.0 0 17.6 44 180 M M 5 123 62 180
10 57 38 48 -5 17 0 0.00 0.0 0 6.1 16 170 M M 0 20 180
11 66 46 56 3 9 0 0.00 0.0 0 8.4 20 110 M M 2 26 120
12 73 51 62 9 3 0 0.13 0.0 0 17.1 33 230 M M 7 13 47 250
13 54 36 45 -8 20 0 0.00 0.0 0 7.8 24 320 M M 0 37 320
14 60 34 47 -6 18 0 0.00 0.0 0 3.8 8 160 M M 0 13 150
15 64 40 52 -1 13 0 T 0.0 0 5.9 13 130 M M 4 17 150
16 59 24 42 -11 23 0 0.19 T 0 17.0 29 340 M M 5 16 41 350
17 44 20 32 -21 33 0 0.00 0.0 0 7.2 15 10 M M 0 22 10
18 63 30 47 -6 18 0 0.09 0.0 0 8.6 17 110 M M 6 1 24 200
19 63 36 50 -3 15 0 0.15 0.0 0 14.6 25 350 M M 3 1 33 350
20 44 28 36 -17 29 0 0.00 0.0 0 13.0 21 340 M M 0 28 350
21 47 25 36 -17 29 0 0.00 0.0 0 7.3 14 30 M M 0 21 40
22 57 37 47 -6 18 0 0.00 0.0 0 10.4 17 100 M M 6 23 100
23 63 55 59 6 6 0 0.06 0.0 0 13.7 20 110 M M 9 1 28 100
24 65 60 63 10 2 0 T 0.0 0 13.4 18 120 M M 10 1 26 120
25 73 62 68 15 0 3 0.30 0.0 0 12.5 30 300 M M 10 1238 43 310
26 71 60 66 12 0 1 0.01 0.0 0 5.6 23 200 M M 2 1 36 190
27 68 54 61 7 4 0 0.75 0.0 0 9.6 21 250 M M 7 123 28 300
28 62 44 53 -1 12 0 0.00 0.0 0 11.6 21 330 M M 4 29 310
29 62 39 51 -3 14 0 0.00 0.0 0 9.5 18 350 M M 1 25 350
30 62 35 49 -5 16 0 0.00 0.0 0 6.4 14 200 M M 0 17 220
31 68 44 56 2 9 0 0.00 0.0 0 9.1 18 330 M M 0 27 310
================================================================================
SM 1907 1271 422 4 6.29 T 316.0 M 103
================================================================================
AV 61.5 41.0 10.2 FASTST M M 3 MAX(MPH)
MISC ----> 44 180 62 180
================================================================================
NOTES:
# LAST OF SEVERAL OCCURRENCES
COLUMN 17 PEAK WIND IN M.P.H.
PRELIMINARY LOCAL CLIMATOLOGICAL DATA (WS FORM: F-6) , PAGE 2
STATION: PENSACOLA
MONTH: JANUARY
YEAR: 2024
LATITUDE: 30 28 N
LONGITUDE: 87 12 W
[TEMPERATURE DATA] [PRECIPITATION DATA] SYMBOLS USED IN COLUMN 16
AVERAGE MONTHLY: 51.3 TOTAL FOR MONTH: 6.29 1 = FOG OR MIST
DPTR FM NORMAL: -1.9 DPTR FM NORMAL: 1.26 2 = FOG REDUCING VISIBILITY
HIGHEST: 73 ON 25,12 GRTST 24HR 2.92 ON 9- 9 TO 1/4 MILE OR LESS
LOWEST: 20 ON 17 3 = THUNDER
SNOW, ICE PELLETS, HAIL 4 = ICE PELLETS
TOTAL MONTH: T 5 = HAIL
GRTST 24HR T ON 16-16 6 = FREEZING RAIN OR DRIZZLE
GRTST DEPTH: 0 7 = DUSTSTORM OR SANDSTORM:
VSBY 1/2 MILE OR LESS
8 = SMOKE OR HAZE
[NO. OF DAYS WITH] [WEATHER - DAYS WITH] 9 = BLOWING SNOW
X = TORNADO
MAX 32 OR BELOW: 0 0.01 INCH OR MORE: 13
MAX 90 OR ABOVE: 0 0.10 INCH OR MORE: 8
MIN 32 OR BELOW: 5 0.50 INCH OR MORE: 4
MIN 0 OR BELOW: 0 1.00 INCH OR MORE: 2
[HDD (BASE 65) ]
TOTAL THIS MO. 422 CLEAR (SCALE 0-3) 16
DPTR FM NORMAL 45 PTCLDY (SCALE 4-7) 12
TOTAL FM JUL 1 857 CLOUDY (SCALE 8-10) 3
DPTR FM NORMAL -16
[CDD (BASE 65) ]
TOTAL THIS MO. 4
DPTR FM NORMAL -7 [PRESSURE DATA]
TOTAL FM JAN 1 4 HIGHEST SLP M ON M
DPTR FM NORMAL -7 LOWEST SLP 29.47 ON 9
[REMARKS]
#FINAL-01-24#