000
CXUS55 KPAH 021155
CF6POF
PRELIMINARY LOCAL CLIMATOLOGICAL DATA (WS FORM: F-6)
STATION: POPLAR BLUFF MO
MONTH: JANUARY
YEAR: 2021
LATITUDE: 36 46 N
LONGITUDE: 90 19 W
TEMPERATURE IN F: :PCPN: SNOW: WIND :SUNSHINE: SKY :PK WND
================================================================================
1 2 3 4 5 6A 6B 7 8 9 10 11 12 13 14 15 16 17 18
12Z AVG MX 2MIN
DY MAX MIN AVG DEP HDD CDD WTR SNW DPTH SPD SPD DIR MIN PSBL S-S WX SPD DR
================================================================================
1 46 32 39 4 26 0 0.85 M M 10.8 21 220 M M 10 1 31 30
2 39 33 36 1 29 0 0.02 M M 3.8 10 280 M M 10 1 14 230
3 42 29 36 1 29 0 0.00 M M 5.1 10 230 M M 4 1 15 230
4 51 28 40 5 25 0 0.00 M M 2.0 17 320 M M 2 18 27 330
5 50 29 40 5 25 0 0.00 M M 3.4 15 340 M M 0 18 22 340
6 46 29 38 3 27 0 0.00 M M 7.2 13 50 M M 2 1 20 50
7 39 33 36 1 29 0 0.20 M M 13.8 28 20 M M 10 18 37 10
8 38 31 35 0 30 0 0.00 M M 9.4 17 340 M M 9 22 340
9 36 32 34 -1 31 0 0.00 M M 6.4 13 10 M M 10 17 340
10 32 30 31 -4 34 0 0.00 M M 5.3 12 10 M M 10 15 360
11 34 24 29 -6 36 0 0.00 M M 4.8 13 10 M M 6 17 360
12 45 21 33 -2 32 0 0.00 M M 5.7 14 210 M M 0 18 18 200
13 49 28 39 4 26 0 0.00 M M 8.1 17 210 M M 0 18 25 210
14 58 34 46 11 19 0 T M M 8.6 22 280 M M 4 33 320
15 44 33 39 4 26 0 0.01 M M 10.9 23 240 M M 5 18 33 290
16 44 33 39 4 26 0 0.02 M M 6.4 15 280 M M 9 1 21 280
17 47 32 40 5 25 0 0.00 M M 6.4 16 260 M M 7 22 270
18 50 28 39 4 26 0 0.00 M M 4.6 14 210 M M 4 18 230
19 53 35 44 9 21 0 0.00 M M 6.0 14 10 M M 2 18 320
20 46 27 37 2 28 0 0.07 M M 7.3 18 210 M M 3 1 26 220
21 53 35 44 9 21 0 0.02 M M 2.6 12 200 M M 4 12 15 210
22 48 30 39 4 26 0 0.00 M M 9.4 17 30 M M 0 1 26 30
23 42 24 33 -3 32 0 0.00 M M 7.3 14 80 M M 4 8 20 80
24 44 38 41 5 24 0 0.09 M M 3.5 10 60 M M 10 1 14 60
25 43 41 42 6 23 0 2.29 M M 11.9 17 340 M M 10 13 28 60
26 51 35 43 7 22 0 0.00 M M 11.5 12 40 M M 10 M M
27 35 30 33 -3 32 0 0.24 M M 9.3 17 10 M M 9 12 26 10
28 38 27 33 -3 32 0 0.00 M M 5.9 16 10 M M 4 20 360
29 44 26 35 -1 30 0 0.00 M M 4.7 12 160 M M 0 15 150
30 55 33 44 8 21 0 0.70 M M 9.7 18 220 M M 8 1 28 220
31 55 36 46 10 19 0 0.00 M M 14.1 23 340 M M 10 33 330
================================================================================
SM 1397 956 832 0 4.51 M 225.9 M 176
================================================================================
AV 45.1 30.8 7.3 FASTST M M 6 MAX(MPH)
MISC ----> 28 20 37 10
================================================================================
NOTES:
# LAST OF SEVERAL OCCURRENCES
COLUMN 17 PEAK WIND IN M.P.H.
PRELIMINARY LOCAL CLIMATOLOGICAL DATA (WS FORM: F-6) , PAGE 2
STATION: POPLAR BLUFF MO
MONTH: JANUARY
YEAR: 2021
LATITUDE: 36 46 N
LONGITUDE: 90 19 W
[TEMPERATURE DATA] [PRECIPITATION DATA] SYMBOLS USED IN COLUMN 16
AVERAGE MONTHLY: 38.0 TOTAL FOR MONTH: 4.51 1 = FOG OR MIST
DPTR FM NORMAL: 2.8 DPTR FM NORMAL: 0.86 2 = FOG REDUCING VISIBILITY
HIGHEST: 58 ON 14 GRTST 24HR 2.29 ON 25-25 TO 1/4 MILE OR LESS
LOWEST: 21 ON 12 3 = THUNDER
SNOW, ICE PELLETS, HAIL 4 = ICE PELLETS
TOTAL MONTH: M 5 = HAIL
GRTST 24HR M ON M 6 = FREEZING RAIN OR DRIZZLE
GRTST DEPTH: M ON M 7 = DUSTSTORM OR SANDSTORM:
VSBY 1/2 MILE OR LESS
8 = SMOKE OR HAZE
[NO. OF DAYS WITH] [WEATHER - DAYS WITH] 9 = BLOWING SNOW
X = TORNADO
MAX 32 OR BELOW: 1 0.01 INCH OR MORE: 11
MAX 90 OR ABOVE: 0 0.10 INCH OR MORE: 5
MIN 32 OR BELOW: 19 0.50 INCH OR MORE: 3
MIN 0 OR BELOW: 0 1.00 INCH OR MORE: 1
[HDD (BASE 65) ]
TOTAL THIS MO. 832 CLEAR (SCALE 0-3) 9
DPTR FM NORMAL -90 PTCLDY (SCALE 4-7) 10
TOTAL FM JUL 1 2343 CLOUDY (SCALE 8-10) 12
DPTR FM NORMAL -219
[CDD (BASE 65) ]
TOTAL THIS MO. 0
DPTR FM NORMAL 0 [PRESSURE DATA]
TOTAL FM JAN 1 0 HIGHEST SLP 30.73 ON 28
DPTR FM NORMAL 0 LOWEST SLP 29.57 ON 25
[REMARKS]
#FINAL-01-21#