000
CXUS55 KALY 010810
CF6POU
PRELIMINARY LOCAL CLIMATOLOGICAL DATA (WS FORM: F-6)
STATION: POUGHKEEPSIE NY
MONTH: FEBRUARY
YEAR: 2022
LATITUDE: 41 37 N
LONGITUDE: 73 53 W
TEMPERATURE IN F: :PCPN: SNOW: WIND :SUNSHINE: SKY :PK WND
================================================================================
1 2 3 4 5 6A 6B 7 8 9 10 11 12 13 14 15 16 17 18
12Z AVG MX 2MIN
DY MAX MIN AVG DEP HDD CDD WTR SNW DPTH SPD SPD DIR MIN PSBL S-S WX SPD DR
================================================================================
1 36 1 19 -8 46 0 0.00 M M 1.8 12 120 M M 2 18 16 100
2 45 18 32 5 33 0 0.00 M M 2.4 12 240 M M 7 18 14 230
3 44 33 39 12 26 0 1.05 M M 2.3 12 10 M M 10 12 16 10
4 33 20 27 0 38 0 0.52 M M 9.2 20 10 M M 10 168 26 20
5 25 12 19 -8 46 0 0.00 M M 7.1 16 340 M M 3 23 320
6 28 9 19 -8 46 0 0.00 M M 2.2 10 230 M M 0 14 170
7 34 16 25 -3 40 0 0.02 M M 0.7 6 10 M M 9 18 8 350
8 38 30 34 6 31 0 0.00 M M 7.0 14 260 M M 8 18 20 280
9 46 22 34 6 31 0 0.00 M M 4.6 12 230 M M 0 18 18 240
10 50 25 38 10 27 0 0.01 M M 3.5 21 260 M M 4 168 27 250
11 56 22 39 11 26 0 0.00 M M 3.8 17 220 M M 0 1 24 180
12 54 33 44 16 21 0 0.00 M M 6.5 18 260 M M 2 25 260
13 33 22 28 -1 37 0 0.06 M M 6.8 13 10 M M 10 18 17 30
14 23 7 15 -14 50 0 0.00 M M 9.3 22 330 M M 2 29 320
15 31 6 19 -10 46 0 0.00 M M 3.0 16 260 M M 0 8 21 260
16 43 13 28 -1 37 0 0.00 M M 4.4 17 160 M M 0 18 28 180
17 60 29 45 15 20 0 0.17 M M 6.5 17 180 M M 5 1 28 200
18 64 20 42 12 23 0 0.09 M M 12.5 28 270 M M 5 35 270
19 36 17 27 -3 38 0 0.01 M M 9.3 25 250 M M 3 128 39 250
20 35 13 24 -6 41 0 0.00 M M 6.5 20 290 M M 0 25 280
21 57 21 39 9 26 0 0.00 M M 2.8 9 170 M M 0 13 190
22 61 26 44 13 21 0 0.36 M M 3.6 16 170 M M 6 18 26 190
23 68 30 49 18 16 0 0.00 M M 11.3 21 320 M M 5 29 280
24 30 24 27 -4 38 0 T M M 7.0 17 360 M M 7 22 360
25 39 22 31 -1 34 0 0.78 M M 5.9 20 280 M M 8 1268 25 280
26 35 12 24 -8 41 0 0.00 M M 3.7 15 240 M M 1 20 250
27 44 22 33 1 32 0 T M M 10.0 23 240 M M 4 31 320
28 32 19 26 -6 39 0 0.00 M M 4.6 16 310 M M 1 21 320
================================================================================
SM 1180 544 950 0 3.07 M 158.3 M 112
================================================================================
AV 42.1 19.4 5.7 FASTST M M 4 MAX(MPH)
MISC ----> 28 270 39 250
================================================================================
NOTES:
# LAST OF SEVERAL OCCURRENCES
COLUMN 17 PEAK WIND IN M.P.H.
PRELIMINARY LOCAL CLIMATOLOGICAL DATA (WS FORM: F-6) , PAGE 2
STATION: POUGHKEEPSIE NY
MONTH: FEBRUARY
YEAR: 2022
LATITUDE: 41 37 N
LONGITUDE: 73 53 W
[TEMPERATURE DATA] [PRECIPITATION DATA] SYMBOLS USED IN COLUMN 16
AVERAGE MONTHLY: 30.8 TOTAL FOR MONTH: 3.07 1 = FOG OR MIST
DPTR FM NORMAL: 1.6 DPTR FM NORMAL: 0.86 2 = FOG REDUCING VISIBILITY
HIGHEST: 68 ON 23 GRTST 24HR 1.42 ON 3- 4 TO 1/4 MILE OR LESS
LOWEST: 1 ON 1 3 = THUNDER
SNOW, ICE PELLETS, HAIL 4 = ICE PELLETS
TOTAL MONTH: M 5 = HAIL
GRTST 24HR M ON M 6 = FREEZING RAIN OR DRIZZLE
GRTST DEPTH: M ON M 7 = DUSTSTORM OR SANDSTORM:
VSBY 1/2 MILE OR LESS
8 = SMOKE OR HAZE
[NO. OF DAYS WITH] [WEATHER - DAYS WITH] 9 = BLOWING SNOW
X = TORNADO
MAX 32 OR BELOW: 6 0.01 INCH OR MORE: 10
MAX 90 OR ABOVE: 0 0.10 INCH OR MORE: 5
MIN 32 OR BELOW: 26 0.50 INCH OR MORE: 3
MIN 0 OR BELOW: 0 1.00 INCH OR MORE: 1
[HDD (BASE 65) ]
TOTAL THIS MO. 950 CLEAR (SCALE 0-3) 14
DPTR FM NORMAL -52 PTCLDY (SCALE 4-7) 9
TOTAL FM JUL 1 4057 CLOUDY (SCALE 8-10) 5
DPTR FM NORMAL -365
[CDD (BASE 65) ]
TOTAL THIS MO. 0
DPTR FM NORMAL 0 [PRESSURE DATA]
TOTAL FM JAN 1 0 HIGHEST SLP 30.72 ON 16
DPTR FM NORMAL 0 LOWEST SLP 29.24 ON 18
[REMARKS]
#FINAL-02-22#