438
CXUS56 KPDT 011810
CF6PSC
PRELIMINARY LOCAL CLIMATOLOGICAL DATA (WS FORM: F-6)
STATION: PASCO WA
MONTH: SEPTEMBER
YEAR: 2020
LATITUDE: 46 16 N
LONGITUDE: 119 7 W
TEMPERATURE IN F: :PCPN: SNOW: WIND :SUNSHINE: SKY :PK WND
================================================================================
1 2 3 4 5 6A 6B 7 8 9 10 11 12 13 14 15 16 17 18
12Z AVG MX 2MIN
DY MAX MIN AVG DEP HDD CDD WTR SNW DPTH SPD SPD DIR MIN PSBL S-S WX SPD DR
================================================================================
1 94 61 78 9 0 13 0.00 M M 5.2 15 200 M M 0 M M
2 99 58 79 11 0 14 0.00 M M 6.3 13 330 M M 0 18 330
3 96 55 76 8 0 11 0.00 M M 2.3 6 10 M M 0 M M
4 97 52 75 7 0 10 0.00 M M 4.9 16 340 M M 0 18 340
5 97 62 80 13 0 15 0.00 M M 7.5 16 220 M M 0 32 220
6 98 53 76 9 0 11 0.00 M M 4.2 16 310 M M 0 19 320
7 82 52 67 0 0 2 0.00 M M 14.6 33 20 M M 5 8 47 40
8 80 45 63 -3 2 0 0.00 M M 9.8 20 20 M M 0 8 25 20
9 85 43 64 -2 1 0 0.00 M M 3.3 13 330 M M 0 18 15 330
10 89 45 67 1 0 2 0.00 M M 2.9 8 340 M M 0 8 13 320
11 88 48 68 3 0 3 0.00 M M 4.0 15 190 M M 3 8 19 190
12 80 54 67 2 0 2 0.00 M M 6.0 20 210 M M 10 18 23 200
13 70 50 60 -4 5 0 0.00 M M 2.5 7 350 M M 10 18 7 350
14 72 52 62 -2 3 0 0.00 M M 2.0 7 320 M M 10 128 9 320
15 77 50 64 0 1 0 0.00 M M 2.2 6 350 M M 7 18 9 300
16 76 47 62 -1 3 0 0.00 M M 2.6 7 330 M M 4 18 9 340
17 77 48 63 0 2 0 0.00 M M 1.7 6 360 M M 4 8 8 10
18 77 49 63 0 2 0 0.03 M M 6.1 21 220 M M 1 38 24 230
19 81 59 70 8 0 5 T M M 9.4 18 210 M M 3 8 26 210
20 80 55 68 6 0 3 0.00 M M 5.8 13 230 M M 1 19 240
21 82 47 65 3 0 0 0.00 M M 2.7 8 320 M M 0 11 340
22 83 53 68 7 0 3 0.00 M M 5.6 14 190 M M 0 18 210
23 82 65 74 13 0 9 0.02 M M 7.2 28 290 M M 2 8 31 300
24 76 54 65 5 0 0 0.00 M M 13.7 29 240 M M 2 34 230
25 76 52 64 4 1 0 T M M 9.5 29 230 M M 3 38 230
26 75 45 60 0 5 0 0.00 M M 6.2 18 280 M M 1 23 280
27 75 43 59 0 6 0 0.00 M M 2.6 7 50 M M 0 M M
28 79 40 60 1 5 0 0.00 M M 3.6 9 350 M M 0 18 11 340
29 81 40 61 3 4 0 0.00 M M 2.9 7 360 M M 0 18 9 320
30 82 44 63 5 2 0 0.00 M M 2.3 7 350 M M 0 18 8 350
================================================================================
SM 2486 1521 42 103 0.05 M 159.6 M 66
================================================================================
AV 82.9 50.7 5.3 FASTST M M 2 MAX(MPH)
MISC ----> 33 20 47 40
================================================================================
NOTES:
# LAST OF SEVERAL OCCURRENCES
COLUMN 17 PEAK WIND IN M.P.H.
PRELIMINARY LOCAL CLIMATOLOGICAL DATA (WS FORM: F-6) , PAGE 2
STATION: PASCO WA
MONTH: SEPTEMBER
YEAR: 2020
LATITUDE: 46 16 N
LONGITUDE: 119 7 W
[TEMPERATURE DATA] [PRECIPITATION DATA] SYMBOLS USED IN COLUMN 16
AVERAGE MONTHLY: 66.8 TOTAL FOR MONTH: 0.05 1 = FOG OR MIST
DPTR FM NORMAL: 3.4 DPTR FM NORMAL: -0.35 2 = FOG REDUCING VISIBILITY
HIGHEST: 99 ON 2 GRTST 24HR 0.03 ON 18-18 TO 1/4 MILE OR LESS
LOWEST: 40 ON 29,28 3 = THUNDER
SNOW, ICE PELLETS, HAIL 4 = ICE PELLETS
TOTAL MONTH: M 5 = HAIL
GRTST 24HR M ON M 6 = FREEZING RAIN OR DRIZZLE
GRTST DEPTH: M ON M 7 = DUSTSTORM OR SANDSTORM:
VSBY 1/2 MILE OR LESS
8 = SMOKE OR HAZE
[NO. OF DAYS WITH] [WEATHER - DAYS WITH] 9 = BLOWING SNOW
X = TORNADO
MAX 32 OR BELOW: 0 0.01 INCH OR MORE: 2
MAX 90 OR ABOVE: 6 0.10 INCH OR MORE: 0
MIN 32 OR BELOW: 0 0.50 INCH OR MORE: 0
MIN 0 OR BELOW: 0 1.00 INCH OR MORE: 0
[HDD (BASE 65) ]
TOTAL THIS MO. 42 CLEAR (SCALE 0-3) 22
DPTR FM NORMAL -57 PTCLDY (SCALE 4-7) 5
TOTAL FM JUL 1 42 CLOUDY (SCALE 8-10) 3
DPTR FM NORMAL -68
[CDD (BASE 65) ]
TOTAL THIS MO. 103
DPTR FM NORMAL 51 [PRESSURE DATA]
TOTAL FM JAN 1 994 HIGHEST SLP 30.46 ON 27
DPTR FM NORMAL 285 LOWEST SLP 29.65 ON 23
[REMARKS]
#FINAL-09-20#