000
CXUS56 KPDT 011810
CF6PSC
PRELIMINARY LOCAL CLIMATOLOGICAL DATA (WS FORM: F-6)
STATION: PASCO WA
MONTH: AUGUST
YEAR: 2023
LATITUDE: 46 16 N
LONGITUDE: 119 7 W
TEMPERATURE IN F: :PCPN: SNOW: WIND :SUNSHINE: SKY :PK WND
================================================================================
1 2 3 4 5 6A 6B 7 8 9 10 11 12 13 14 15 16 17 18
12Z AVG MX 2MIN
DY MAX MIN AVG DEP HDD CDD WTR SNW DPTH SPD SPD DIR MIN PSBL S-S WX SPD DR
================================================================================
1 96 52 74 -2 0 9 0.00 M M 4.4 10 150 M M 0 14 110
2 99 54 77 1 0 12 0.00 M M 4.4 10 330 M M 0 16 120
3 97 58 78 2 0 13 0.00 M M 4.1 12 130 M M 0 19 20
4 85 62 74 -2 0 9 0.00 M M 7.5 21 240 M M 1 29 240
5 90 68 79 3 0 14 0.04 M M 5.2 15 360 M M 7 19 360
6 88 68 78 2 0 13 0.06 M M 3.7 9 120 M M 7 1 13 160
7 79 63 71 -4 0 6 0.16 M M 5.5 10 60 M M 5 138 15 150
8 93 58 76 1 0 11 0.00 M M 3.9 13 120 M M 0 1 20 110
9 93 59 76 1 0 11 T M M 6.2 18 310 M M 2 8 24 310
10 90 55 73 -2 0 8 0.00 M M 4.5 13 110 M M 0 8 17 220
11 92 54 73 -2 0 8 0.00 M M 4.3 14 350 M M 0 19 70
12 95 55 75 1 0 10 0.00 M M 3.3 13 310 M M 0 15 20
13 98 61 80 6 0 15 0.00 M M 6.2 14 340 M M 0 20 340
14 105 61 83 9 0 18 0.00 M M 3.8 10 340 M M 0 16 360
15 109 63 86 12 0 21 0.00 M M 2.9 18 330 M M 0 22 330
16 107 65 86 12 0 21 0.00 M M 3.6 9 340 M M 1 8 13 340
17 103 64 84 11 0 19 0.00 M M 6.6 26 240 M M 0 18 34 230
18 98 63 81 8 0 16 0.00 M M 10.1 20 230 M M 0 30 210
19 87 53 70 -3 0 5 0.00 M M 7.6 16 340 M M 9 8 22 10
20 83 51 67 -5 0 2 0.00 M M 3.8 13 10 M M 10 8 17 30
21 82 61 72 0 0 7 T M M 4.2 10 130 M M 8 18 13 140
22 76 64 70 -2 0 5 T M M 11.5 22 150 M M 4 8 29 170
23 83 55 69 -3 0 4 0.00 M M 5.4 17 240 M M 0 30 230
24 88 48 68 -3 0 3 0.00 M M 8.7 21 340 M M 0 26 340
25 85 64 75 4 0 10 0.01 M M 6.9 26 340 M M 2 3 32 350
26 92 57 75 4 0 10 T M M 6.5 17 320 M M 0 21 320
27 99 57 78 8 0 13 0.00 M M 3.8 10 320 M M 0 16 280
28 103 58 81 11 0 16 0.00 M M 6.9 20 10 M M 0 8 24 40
29 84 68 76 6 0 11 0.00 M M 14.6 26 220 M M 2 3 35 220
30 85 62 74 4 0 9 T M M 13.4 23 210 M M 4 31 220
31 73 57 65 -4 0 0 0.04 M M 3.1 9 320 M M 4 11 320
================================================================================
SM 2837 1838 0 329 0.31 M 186.6 M 66
================================================================================
AV 91.5 59.3 6.0 FASTST M M 2 MAX(MPH)
MISC ----> # 26 240 35 220
================================================================================
NOTES:
# LAST OF SEVERAL OCCURRENCES
COLUMN 17 PEAK WIND IN M.P.H.
PRELIMINARY LOCAL CLIMATOLOGICAL DATA (WS FORM: F-6) , PAGE 2
STATION: PASCO WA
MONTH: AUGUST
YEAR: 2023
LATITUDE: 46 16 N
LONGITUDE: 119 7 W
[TEMPERATURE DATA] [PRECIPITATION DATA] SYMBOLS USED IN COLUMN 16
AVERAGE MONTHLY: 75.4 TOTAL FOR MONTH: 0.31 1 = FOG OR MIST
DPTR FM NORMAL: 2.2 DPTR FM NORMAL: 0.04 2 = FOG REDUCING VISIBILITY
HIGHEST: 109 ON 15 GRTST 24HR 0.16 ON 6- 7 TO 1/4 MILE OR LESS
LOWEST: 48 ON 24 3 = THUNDER
SNOW, ICE PELLETS, HAIL 4 = ICE PELLETS
TOTAL MONTH: M 5 = HAIL
GRTST 24HR M ON M 6 = FREEZING RAIN OR DRIZZLE
GRTST DEPTH: M ON M 7 = DUSTSTORM OR SANDSTORM:
VSBY 1/2 MILE OR LESS
8 = SMOKE OR HAZE
[NO. OF DAYS WITH] [WEATHER - DAYS WITH] 9 = BLOWING SNOW
X = TORNADO
MAX 32 OR BELOW: 0 0.01 INCH OR MORE: 5
MAX 90 OR ABOVE: 18 0.10 INCH OR MORE: 1
MIN 32 OR BELOW: 0 0.50 INCH OR MORE: 0
MIN 0 OR BELOW: 0 1.00 INCH OR MORE: 0
[HDD (BASE 65) ]
TOTAL THIS MO. 0 CLEAR (SCALE 0-3) 22
DPTR FM NORMAL -5 PTCLDY (SCALE 4-7) 7
TOTAL FM JUL 1 0 CLOUDY (SCALE 8-10) 2
DPTR FM NORMAL -6
[CDD (BASE 65) ]
TOTAL THIS MO. 329
DPTR FM NORMAL 70 [PRESSURE DATA]
TOTAL FM JAN 1 1048 HIGHEST SLP 30.12 ON 6
DPTR FM NORMAL 326 LOWEST SLP 29.60 ON 18
[REMARKS]
#FINAL-08-23#