000
CXUS51 KALY 010826
CLMPSF
CLIMATE REPORT
NATIONAL WEATHER SERVICE ALBANY NY
426 AM EDT WED NOV 01 2023
...................................
...THE PITTSFIELD MA CLIMATE SUMMARY FOR THE MONTH OF OCTOBER 2023...
CLIMATE NORMAL PERIOD: 1991 TO 2020
CLIMATE RECORD PERIOD: 9999 TO 9999
WEATHER OBSERVED NORMAL DEPART LAST YEAR`S
VALUE DATE(S) VALUE FROM VALUE DATE(S)
NORMAL
................................................................
TEMPERATURE (F)
HIGHEST 83 10/04 73 10/26
LOWEST 29 10/31 27 10/29
10/30
AVG. MAXIMUM 62.7 58.3 4.4 60.5
AVG. MINIMUM 43.1 38.5 4.6 37.9
MEAN 52.9 48.4 4.5 49.2
DAYS MAX >= 90 0 0.0 0.0 0
DAYS MAX <= 32 0 0.0 0.0 0
DAYS MIN <= 32 2 7.3 -5.3 10
DAYS MIN <= 0 0 0.0 0.0 0
PRECIPITATION (INCHES)
TOTALS 5.31 4.56 0.75 4.36
DAILY AVG. 0.17 0.14
DAYS >= .01 8 10
DAYS >= .10 5 7
DAYS >= .50 4 3
DAYS >= 1.00 2 2
GREATEST
24 HR. TOTAL 2.58 10/20 TO 10/21
DEGREE DAYS
HEATING TOTAL 371 516 -145 482
SINCE 7/1 571 767 -196 MM
COOLING TOTAL 4 2 2 1
SINCE 1/1 421 345 76 MM
................................................................
WIND (MPH)
AVERAGE WIND SPEED 5.1
HIGHEST WIND SPEED/DIRECTION 28/280 DATE 10/21
HIGHEST GUST SPEED/DIRECTION 40/260 DATE 10/22
SKY COVER
AVERAGE SKY COVER 0.59
AVERAGE RH (PERCENT) 75
WEATHER CONDITIONS. NUMBER OF DAYS WITH
THUNDERSTORM 1 MIXED PRECIP 0
HEAVY RAIN 3 RAIN 5
LIGHT RAIN 12 FREEZING RAIN 0
LT FREEZING RAIN 0 HAIL 0
HEAVY SNOW 0 SNOW 0
LIGHT SNOW 0 SLEET 0
FOG 21 FOG W/VIS <= 1/4 MILE 9
HAZE 4
- INDICATES NEGATIVE NUMBERS.
R INDICATES RECORD WAS SET OR TIED.
MM INDICATES DATA IS MISSING.
T INDICATES TRACE AMOUNT.
$$