000
CXUS54 KFWD 010830
CF6PSN
PRELIMINARY LOCAL CLIMATOLOGICAL DATA (WS FORM: F-6)
STATION: PALESTINE
MONTH: FEBRUARY
YEAR: 2022
LATITUDE: 31 46 N
LONGITUDE: 95 42 W
TEMPERATURE IN F: :PCPN: SNOW: WIND :SUNSHINE: SKY :PK WND
================================================================================
1 2 3 4 5 6A 6B 7 8 9 10 11 12 13 14 15 16 17 18
12Z AVG MX 2MIN
DY MAX MIN AVG DEP HDD CDD WTR SNW DPTH SPD SPD DIR MIN PSBL S-S WX SPD DR
================================================================================
1 64 54 59 12 6 0 0.00 M M 2.9 9 110 M M 10 1 M M
2 64 34 49 2 16 0 0.97 M M 5.9 17 340 M M 9 12 23 340
3 34 25 30 -17 35 0 0.44 M M 12.2 18 M M M 9 1 26 330
4 30 23 27 -21 38 0 0.00 M M 10.3 18 330 M M 8 1 26 330
5 48 18 33 -15 32 0 0.00 M M 2.5 7 360 M M 0 M M
6 57 23 40 -8 25 0 0.00 M M 4.1 9 150 M M 0 14 150
7 59 27 43 -5 22 0 0.00 M M 10.0 21 330 M M 2 28 330
8 64 25 45 -3 20 0 0.00 M M 4.5 10 230 M M 1 17 190
9 70 37 54 6 11 0 0.00 M M 2.2 8 200 M M 1 8 12 99
10 73 30 52 4 13 0 0.00 M M 2.2 9 200 M M 3 M M
11 73 43 58 9 7 0 0.00 M M 7.8 17 190 M M 1 22 190
12 55 28 42 -7 23 0 0.29 M M 10.2 22 350 M M 6 13 31 10
13 61 21 41 -8 24 0 0.00 M M 3.3 12 250 M M 0 8 16 260
14 70 34 52 3 13 0 0.00 M M 6.9 14 200 M M 0 18 210
15 72 43 58 9 7 0 0.00 M M 11.0 17 150 M M 4 32 200
16 73 61 67 17 0 2 0.02 M M 12.1 18 170 M M 10 1 37 160
17 68 34 51 1 14 0 0.26 M M 14.3 21 320 M M 9 1 30 330
18 54 30 42 -8 23 0 0.00 M M 6.2 12 10 M M 3 18 M
19 66 27 47 -3 18 0 0.00 M M 2.2 7 99 M M 1 14 99
20 66 39 53 3 12 0 0.00 M M 8.9 15 200 M M 3 25 200
21 81 59 70 19 0 5 M M M 12.9 22 180 M M 8 1 35 200
22 77 45 61 10 4 0 0.00 M M 15.7 28 190 M M 9 37 180
23 45 28 37 -14 28 0 0.09 M M 11.3 14 340 M M 10 1 21 330
24 32 30 31 -21 34 0 0.00 M M 9.3 17 350 M M 10 1 24 M
25 39 27 33 -19 32 0 0.00 M M 11.3 18 360 M M 10 21 360
26 39 34 37 -15 28 0 0.43 M M 6.9 9 40 M M 10 1 16 50
27 55 34 45 -7 20 0 0.00 M M 10.9 16 330 M M 6 1 22 350
28 64 27 46 -6 19 0 0.00 M M 2.8 6 220 M M 1 M M
================================================================================
SM 1653 940 524 7 2.50 M 221.2 M 144
================================================================================
AV 59.0 33.6 7.9 FASTST M M 5 MAX(MPH)
MISC ----> 28 190 # 37 160
================================================================================
NOTES:
# LAST OF SEVERAL OCCURRENCES
COLUMN 17 PEAK WIND IN M.P.H.
PRELIMINARY LOCAL CLIMATOLOGICAL DATA (WS FORM: F-6) , PAGE 2
STATION: PALESTINE
MONTH: FEBRUARY
YEAR: 2022
LATITUDE: 31 46 N
LONGITUDE: 95 42 W
[TEMPERATURE DATA] [PRECIPITATION DATA] SYMBOLS USED IN COLUMN 16
AVERAGE MONTHLY: 46.3 TOTAL FOR MONTH: 2.50 1 = FOG OR MIST
DPTR FM NORMAL: -3.2 DPTR FM NORMAL: -1.40 2 = FOG REDUCING VISIBILITY
HIGHEST: 81 ON 21 GRTST 24HR 0.97 ON 2- 2 TO 1/4 MILE OR LESS
LOWEST: 18 ON 5 3 = THUNDER
SNOW, ICE PELLETS, HAIL 4 = ICE PELLETS
TOTAL MONTH: M 5 = HAIL
GRTST 24HR M ON M 6 = FREEZING RAIN OR DRIZZLE
GRTST DEPTH: M ON M 7 = DUSTSTORM OR SANDSTORM:
VSBY 1/2 MILE OR LESS
8 = SMOKE OR HAZE
[NO. OF DAYS WITH] [WEATHER - DAYS WITH] 9 = BLOWING SNOW
X = TORNADO
MAX 32 OR BELOW: 2 0.01 INCH OR MORE: 7
MAX 90 OR ABOVE: 0 0.10 INCH OR MORE: 5
MIN 32 OR BELOW: 15 0.50 INCH OR MORE: 1
MIN 0 OR BELOW: 0 1.00 INCH OR MORE: 0
[HDD (BASE 65) ]
TOTAL THIS MO. 524 CLEAR (SCALE 0-3) 12
DPTR FM NORMAL 84 PTCLDY (SCALE 4-7) 5
TOTAL FM JUL 1 1524 CLOUDY (SCALE 8-10) 11
DPTR FM NORMAL -446
[CDD (BASE 65) ]
TOTAL THIS MO. 7
DPTR FM NORMAL 1 [PRESSURE DATA]
TOTAL FM JAN 1 7 HIGHEST SLP M ON M
DPTR FM NORMAL 4 LOWEST SLP M ON M
[REMARKS]
#FINAL-02-22#