000
CXUS54 KFWD 010830
CF6PSN
PRELIMINARY LOCAL CLIMATOLOGICAL DATA (WS FORM: F-6)
STATION: PALESTINE
MONTH: FEBRUARY
YEAR: 2021
LATITUDE: 31 46 N
LONGITUDE: 95 42 W
TEMPERATURE IN F: :PCPN: SNOW: WIND :SUNSHINE: SKY :PK WND
================================================================================
1 2 3 4 5 6A 6B 7 8 9 10 11 12 13 14 15 16 17 18
12Z AVG MX 2MIN
DY MAX MIN AVG DEP HDD CDD WTR SNW DPTH SPD SPD DIR MIN PSBL S-S WX SPD DR
================================================================================
1 61 34 48 1 17 0 0.00 M M 7.2 13 340 M M 2 20 340
2 64 34 49 2 16 0 0.00 M M 3.6 7 110 M M 3 12 190
3 68 43 56 9 9 0 0.00 M M 9.1 14 160 M M 4 22 160
4 75 48 62 14 3 0 0.00 M M 13.0 20 270 M M 5 26 190
5 59 43 51 3 14 0 T M M 6.9 13 30 M M 6 18 60
6 59 41 50 2 15 0 0.00 M M 9.1 17 350 M M 9 26 350
7 63 32 48 0 17 0 0.00 M M 6.6 12 150 M M 4 22 100
8 66 46 56 8 9 0 0.00 M M 9.0 13 200 M M 10 21 180
9 59 41 50 2 15 0 M M M 7.1 12 310 M M 10 12 13 320
10 43 34 39 -9 26 0 T M M 8.7 15 350 M M 10 13 16 350
11 34 28 31 -18 34 0 M M M 10.8 15 360 M M 10 13 22 350
12 28 27 28 -21 37 0 0.00 0.0 0 12.7 15 350 M M 10 1 17 M
13 28 27 28 -21 37 0 0.00 M M 10.9 14 350 M M 10 1 18 340
14 27 14 21 -28 44 0 M M M 13.8 17 10 M M 6 12 23 10
15 14 3 9 -40 56 0 0.00 M M 12.6 17 M M M 9 128 35 M
16 25 -6 10 -40 55 0 M M M 3.8 8 10 M M 7 8 12 90
17 30 23 27 -23 38 0 0.00 M M 8.2 14 M M M 10 18 18 30
18 M M M M M M M M M M M M M M M M M
19 M M M M M M M M M M M M M M M M M
20 M M M M M M M M M M M M M M M M M
21 70 57 64 13 1 0 0.00 M M 11.6 17 210 M M 8 30 210
22 70 32 51 0 14 0 0.00 M M 2.2 8 310 M M 1 12 0
23 77 41 59 8 6 0 0.00 0.0 M 9.2 17 200 M M 3 24 200
24 79 54 67 15 0 2 0.00 M M 9.2 14 240 M M 6 21 200
25 63 52 58 6 7 0 M M M 6.5 10 40 M M 9 18 15 40
26 59 48 54 2 11 0 M M M 3.9 13 90 M M 10 1 17 350
27 77 55 66 14 0 1 M M M 7.3 13 170 M M 9 128 24 160
28 79 55 67 15 0 2 0.00 M M 10.1 17 190 M M 10 1 32 190
================================================================================
SM 1377 906 481 5 T 0.0 212.9 M 181
================================================================================
AV 55.1 36.2 8.5 FASTST M M 7 MAX(MPH)
MISC ----> 20 270 35 9999
================================================================================
NOTES:
# LAST OF SEVERAL OCCURRENCES
COLUMN 17 PEAK WIND IN M.P.H.
PRELIMINARY LOCAL CLIMATOLOGICAL DATA (WS FORM: F-6) , PAGE 2
STATION: PALESTINE
MONTH: FEBRUARY
YEAR: 2021
LATITUDE: 31 46 N
LONGITUDE: 95 42 W
[TEMPERATURE DATA] [PRECIPITATION DATA] SYMBOLS USED IN COLUMN 16
AVERAGE MONTHLY: 45.7 TOTAL FOR MONTH: T 1 = FOG OR MIST
DPTR FM NORMAL: -3.8 DPTR FM NORMAL: -3.90 2 = FOG REDUCING VISIBILITY
HIGHEST: 79 ON 28,24 GRTST 24HR T ON 5- 5 TO 1/4 MILE OR LESS
LOWEST: -6 ON 16 3 = THUNDER
SNOW, ICE PELLETS, HAIL 4 = ICE PELLETS
TOTAL MONTH: 0.0 INCH 5 = HAIL
GRTST 24HR 0.0 6 = FREEZING RAIN OR DRIZZLE
GRTST DEPTH: 0 7 = DUSTSTORM OR SANDSTORM:
VSBY 1/2 MILE OR LESS
8 = SMOKE OR HAZE
[NO. OF DAYS WITH] [WEATHER - DAYS WITH] 9 = BLOWING SNOW
X = TORNADO
MAX 32 OR BELOW: 6 0.01 INCH OR MORE: 0
MAX 90 OR ABOVE: 0 0.10 INCH OR MORE: 0
MIN 32 OR BELOW: 9 0.50 INCH OR MORE: 0
MIN 0 OR BELOW: 1 1.00 INCH OR MORE: 0
[HDD (BASE 65) ]
TOTAL THIS MO. 481 CLEAR (SCALE 0-3) 2
DPTR FM NORMAL 41 PTCLDY (SCALE 4-7) 10
TOTAL FM JUL 1 1678 CLOUDY (SCALE 8-10) 16
DPTR FM NORMAL -292
[CDD (BASE 65) ]
TOTAL THIS MO. 5
DPTR FM NORMAL -1 [PRESSURE DATA]
TOTAL FM JAN 1 5 HIGHEST SLP M ON M
DPTR FM NORMAL 2 LOWEST SLP M ON M
[REMARKS]
#FINAL-02-21#