000
CXUS56 KSGX 011145
CF6PSP
PRELIMINARY LOCAL CLIMATOLOGICAL DATA (WS FORM: F-6)
STATION: PALM SPRINGS INTL AIRPORT CA
MONTH: FEBRUARY
YEAR: 2023
LATITUDE: 33 49 N
LONGITUDE: 116 30 W
TEMPERATURE IN F: :PCPN: SNOW: WIND :SUNSHINE: SKY :PK WND
================================================================================
1 2 3 4 5 6A 6B 7 8 9 10 11 12 13 14 15 16 17 18
12Z AVG MX 2MIN
DY MAX MIN AVG DEP HDD CDD WTR SNW DPTH SPD SPD DIR MIN PSBL S-S WX SPD DR
================================================================================
1 71 47 59 -1 6 0 0.00 M M 5.8 13 10 M M 0 16 20
2 72 44 58 -2 7 0 0.00 M M 5.0 12 320 M M 0 13 120
3 73 49 61 1 4 0 0.00 M M 5.2 12 340 M M 0 14 340
4 76 45 61 1 4 0 0.00 M M 4.6 13 340 M M 0 15 330
5 75 48 62 2 3 0 0.00 M M 6.5 24 320 M M 0 33 320
6 73 53 63 3 2 0 0.00 M M 10.5 29 360 M M 0 34 350
7 73 52 63 3 2 0 0.00 M M 5.4 20 350 M M 0 24 340
8 79 50 65 4 0 0 0.00 M M 4.8 12 330 M M 0 12 330
9 79 52 66 5 0 1 0.00 M M 7.2 25 10 M M 0 29 10
10 73 47 60 -1 5 0 0.00 M M 5.1 13 120 M M 0 17 310
11 71 52 62 1 3 0 0.00 M M 7.4 25 330 M M 0 32 320
12 73 48 61 0 4 0 0.00 M M 8.8 21 330 M M 2 28 300
13 70 51 61 0 4 0 T M M 3.5 17 340 M M 2 3 25 320
14 70 47 59 -2 6 0 T M M 11.5 38 330 M M 2 52 240
15 64 42 53 -9 12 0 0.00 M M 9.6 23 20 M M 0 30 360
16 63 39 51 -11 14 0 0.00 M M 5.8 15 330 M M 0 19 330
17 66 44 55 -7 10 0 0.00 M M 4.8 13 180 M M 0 16 200
18 72 44 58 -4 7 0 0.00 M M 4.2 13 130 M M 0 18 110
19 76 44 60 -2 5 0 0.00 M M 5.1 14 340 M M 0 17 330
20 78 49 64 2 1 0 0.00 M M 4.4 10 110 M M 1 13 110
21 77 52 65 2 0 0 T M M 7.6 32 220 M M 1 43 210
22 60 47 54 -9 11 0 T M M 13.4 38 210 M M 4 48 200
23 52 44 48 -15 17 0 0.08 M M 5.9 22 340 M M 9 26 330
24 61 41 51 -12 14 0 T M M 4.6 18 110 M M 6 23 120
25 56 44 50 -14 15 0 0.23 M M 11.5 25 320 M M 8 31 320
26 61 39 50 -14 15 0 T M M 4.9 22 320 M M 1 28 340
27 65 42 54 -10 11 0 0.00 M M 3.5 17 330 M M 0 22 330
28 65 45 55 -9 10 0 0.00 M M 7.5 25 340 M M 2 32 330
================================================================================
SM 1944 1301 192 1 0.31 M 184.1 M 38
================================================================================
AV 69.4 46.5 6.6 FASTST M M 1 MAX(MPH)
MISC ----> # 38 330 52 240
================================================================================
NOTES:
# LAST OF SEVERAL OCCURRENCES
COLUMN 17 PEAK WIND IN M.P.H.
PRELIMINARY LOCAL CLIMATOLOGICAL DATA (WS FORM: F-6) , PAGE 2
STATION: PALM SPRINGS INTL AIRPORT CA
MONTH: FEBRUARY
YEAR: 2023
LATITUDE: 33 49 N
LONGITUDE: 116 30 W
[TEMPERATURE DATA] [PRECIPITATION DATA] SYMBOLS USED IN COLUMN 16
AVERAGE MONTHLY: 57.9 TOTAL FOR MONTH: 0.31 1 = FOG OR MIST
DPTR FM NORMAL: -3.8 DPTR FM NORMAL: -0.80 2 = FOG REDUCING VISIBILITY
HIGHEST: 79 ON 9, 8 GRTST 24HR 0.23 ON 25-25 TO 1/4 MILE OR LESS
LOWEST: 39 ON 26,16 3 = THUNDER
SNOW, ICE PELLETS, HAIL 4 = ICE PELLETS
TOTAL MONTH: M 5 = HAIL
GRTST 24HR M ON M 6 = FREEZING RAIN OR DRIZZLE
GRTST DEPTH: M ON M 7 = DUSTSTORM OR SANDSTORM:
VSBY 1/2 MILE OR LESS
8 = SMOKE OR HAZE
[NO. OF DAYS WITH] [WEATHER - DAYS WITH] 9 = BLOWING SNOW
X = TORNADO
MAX 32 OR BELOW: 0 0.01 INCH OR MORE: 2
MAX 90 OR ABOVE: 0 0.10 INCH OR MORE: 1
MIN 32 OR BELOW: 0 0.50 INCH OR MORE: 0
MIN 0 OR BELOW: 0 1.00 INCH OR MORE: 0
[HDD (BASE 65) ]
TOTAL THIS MO. 192 CLEAR (SCALE 0-3) 24
DPTR FM NORMAL 62 PTCLDY (SCALE 4-7) 2
TOTAL FM JUL 1 774 CLOUDY (SCALE 8-10) 2
DPTR FM NORMAL 140
[CDD (BASE 65) ]
TOTAL THIS MO. 1
DPTR FM NORMAL -37 [PRESSURE DATA]
TOTAL FM JAN 1 1 HIGHEST SLP 30.39 ON 2
DPTR FM NORMAL -50 LOWEST SLP 29.42 ON 21
[REMARKS]
#FINAL-02-23#