000
CXUS55 KPUB 011737 RRA
CF6PUB
PRELIMINARY LOCAL CLIMATOLOGICAL DATA (WS FORM: F-6)
STATION: PUEBLO CO
MONTH: APRIL
YEAR: 2023
LATITUDE: 38 16 N
LONGITUDE: 104 31 W
TEMPERATURE IN F: :PCPN: SNOW: WIND :SUNSHINE: SKY :PK WND
================================================================================
1 2 3 4 5 6A 6B 7 8 9 10 11 12 13 14 15 16 17 18
12Z AVG MX 2MIN
DY MAX MIN AVG DEP HDD CDD WTR SNW DPTH SPD SPD DIR MIN PSBL S-S WX SPD DR
================================================================================
1 73 24 49 1 16 0 0.00 0.0 0 6.7 20 320 M M 0 28 340
2 78 28 53 5 12 0 0.00 0.0 0 11.3 35 300 M M 0 46 300
3 78 31 55 7 10 0 0.00 0.0 0 14.5 41 220 M M 1 58 220
4 63 29 46 -3 19 0 T T 0 19.9 36 240 M M 4 8 52 240
5 48 24 36 -13 29 0 0.00 0.0 0 8.4 20 150 M M 6 32 140
6 57 23 40 -9 25 0 0.00 0.0 0 7.7 18 110 M M 0 22 110
7 73 28 51 2 14 0 0.00 0.0 0 6.7 20 190 M M 0 35 160
8 76 28 52 2 13 0 T 0.0 0 8.4 29 290 M M 1 44 300
9 74 37 56 6 9 0 0.00 0.0 0 6.9 15 100 M M 0 20 80
10 79 31 55 5 10 0 0.00 0.0 0 4.1 13 120 M M 0 16 100
11 89 32 61 11 4 0 0.00 0.0 0 7.6 23 150 M M 0 34 160
12 90 38 64 14 1 0 0.00 0.0 0 6.8 26 220 M M 0 38 230
13 83 48 66 16 0 1 0.00 0.0 0 10.7 30 220 M M 0 42 240
14 68 40 54 3 11 0 T 0.0 0 13.5 41 10 M M 4 52 360
15 58 29 44 -7 21 0 0.08 0.1 0 8.2 24 50 M M 4 12 32 10
16 67 22 45 -6 20 0 0.00 0.0 0 7.5 18 100 M M 0 25 120
17 80 27 54 3 11 0 0.00 0.0 0 8.4 26 290 M M 0 40 290
18 83 35 59 7 6 0 0.00 0.0 0 11.3 33 230 M M 1 8 48 220
19 76 38 57 5 8 0 0.00 0.0 0 18.8 41 10 M M 1 52 20
20 60 25 43 -9 22 0 0.00 0.0 0 12.7 30 30 M M 1 43 270
21 61 27 44 -8 21 0 0.00 0.0 0 11.0 22 260 M M 3 29 290
22 42 30 36 -17 29 0 0.14 1.6 T 6.7 18 60 M M 10 1 24 50
23 60 30 45 -8 20 0 0.00 0.0 0 5.6 15 100 M M 4 1 20 110
24 71 31 51 -2 14 0 0.02 0.0 0 6.2 26 260 M M 4 33 260
25 58 38 48 -6 17 0 1.40 0.0 0 9.6 24 360 M M 8 13 30 100
26 51 37 44 -10 21 0 0.69 0.0 0 8.2 20 30 M M 7 1 25 30
27 72 32 52 -2 13 0 T 0.0 0 11.0 43 20 M M 3 12 55 30
28 61 40 51 -4 14 0 T 0.0 0 12.8 33 20 M M 5 42 20
29 77 36 57 2 8 0 0.00 0.0 0 4.6 13 130 M M 0 20 130
30 69 45 57 2 8 0 0.00 0.0 0 5.8 15 90 M M 0 21 130
================================================================================
SM 2075 963 426 1 2.33 1.7 281.6 M 67
================================================================================
AV 69.2 32.1 9.4 FASTST M M 2 MAX(MPH)
MISC ----> 43 20 58 220
================================================================================
NOTES:
COLUMN 17 PEAK WIND IN M.P.H.
PRELIMINARY LOCAL CLIMATOLOGICAL DATA (WS FORM: F-6) , PAGE 2
STATION: PUEBLO CO
MONTH: APRIL
YEAR: 2023
LATITUDE: 38 16 N
LONGITUDE: 104 31 W
[TEMPERATURE DATA] [PRECIPITATION DATA] SYMBOLS USED IN COLUMN 16
AVERAGE MONTHLY: 50.6 TOTAL FOR MONTH: 2.33 1 = FOG OR MIST
DPTR FM NORMAL: -0.7 DPTR FM NORMAL: 0.76 2 = FOG REDUCING VISIBILITY
HIGHEST: 90 ON 12 GRTST 24HR 2.09 ON 25-26 TO 1/4 MILE OR LESS
LOWEST: 22 ON 16 3 = THUNDER
SNOW, ICE PELLETS, HAIL 4 = ICE PELLETS
TOTAL MONTH: 1.7 INCHES 5 = HAIL
GRTST 24HR 1.6 ON 22 6 = FREEZING RAIN OR DRIZZLE
GRTST DEPTH: T ON 22 7 = DUSTSTORM OR SANDSTORM:
VSBY 1/2 MILE OR LESS
8 = SMOKE OR HAZE
[NO. OF DAYS WITH] [WEATHER - DAYS WITH] 9 = BLOWING SNOW
X = TORNADO
MAX 32 OR BELOW: 0 0.01 INCH OR MORE: 5
MAX 90 OR ABOVE: 1 0.10 INCH OR MORE: 3
MIN 32 OR BELOW: 19 0.50 INCH OR MORE: 2
MIN 0 OR BELOW: 0 1.00 INCH OR MORE: 1
[HDD (BASE 65) ]
TOTAL THIS MO. 426 CLEAR (SCALE 0-3) 20
DPTR FM NORMAL 13 PTCLDY (SCALE 4-7) 8
TOTAL FM JUL 1 5414 CLOUDY (SCALE 8-10) 2
DPTR FM NORMAL 255
[CDD (BASE 65) ]
TOTAL THIS MO. 1
DPTR FM NORMAL -1 [PRESSURE DATA]
TOTAL FM JAN 1 1 HIGHEST SLP 30.34 ON 15
DPTR FM NORMAL -1 LOWEST SLP 29.08 ON 4
[REMARKS]
#FINAL-04-23#