000
CXUS56 KOTX 070134
CF6PUW
PRELIMINARY LOCAL CLIMATOLOGICAL DATA (WS FORM: F-6)
STATION: PULLMAN-MOSCOW AIRPORT
MONTH: SEPTEMBER
YEAR: 2020
LATITUDE: 46 44 N
LONGITUDE: 117 7 W
TEMPERATURE IN F: :PCPN: SNOW: WIND :SUNSHINE: SKY :PK WND
================================================================================
1 2 3 4 5 6A 6B 7 8 9 10 11 12 13 14 15 16 17 18
12Z AVG MX 2MIN
DY MAX MIN AVG DEP HDD CDD WTR SNW DPTH SPD SPD DIR MIN PSBL S-S WX SPD DR
================================================================================
1 83 51 67 5 0 2 0.00 M M 5.7 15 270 M M 0 8 20 280
2 86 49 68 6 0 3 0.00 M M 7.3 22 250 M M 0 8 29 250
3 87 49 68 6 0 3 0.00 M M 2.2 10 260 M M 0 8 14 290
4 96 55 76 14 0 11 0.00 M M 6.1 17 90 M M 0 8 22 90
5 89 52 71 9 0 6 0.00 M M 4.2 17 280 M M 0 8 23 270
6 87 49 68 7 0 3 0.00 M M 3.7 15 280 M M 0 19 290
7 73 44 59 -2 6 0 0.00 M M 14.8 33 40 M M 1 8 41 10
8 69 37 53 -8 12 0 0.00 M M 6.1 20 100 M M 0 28 80
9 81 44 63 3 2 0 0.00 M M 5.9 20 100 M M 0 8 25 90
10 85 48 67 7 0 2 0.00 M M 3.4 14 100 M M 0 8 17 100
11 84 44 64 4 1 0 0.00 M M 1.5 8 240 M M 0 8 10 240
12 77 48 63 4 2 0 0.00 M M 2.3 13 100 M M 7 8 14 100
13 80 48 64 5 1 0 0.00 M M 4.4 16 100 M M 10 8 19 90
14 81 50 66 7 0 1 0.00 M M 3.9 12 100 M M 10 8 15 90
15 79 45 62 4 3 0 0.00 M M 1.6 8 110 M M 10 8 10 100
16 84 49 67 9 0 2 0.00 M M 4.5 18 100 M M 10 8 22 90
17 79 46 63 5 2 0 0.00 M M 2.6 13 110 M M 10 8 16 100
18 76 45 61 3 4 0 T M M 2.3 12 250 M M 10 8 15 250
19 62 53 58 1 7 0 0.10 M M 4.7 15 250 M M 9 18 19 280
20 71 45 58 1 7 0 T M M 1.9 10 240 M M 3 13 270
21 76 50 63 7 2 0 0.00 M M 3.5 10 10 M M 0 8 13 30
22 72 51 62 6 3 0 T M M 1.7 12 220 M M 2 8 13 220
23 75 52 64 8 1 0 0.00 M M 4.2 23 260 M M 1 8 32 260
24 66 47 57 2 8 0 0.01 M M 12.1 24 240 M M 4 8 33 220
25 62 43 53 -2 12 0 0.02 M M 9.6 23 240 M M 6 18 33 240
26 63 39 51 -4 14 0 0.04 M M 10.2 23 250 M M 5 31 240
27 64 37 51 -3 14 0 0.00 M M 2.9 12 280 M M 0 M M
28 73 41 57 3 8 0 0.00 M M 6.8 20 100 M M 0 8 23 90
29 83 47 65 11 0 0 0.00 M M 6.2 20 90 M M 0 8 24 90
30 82 46 64 11 1 0 0.00 M M 2.0 10 110 M M 0 8 13 100
================================================================================
SM 2325 1404 110 33 0.17 M 148.3 M 98
================================================================================
AV 77.5 46.8 4.9 FASTST M M 3 MAX(MPH)
MISC ----> # 33 40 # 41 10
================================================================================
NOTES:
# LAST OF SEVERAL OCCURRENCES
COLUMN 17 PEAK WIND IN M.P.H.
PRELIMINARY LOCAL CLIMATOLOGICAL DATA (WS FORM: F-6) , PAGE 2
STATION: PULLMAN-MOSCOW AIRPORT
MONTH: SEPTEMBER
YEAR: 2020
LATITUDE: 46 44 N
LONGITUDE: 117 7 W
[TEMPERATURE DATA] [PRECIPITATION DATA] SYMBOLS USED IN COLUMN 16
AVERAGE MONTHLY: 62.2 TOTAL FOR MONTH: 0.17 1 = FOG OR MIST
DPTR FM NORMAL: 4.0 DPTR FM NORMAL: -0.61 2 = FOG REDUCING VISIBILITY
HIGHEST: 96 ON 4 GRTST 24HR 0.10 ON 19-19 TO 1/4 MILE OR LESS
LOWEST: 37 ON 27, 8 3 = THUNDER
SNOW, ICE PELLETS, HAIL 4 = ICE PELLETS
TOTAL MONTH: M 5 = HAIL
GRTST 24HR M ON M 6 = FREEZING RAIN OR DRIZZLE
GRTST DEPTH: M ON M 7 = DUSTSTORM OR SANDSTORM:
VSBY 1/2 MILE OR LESS
8 = SMOKE OR HAZE
[NO. OF DAYS WITH] [WEATHER - DAYS WITH] 9 = BLOWING SNOW
X = TORNADO
MAX 32 OR BELOW: 0 0.01 INCH OR MORE: 4
MAX 90 OR ABOVE: 1 0.10 INCH OR MORE: 1
MIN 32 OR BELOW: 0 0.50 INCH OR MORE: 0
MIN 0 OR BELOW: 0 1.00 INCH OR MORE: 0
[HDD (BASE 65) ]
TOTAL THIS MO. 110 CLEAR (SCALE 0-3) 19
DPTR FM NORMAL -118 PTCLDY (SCALE 4-7) 4
TOTAL FM JUL 1 204 CLOUDY (SCALE 8-10) 7
DPTR FM NORMAL -157
[CDD (BASE 65) ]
TOTAL THIS MO. 33
DPTR FM NORMAL 11 [PRESSURE DATA]
TOTAL FM JAN 1 287 HIGHEST SLP 30.53 ON 8
DPTR FM NORMAL 75 LOWEST SLP 29.75 ON 23
[REMARKS]
#FINAL-09-20#