000
CXUS56 KOTX 070108
CF6PUW
PRELIMINARY LOCAL CLIMATOLOGICAL DATA (WS FORM: F-6)
STATION: PULLMAN-MOSCOW AIRPORT
MONTH: AUGUST
YEAR: 2020
LATITUDE: 46 44 N
LONGITUDE: 117 7 W
TEMPERATURE IN F: :PCPN: SNOW: WIND :SUNSHINE: SKY :PK WND
================================================================================
1 2 3 4 5 6A 6B 7 8 9 10 11 12 13 14 15 16 17 18
12Z AVG MX 2MIN
DY MAX MIN AVG DEP HDD CDD WTR SNW DPTH SPD SPD DIR MIN PSBL S-S WX SPD DR
================================================================================
1 83 55 69 1 0 4 0.00 M M 3.5 10 290 M M 0 8 14 340
2 89 49 69 1 0 4 0.00 M M 3.2 13 280 M M 0 8 15 280
3 84 56 70 2 0 5 0.00 M M 7.0 18 250 M M 0 8 25 250
4 87 50 69 2 0 4 0.00 M M 1.7 9 250 M M 0 8 18 260
5 92 50 71 4 0 6 0.00 M M 3.1 15 260 M M 0 8 20 250
6 79 55 67 0 0 2 0.04 M M 11.0 26 280 M M 6 18 35 290
7 73 46 60 -7 5 0 0.00 M M 4.1 13 220 M M 1 16 240
8 79 48 64 -3 1 0 0.00 M M 5.6 21 260 M M 1 25 260
9 79 49 64 -3 1 0 0.00 M M 4.4 15 250 M M 0 19 260
10 86 46 66 -1 0 1 0.00 M M 2.8 13 230 M M 0 8 16 170
11 85 53 69 2 0 4 0.00 M M 7.6 23 280 M M 0 31 280
12 67 51 59 -8 6 0 T M M 9.4 18 230 M M 2 8 22 230
13 74 44 59 -7 6 0 0.00 M M 5.6 14 280 M M 0 8 18 250
14 82 41 62 -4 3 0 0.00 M M 2.7 12 220 M M 0 8 16 260
15 93 52 73 7 0 8 0.00 M M 5.5 16 90 M M 0 8 19 100
16 100 69 85 19 0 20 0.00 M M 10.3 22 90 M M 0 8 26 90
17 99 63 81 15 0 16 0.00 M M 2.7 13 90 M M 0 8 16 100
18 98 69 84 18 0 19 T M M 5.3 15 240 M M 1 8 19 240
19 89 61 75 9 0 10 0.01 M M 3.5 12 250 M M 1 38 18 250
20 84 56 70 5 0 5 0.00 M M 3.9 15 240 M M 2 8 19 230
21 87 54 71 6 0 6 0.00 M M 5.7 17 270 M M 0 8 24 270
22 80 52 66 1 0 1 0.00 M M 5.4 18 250 M M 2 8 23 270
23 87 49 68 3 0 3 0.00 M M 2.1 10 230 M M 0 8 17 280
24 82 52 67 3 0 2 0.00 M M 5.4 15 100 M M 0 8 19 90
25 80 54 67 3 0 2 0.00 M M 2.8 9 230 M M 0 8 13 220
26 83 48 66 2 0 1 0.00 M M 2.1 10 260 M M 0 8 16 280
27 82 44 63 -1 2 0 0.00 M M 2.7 12 260 M M 0 8 14 260
28 84 45 65 1 0 0 0.00 M M 1.8 9 330 M M 0 8 14 280
29 80 48 64 1 1 0 0.00 M M 9.0 21 240 M M 1 8 26 260
30 72 50 61 -2 4 0 T M M 9.3 17 260 M M 1 25 230
31 73 52 63 0 2 0 T M M 7.5 17 250 M M 5 8 22 240
================================================================================
SM 2592 1611 31 123 0.05 M 156.7 M 23
================================================================================
AV 83.6 52.0 5.1 FASTST M M 1 MAX(MPH)
MISC ----> # 26 280 # 35 290
================================================================================
NOTES:
# LAST OF SEVERAL OCCURRENCES
COLUMN 17 PEAK WIND IN M.P.H.
PRELIMINARY LOCAL CLIMATOLOGICAL DATA (WS FORM: F-6) , PAGE 2
STATION: PULLMAN-MOSCOW AIRPORT
MONTH: AUGUST
YEAR: 2020
LATITUDE: 46 44 N
LONGITUDE: 117 7 W
[TEMPERATURE DATA] [PRECIPITATION DATA] SYMBOLS USED IN COLUMN 16
AVERAGE MONTHLY: 67.8 TOTAL FOR MONTH: 0.05 1 = FOG OR MIST
DPTR FM NORMAL: 2.1 DPTR FM NORMAL: -0.58 2 = FOG REDUCING VISIBILITY
HIGHEST: 100 ON 16 GRTST 24HR 0.04 ON 6- 6 TO 1/4 MILE OR LESS
LOWEST: 41 ON 14 3 = THUNDER
SNOW, ICE PELLETS, HAIL 4 = ICE PELLETS
TOTAL MONTH: M 5 = HAIL
GRTST 24HR M ON M 6 = FREEZING RAIN OR DRIZZLE
GRTST DEPTH: M ON M 7 = DUSTSTORM OR SANDSTORM:
VSBY 1/2 MILE OR LESS
8 = SMOKE OR HAZE
[NO. OF DAYS WITH] [WEATHER - DAYS WITH] 9 = BLOWING SNOW
X = TORNADO
MAX 32 OR BELOW: 0 0.01 INCH OR MORE: 2
MAX 90 OR ABOVE: 5 0.10 INCH OR MORE: 0
MIN 32 OR BELOW: 0 0.50 INCH OR MORE: 0
MIN 0 OR BELOW: 0 1.00 INCH OR MORE: 0
[HDD (BASE 65) ]
TOTAL THIS MO. 31 CLEAR (SCALE 0-3) 29
DPTR FM NORMAL -38 PTCLDY (SCALE 4-7) 2
TOTAL FM JUL 1 94 CLOUDY (SCALE 8-10) 0
DPTR FM NORMAL -39
[CDD (BASE 65) ]
TOTAL THIS MO. 123
DPTR FM NORMAL 33 [PRESSURE DATA]
TOTAL FM JAN 1 254 HIGHEST SLP 30.22 ON 14
DPTR FM NORMAL 64 LOWEST SLP 29.68 ON 6
[REMARKS]
#FINAL-08-20#