000
CXUS51 KBOX 010810
CF6PVD
PRELIMINARY LOCAL CLIMATOLOGICAL DATA (WS FORM: F-6)
STATION: PROVIDENCE RI
MONTH: SEPTEMBER
YEAR: 2022
LATITUDE: 41 43 N
LONGITUDE: 71 26 W
TEMPERATURE IN F: :PCPN: SNOW: WIND :SUNSHINE: SKY :PK WND
================================================================================
1 2 3 4 5 6A 6B 7 8 9 10 11 12 13 14 15 16 17 18
12Z AVG MX 2MIN
DY MAX MIN AVG DEP HDD CDD WTR SNW DPTH SPD SPD DIR MIN PSBL S-S WX SPD DR
================================================================================
1 81 61 71 1 0 6 0.00 0.0 0 10.1 21 310 M M 1 29 280
2 77 56 67 -3 0 2 0.00 0.0 0 5.5 16 10 M M 1 20 10
3 78 56 67 -3 0 2 0.00 0.0 0 4.8 14 170 M M 4 17 170
4 83 60 72 2 0 7 T 0.0 0 5.8 16 150 M M 5 20 150
5 77 63 70 1 0 5 2.19 0.0 0 6.3 17 160 M M 9 1 21 150
6 67 61 64 -5 1 0 1.58 0.0 0 6.9 13 70 M M 10 1 17 90
7 71 60 66 -3 0 1 T 0.0 0 10.9 18 40 M M 8 1 25 30
8 76 58 67 -1 0 2 0.00 0.0 0 9.4 17 60 M M 4 20 40
9 79 58 69 1 0 4 0.00 0.0 0 5.7 12 10 M M 3 16 20
10 85 61 73 5 0 8 0.00 0.0 0 4.3 12 310 M M 2 14 300
11 81 65 73 6 0 8 0.01 0.0 0 6.1 12 270 M M 7 16 280
12 75 64 70 3 0 5 0.33 0.0 0 2.5 7 110 M M 9 1 8 100
13 74 68 71 4 0 6 0.34 0.0 0 5.7 16 130 M M 9 123 19 130
14 79 60 70 4 0 5 0.00 0.0 0 9.9 20 280 M M 3 24 290
15 72 52 62 -4 3 0 0.00 0.0 0 10.2 20 360 M M 1 26 340
16 73 49 61 -5 4 0 0.00 0.0 0 6.2 14 350 M M 3 23 320
17 69 50 60 -5 5 0 0.00 0.0 0 5.7 15 170 M M 1 17 180
18 81 56 69 4 0 4 0.00 0.0 0 9.5 21 250 M M 5 27 250
19 73 64 69 5 0 4 0.05 0.0 0 7.3 25 260 M M 9 13 31 260
20 73 60 67 3 0 2 0.02 0.0 0 5.1 12 30 M M 8 1 15 30
21 70 58 64 0 1 0 0.01 0.0 0 5.9 13 210 M M 7 1 15 140
22 72 55 64 1 1 0 1.12 0.0 0 8.8 24 320 M M 7 13 34 320
23 63 48 56 -7 9 0 0.00 0.0 0 15.6 25 310 M M 2 36 310
24 69 46 58 -5 7 0 0.00 0.0 0 9.6 22 320 M M 1 28 300
25 70 48 59 -3 6 0 0.18 0.0 0 7.7 22 250 M M 6 13 30 240
26 73 57 65 3 0 0 0.12 0.0 0 8.5 22 230 M M 4 13 30 200
27 73 54 64 3 1 0 0.00 0.0 0 6.9 21 220 M M 4 1 27 200
28 71 48 60 -1 5 0 0.00 0.0 0 6.9 14 300 M M 4 19 310
29 67 51 59 -2 6 0 0.00 0.0 0 8.3 16 360 M M 4 22 360
30 64 46 55 -5 10 0 0.00 0.0 0 6.9 13 40 M M 7 18 50
================================================================================
SM 2216 1693 59 71 5.95 0.0 223.0 M 148
================================================================================
AV 73.9 56.4 7.4 FASTST M M 5 MAX(MPH)
MISC ----> # 25 260 36 310
================================================================================
NOTES:
# LAST OF SEVERAL OCCURRENCES
COLUMN 17 PEAK WIND IN M.P.H.
PRELIMINARY LOCAL CLIMATOLOGICAL DATA (WS FORM: F-6) , PAGE 2
STATION: PROVIDENCE RI
MONTH: SEPTEMBER
YEAR: 2022
LATITUDE: 41 43 N
LONGITUDE: 71 26 W
[TEMPERATURE DATA] [PRECIPITATION DATA] SYMBOLS USED IN COLUMN 16
AVERAGE MONTHLY: 65.2 TOTAL FOR MONTH: 5.95 1 = FOG OR MIST
DPTR FM NORMAL: -0.4 DPTR FM NORMAL: 1.78 2 = FOG REDUCING VISIBILITY
HIGHEST: 85 ON 10 GRTST 24HR 3.69 ON 5- 6 TO 1/4 MILE OR LESS
LOWEST: 46 ON 30,24 3 = THUNDER
SNOW, ICE PELLETS, HAIL 4 = ICE PELLETS
TOTAL MONTH: 0.0 INCH 5 = HAIL
GRTST 24HR 0.0 6 = FREEZING RAIN OR DRIZZLE
GRTST DEPTH: 0 7 = DUSTSTORM OR SANDSTORM:
VSBY 1/2 MILE OR LESS
8 = SMOKE OR HAZE
[NO. OF DAYS WITH] [WEATHER - DAYS WITH] 9 = BLOWING SNOW
X = TORNADO
MAX 32 OR BELOW: 0 0.01 INCH OR MORE: 11
MAX 90 OR ABOVE: 0 0.10 INCH OR MORE: 7
MIN 32 OR BELOW: 0 0.50 INCH OR MORE: 3
MIN 0 OR BELOW: 0 1.00 INCH OR MORE: 3
[HDD (BASE 65) ]
TOTAL THIS MO. 59 CLEAR (SCALE 0-3) 10
DPTR FM NORMAL -12 PTCLDY (SCALE 4-7) 14
TOTAL FM JUL 1 59 CLOUDY (SCALE 8-10) 6
DPTR FM NORMAL -16
[CDD (BASE 65) ]
TOTAL THIS MO. 71
DPTR FM NORMAL -20 [PRESSURE DATA]
TOTAL FM JAN 1 1021 HIGHEST SLP 30.38 ON 29
DPTR FM NORMAL 218 LOWEST SLP 29.47 ON 22
[REMARKS]
#FINAL-09-22#