000
CXUS51 KBOX 031238
CF6PVD
PRELIMINARY LOCAL CLIMATOLOGICAL DATA (WS FORM: F-6)
STATION: PROVIDENCE RI
MONTH: JULY
YEAR: 2021
LATITUDE: 41 43 N
LONGITUDE: 71 26 W
TEMPERATURE IN F: :PCPN: SNOW: WIND :SUNSHINE: SKY :PK WND
================================================================================
1 2 3 4 5 6A 6B 7 8 9 10 11 12 13 14 15 16 17 18
12Z AVG MX 2MIN
DY MAX MIN AVG DEP HDD CDD WTR SNW DPTH SPD SPD DIR MIN PSBL S-S WX SPD DR
================================================================================
1 86 71 79 6 0 14 0.56 0.0 0 5.8 13 310 M M 8 138 16 320
2 72 59 66 -7 0 1 0.46 0.0 0 10.2 17 20 M M 10 1 22 30
3 62 55 59 -14 6 0 0.97 0.0 0 10.2 24 20 M M 10 13 32 20
4 72 56 64 -9 1 0 0.06 0.0 0 4.7 13 60 M M 8 18 16 60
5 73 59 66 -8 0 1 0.00 0.0 0 7.1 16 170 M M 9 19 180
6 90 69 80 6 0 15 0.26 0.0 0 10.9 22 320 M M 7 13 31 320
7 92 70 81 7 0 16 T 0.0 0 8.4 23 280 M M 4 30 280
8 76 66 71 -3 0 6 0.15 0.0 0 7.2 23 280 M M 8 13 30 280
9 79 66 73 -1 0 8 2.05 0.0 0 9.4 25 340 M M 9 123 33 310
10 79 63 71 -3 0 6 T 0.0 0 6.7 16 10 M M 7 13 19 40
11 79 61 70 -4 0 5 T 0.0 0 5.8 14 190 M M 7 1 18 180
12 74 66 70 -4 0 5 0.63 0.0 0 7.1 15 50 M M 10 12 20 30
13 72 64 68 -7 0 3 T 0.0 0 6.5 10 60 M M 10 1 13 50
14 83 67 75 0 0 10 0.00 0.0 0 4.4 12 160 M M 8 12 15 160
15 87 71 79 4 0 14 0.00 0.0 0 5.3 16 220 M M 4 18 19 220
16 91 73 82 7 0 17 T 0.0 0 7.3 20 210 M M 6 13 25 220
17 87 71 79 4 0 14 1.52 0.0 0 5.8 22 360 M M 6 1238 27 220
18 83 70 77 2 0 12 0.03 0.0 0 8.3 17 150 M M 9 1 22 150
19 76 69 73 -2 0 8 0.08 0.0 0 3.9 12 350 M M 9 18 14 340
20 86 67 77 2 0 12 0.00 0.0 0 5.2 10 230 M M 4 18 14 240
21 85 68 77 2 0 12 0.05 0.0 0 5.6 10 360 M M 4 18 16 320
22 83 64 74 -1 0 9 T 0.0 0 8.0 15 360 M M 4 18 360
23 82 63 73 -2 0 8 0.03 0.0 0 5.7 18 70 M M 4 3 22 70
24 81 60 71 -4 0 6 0.00 0.0 0 5.5 15 150 M M 3 19 160
25 76 66 71 -4 0 6 0.08 0.0 0 9.9 21 210 M M 7 18 29 200
26 90 71 81 6 0 16 0.00 0.0 0 6.8 16 280 M M 6 18 20 270
27 90 68 79 4 0 14 0.03 0.0 0 6.9 25 340 M M 3 18 33 350
28 77 64 71 -4 0 6 0.10 0.0 0 6.0 15 10 M M 7 1 23 350
29 79 63 71 -4 0 6 0.06 0.0 0 10.5 22 180 M M 8 1 29 180
30 83 62 73 -2 0 8 0.00 0.0 0 10.3 21 350 M M 4 27 350
31 76 55 66 -9 0 1 0.00 0.0 0 7.0 15 260 M M 2 21 260
================================================================================
SM 2501 2017 7 259 7.12 0.0 222.4 M 205
================================================================================
AV 80.7 65.1 7.2 FASTST M M 7 MAX(MPH)
MISC ----> # 25 340 # 33 310
================================================================================
NOTES:
# LAST OF SEVERAL OCCURRENCES
COLUMN 17 PEAK WIND IN M.P.H.
PRELIMINARY LOCAL CLIMATOLOGICAL DATA (WS FORM: F-6) , PAGE 2
STATION: PROVIDENCE RI
MONTH: JULY
YEAR: 2021
LATITUDE: 41 43 N
LONGITUDE: 71 26 W
[TEMPERATURE DATA] [PRECIPITATION DATA] SYMBOLS USED IN COLUMN 16
AVERAGE MONTHLY: 72.9 TOTAL FOR MONTH: 7.12 1 = FOG OR MIST
DPTR FM NORMAL: -1.5 DPTR FM NORMAL: 4.21 2 = FOG REDUCING VISIBILITY
HIGHEST: 92 ON 7 GRTST 24HR 2.05 ON 9- 9 TO 1/4 MILE OR LESS
LOWEST: 55 ON 31, 3 3 = THUNDER
SNOW, ICE PELLETS, HAIL 4 = ICE PELLETS
TOTAL MONTH: 0.0 INCH 5 = HAIL
GRTST 24HR 0.0 6 = FREEZING RAIN OR DRIZZLE
GRTST DEPTH: 0 7 = DUSTSTORM OR SANDSTORM:
VSBY 1/2 MILE OR LESS
8 = SMOKE OR HAZE
[NO. OF DAYS WITH] [WEATHER - DAYS WITH] 9 = BLOWING SNOW
X = TORNADO
MAX 32 OR BELOW: 0 0.01 INCH OR MORE: 17
MAX 90 OR ABOVE: 5 0.10 INCH OR MORE: 9
MIN 32 OR BELOW: 0 0.50 INCH OR MORE: 5
MIN 0 OR BELOW: 0 1.00 INCH OR MORE: 2
[HDD (BASE 65) ]
TOTAL THIS MO. 7 CLEAR (SCALE 0-3) 1
DPTR FM NORMAL 5 PTCLDY (SCALE 4-7) 21
TOTAL FM JUL 1 7 CLOUDY (SCALE 8-10) 9
DPTR FM NORMAL 7
[CDD (BASE 65) ]
TOTAL THIS MO. 259
DPTR FM NORMAL -34 [PRESSURE DATA]
TOTAL FM JAN 1 524 HIGHEST SLP 30.30 ON 13
DPTR FM NORMAL 64 LOWEST SLP 29.54 ON 9
[REMARKS]
#FINAL-07-21#