000
CXUS53 KMKX 010810
CF6RAC
PRELIMINARY LOCAL CLIMATOLOGICAL DATA (WS FORM: F-6)
STATION: RACINE WI
MONTH: SEPTEMBER
YEAR: 2021
LATITUDE: 42 45 N
LONGITUDE: 87 49 W
TEMPERATURE IN F: :PCPN: SNOW: WIND :SUNSHINE: SKY :PK WND
================================================================================
1 2 3 4 5 6A 6B 7 8 9 10 11 12 13 14 15 16 17 18
12Z AVG MX 2MIN
DY MAX MIN AVG DEP HDD CDD WTR SNW DPTH SPD SPD DIR MIN PSBL S-S WX SPD DR
================================================================================
1 76 65 71 2 0 6 0.00 M M 11.0 21 20 M M 1 30 10
2 77 57 67 -1 0 2 0.00 M M 6.2 15 120 M M 0 8 23 150
3 76 57 67 -1 0 2 0.01 M M 7.6 16 170 M M 5 23 160
4 77 61 69 1 0 4 0.03 M M 7.7 15 170 M M 8 22 170
5 82 59 71 3 0 6 0.04 M M 8.7 20 270 M M 2 8 30 250
6 75 57 66 -1 0 1 0.00 M M 7.1 15 130 M M 1 19 130
7 84 62 73 6 0 8 0.17 M M 8.3 21 220 M M 1 3 31 260
8 77 57 67 0 0 2 0.00 M M 8.5 20 290 M M 3 27 270
9 75 54 65 -1 0 0 0.00 M M 5.7 12 110 M M 1 15 50
10 80 55 68 2 0 3 0.00 M M 6.8 17 160 M M 1 23 160
11 87 60 74 8 0 9 0.00 M M 7.1 18 260 M M 0 30 240
12 77 66 72 7 0 7 0.00 M M 6.6 21 10 M M 4 29 10
13 71 64 68 3 0 3 0.09 M M 7.4 20 350 M M 8 1238 35 10
14 84 64 74 9 0 9 0.00 M M 10.9 21 230 M M 2 12 30 300
15 76 53 65 1 0 0 0.00 M M 5.4 13 80 M M 1 18 70
16 78 51 65 1 0 0 0.00 M M 7.2 20 160 M M 0 25 140
17 90 63 77 13 0 12 0.07 M M 9.8 20 240 M M 2 30 250
18 74 56 65 2 0 0 0.00 M M 8.7 20 70 M M 0 25 60
19 78 57 68 5 0 3 0.00 M M 6.3 14 130 M M 1 19 150
20 77 70 74 12 0 9 0.11 M M 11.5 20 180 M M 5 18 28 170
21 76 59 68 6 0 3 0.20 M M 8.7 22 220 M M 8 1 36 220
22 63 56 60 -2 5 0 0.12 0.0 0 18.4 28 360 M M 4 1 41 350
23 67 51 59 -2 6 0 0.00 M M 10.7 22 350 M M 1 32 340
24 80 53 67 6 0 2 0.11 M M 10.9 26 220 M M 2 1 40 200
25 69 48 59 -1 6 0 0.00 M M 8.7 20 250 M M 2 33 290
26 86 53 70 10 0 5 0.00 M M 11.7 23 230 M M 0 34 220
27 81 61 71 11 0 6 0.00 M M 12.4 21 20 M M 2 28 30
28 68 52 60 1 5 0 0.00 M M 6.1 14 50 M M 1 19 40
29 74 50 62 3 3 0 0.00 M M 3.3 10 110 M M 0 14 110
30 73 52 63 5 2 0 0.00 M M 3.2 10 110 M M 1 1 13 110
================================================================================
SM 2308 1723 27 102 0.95 0.0 252.6 M 67
================================================================================
AV 76.9 57.4 8.4 FASTST M M 2 MAX(MPH)
MISC ----> 28 360 41 350
================================================================================
NOTES:
# LAST OF SEVERAL OCCURRENCES
COLUMN 17 PEAK WIND IN M.P.H.
PRELIMINARY LOCAL CLIMATOLOGICAL DATA (WS FORM: F-6) , PAGE 2
STATION: RACINE WI
MONTH: SEPTEMBER
YEAR: 2021
LATITUDE: 42 45 N
LONGITUDE: 87 49 W
[TEMPERATURE DATA] [PRECIPITATION DATA] SYMBOLS USED IN COLUMN 16
AVERAGE MONTHLY: 67.2 TOTAL FOR MONTH: 0.95 1 = FOG OR MIST
DPTR FM NORMAL: 3.2 DPTR FM NORMAL: -2.28 2 = FOG REDUCING VISIBILITY
HIGHEST: 90 ON 17 GRTST 24HR 0.26 ON 20-21 TO 1/4 MILE OR LESS
LOWEST: 48 ON 25 3 = THUNDER
SNOW, ICE PELLETS, HAIL 4 = ICE PELLETS
TOTAL MONTH: 0.0 INCH 5 = HAIL
GRTST 24HR 0.0 6 = FREEZING RAIN OR DRIZZLE
GRTST DEPTH: 0 7 = DUSTSTORM OR SANDSTORM:
VSBY 1/2 MILE OR LESS
8 = SMOKE OR HAZE
[NO. OF DAYS WITH] [WEATHER - DAYS WITH] 9 = BLOWING SNOW
X = TORNADO
MAX 32 OR BELOW: 0 0.01 INCH OR MORE: 10
MAX 90 OR ABOVE: 1 0.10 INCH OR MORE: 5
MIN 32 OR BELOW: 0 0.50 INCH OR MORE: 0
MIN 0 OR BELOW: 0 1.00 INCH OR MORE: 0
[HDD (BASE 65) ]
TOTAL THIS MO. 27 CLEAR (SCALE 0-3) 23
DPTR FM NORMAL -79 PTCLDY (SCALE 4-7) 7
TOTAL FM JUL 1 35 CLOUDY (SCALE 8-10) 0
DPTR FM NORMAL -88
[CDD (BASE 65) ]
TOTAL THIS MO. 102
DPTR FM NORMAL 28 [PRESSURE DATA]
TOTAL FM JAN 1 855 HIGHEST SLP M ON M
DPTR FM NORMAL 208 LOWEST SLP 29.63 ON 7
[REMARKS]
#FINAL-09-21#