000
CXUS56 KSGX 011245
CF6RAL
PRELIMINARY LOCAL CLIMATOLOGICAL DATA (WS FORM: F-6)
STATION: RIVERSIDE MUNI AIRPORT CA
MONTH: AUGUST
YEAR: 2020
LATITUDE: 33 57 N
LONGITUDE: 117 27 W
TEMPERATURE IN F: :PCPN: SNOW: WIND :SUNSHINE: SKY :PK WND
================================================================================
1 2 3 4 5 6A 6B 7 8 9 10 11 12 13 14 15 16 17 18
12Z AVG MX 2MIN
DY MAX MIN AVG DEP HDD CDD WTR SNW DPTH SPD SPD DIR MIN PSBL S-S WX SPD DR
================================================================================
1 103 69 86 6 0 21 0.00 0.0 0 4.7 20 270 M M 0 24 270
2 99 67 83 3 0 18 0.00 0.0 0 5.2 22 270 M M 0 25 280
3 96 64 80 0 0 15 0.00 0.0 0 4.8 18 280 M M 0 24 270
4 89 62 76 -4 0 11 0.00 0.0 0 7.6 18 270 M M 1 18 24 270
5 87 63 75 -5 0 10 0.00 0.0 0 6.3 18 270 M M 3 18 29 320
6 87 63 75 -5 0 10 0.00 0.0 0 5.8 18 270 M M 3 24 270
7 89 59 74 -6 0 9 0.00 0.0 0 5.8 21 270 M M 0 25 270
8 92 62 77 -3 0 12 0.00 0.0 0 5.7 20 270 M M 0 24 270
9 94 62 78 -2 0 13 0.00 0.0 0 5.4 18 270 M M 0 23 270
10 95 62 79 -1 0 14 0.00 0.0 0 6.3 21 270 M M 0 25 270
11 95 62 79 -1 0 14 0.00 0.0 0 4.8 16 270 M M 0 21 270
12 101 60 81 1 0 16 0.00 0.0 0 5.5 18 270 M M 0 24 270
13 102 72 87 7 0 22 0.00 0.0 0 4.4 21 270 M M 0 27 270
14 105 72 89 9 0 24 0.00 0.0 0 4.8 16 250 M M 0 21 270
15 109 75 92 12 0 27 0.00 0.0 0 5.2 18 260 M M 0 23 260
16 102 73 88 8 0 23 0.00 0.0 0 5.6 21 270 M M 0 26 270
17 102 76 89 9 0 24 0.00 0.0 0 4.8 16 270 M M 0 25 270
18 108 74 91 12 0 26 0.00 0.0 0 4.0 14 270 M M 0 18 270
19 106 75 91 12 0 26 0.00 0.0 0 4.7 22 270 M M 0 26 270
20 103 74 89 10 0 24 0.00 0.0 0 4.3 17 270 M M 0 25 270
21 102 73 88 9 0 23 0.00 0.0 0 5.2 21 270 M M 0 25 280
22 99 75 87 8 0 22 0.00 0.0 0 6.4 21 270 M M 0 26 270
23 98 73 86 7 0 21 0.00 0.0 0 6.1 21 270 M M 0 24 270
24 97 73 85 6 0 20 0.00 0.0 0 5.6 20 270 M M 0 24 250
25 99 69 84 5 0 19 0.00 0.0 0 5.1 20 270 M M 0 24 270
26 101 69 85 6 0 20 0.00 0.0 0 4.6 20 270 M M 0 23 270
27 102 69 86 7 0 21 0.00 0.0 0 4.8 20 270 M M 0 24 270
28 99 67 83 4 0 18 0.00 0.0 0 6.0 20 270 M M 0 24 270
29 95 62 79 0 0 14 0.00 0.0 0 6.2 21 270 M M 0 25 270
30 92 59 76 -3 0 11 0.00 0.0 0 5.7 18 260 M M 0 18 23 250
31 89 60 75 -4 0 10 0.00 0.0 0 6.5 18 270 M M 0 22 260
================================================================================
SM 3037 2095 0 558 0.00 0.0 167.9 M 7
================================================================================
AV 98.0 67.6 5.4 FASTST M M 0 MAX(MPH)
MISC ----> # 22 270 # 29 320
================================================================================
NOTES:
# LAST OF SEVERAL OCCURRENCES
COLUMN 17 PEAK WIND IN M.P.H.
PRELIMINARY LOCAL CLIMATOLOGICAL DATA (WS FORM: F-6) , PAGE 2
STATION: RIVERSIDE MUNI AIRPORT CA
MONTH: AUGUST
YEAR: 2020
LATITUDE: 33 57 N
LONGITUDE: 117 27 W
[TEMPERATURE DATA] [PRECIPITATION DATA] SYMBOLS USED IN COLUMN 16
AVERAGE MONTHLY: 82.8 TOTAL FOR MONTH: 0.00 1 = FOG OR MIST
DPTR FM NORMAL: 3.4 DPTR FM NORMAL: -0.08 2 = FOG REDUCING VISIBILITY
HIGHEST: 109 ON 15 GRTST 24HR 0.00 ON 31-31 TO 1/4 MILE OR LESS
LOWEST: 59 ON 30, 7 3 = THUNDER
SNOW, ICE PELLETS, HAIL 4 = ICE PELLETS
TOTAL MONTH: 0.0 INCH 5 = HAIL
GRTST 24HR 0.0 6 = FREEZING RAIN OR DRIZZLE
GRTST DEPTH: 0 7 = DUSTSTORM OR SANDSTORM:
VSBY 1/2 MILE OR LESS
8 = SMOKE OR HAZE
[NO. OF DAYS WITH] [WEATHER - DAYS WITH] 9 = BLOWING SNOW
X = TORNADO
MAX 32 OR BELOW: 0 0.01 INCH OR MORE: 0
MAX 90 OR ABOVE: 26 0.10 INCH OR MORE: 0
MIN 32 OR BELOW: 0 0.50 INCH OR MORE: 0
MIN 0 OR BELOW: 0 1.00 INCH OR MORE: 0
[HDD (BASE 65) ]
TOTAL THIS MO. 0 CLEAR (SCALE 0-3) 31
DPTR FM NORMAL 0 PTCLDY (SCALE 4-7) 0
TOTAL FM JUL 1 0 CLOUDY (SCALE 8-10) 0
DPTR FM NORMAL 0
[CDD (BASE 65) ]
TOTAL THIS MO. 558
DPTR FM NORMAL 112 [PRESSURE DATA]
TOTAL FM JAN 1 1538 HIGHEST SLP M ON M
DPTR FM NORMAL 280 LOWEST SLP 29.65 ON M
[REMARKS]
#FINAL-08-20#