722
CXUS54 KFWD 010731
CF6RBD
PRELIMINARY LOCAL CLIMATOLOGICAL DATA (WS FORM: F-6)
STATION: DALLAS EXECUTIVE
MONTH: APRIL
YEAR: 2020
LATITUDE: 32 40 N
LONGITUDE: 96 52 W
TEMPERATURE IN F: :PCPN: SNOW: WIND :SUNSHINE: SKY :PK WND
================================================================================
1 2 3 4 5 6A 6B 7 8 9 10 11 12 13 14 15 16 17 18
12Z AVG MX 2MIN
DY MAX MIN AVG DEP HDD CDD WTR SNW DPTH SPD SPD DIR MIN PSBL S-S WX SPD DR
================================================================================
1 71 48 60 -1 5 0 0.00 0.0 0 10.4 20 150 M M 0 26 150
2 69 58 64 2 1 0 0.06 0.0 0 13.0 22 160 M M 6 31 170
3 69 41 55 -7 10 0 0.04 0.0 0 13.2 24 310 M M 10 13 33 320
4 50 41 46 -16 19 0 0.03 0.0 0 8.3 17 320 M M 9 23 320
5 66 48 57 -5 8 0 0.00 0.0 0 5.8 10 140 M M 9 18 19 80
6 71 60 66 4 0 1 0.02 0.0 0 5.7 16 160 M M 8 18 20 140
7 88 67 78 15 0 13 0.00 0.0 0 9.1 15 200 M M 2 1 23 220
8 95 74 85 22 0 20 0.00 0.0 0 10.1 18 240 M M 0 28 240
9 77 63 70 7 0 5 0.05 0.0 0 8.0 16 70 M M 2 23 40
10 73 57 65 2 0 0 0.00 0.0 0 9.8 17 80 M M 0 25 70
11 70 57 64 0 1 0 0.06 0.0 0 10.7 22 160 M M 7 13 29 160
12 81 47 64 0 1 0 0.49 0.0 0 13.3 30 340 M M 5 13 42 300
13 58 40 49 -15 16 0 0.00 0.0 0 14.2 24 340 M M 2 33 340
14 57 43 50 -14 15 0 0.00 0.0 0 10.9 18 10 M M 6 29 20
15 66 38 52 -13 13 0 0.00 0.0 0 4.6 12 130 M M 0 14 150
16 74 47 61 -4 4 0 0.00 0.0 0 12.8 25 160 M M 0 33 160
17 66 49 58 -7 7 0 0.00 0.0 0 10.0 23 180 M M 7 34 170
18 69 42 56 -10 9 0 T 0.0 0 6.5 14 170 M M 5 18 30
19 82 61 72 6 0 7 0.42 0.0 0 7.8 18 330 M M 8 13 26 320
20 75 55 65 -1 0 0 0.00 0.0 0 4.8 12 110 M M 4 1 16 150
21 84 60 72 6 0 7 0.00 0.0 0 10.1 20 130 M M 3 27 170
22 85 66 76 10 0 11 0.01 0.0 0 12.6 23 170 M M 5 1 32 180
23 84 59 72 5 0 7 0.00 0.0 0 8.7 16 320 M M 0 23 330
24 92 63 78 11 0 13 0.00 0.0 0 13.5 28 320 M M 0 37 310
25 79 57 68 1 0 3 0.00 0.0 0 10.0 21 340 M M 0 32 350
26 82 53 68 0 0 3 0.00 0.0 0 7.6 16 120 M M 0 22 130
27 85 61 73 5 0 8 0.00 0.0 0 15.8 30 160 M M 0 45 160
28 88 64 76 8 0 11 1.25 0.0 0 14.3 28 180 M M 5 13 37 320
29 79 61 70 2 0 5 0.00 0.0 0 13.1 28 320 M M 2 3 41 300
30 83 53 68 -1 0 3 0.00 0.0 0 6.1 10 160 M M 0 14 160
================================================================================
SM 2268 1633 109 117 2.43 0.0 300.8 M 105
================================================================================
AV 75.6 54.4 10.0 FASTST M M 4 MAX(MPH)
MISC ----> # 30 340 # 45 160
================================================================================
NOTES:
# LAST OF SEVERAL OCCURRENCES
COLUMN 17 PEAK WIND IN M.P.H.
PRELIMINARY LOCAL CLIMATOLOGICAL DATA (WS FORM: F-6) , PAGE 2
STATION: DALLAS EXECUTIVE
MONTH: APRIL
YEAR: 2020
LATITUDE: 32 40 N
LONGITUDE: 96 52 W
[TEMPERATURE DATA] [PRECIPITATION DATA] SYMBOLS USED IN COLUMN 16
AVERAGE MONTHLY: 65.0 TOTAL FOR MONTH: 2.43 1 = FOG OR MIST
DPTR FM NORMAL: 0.1 DPTR FM NORMAL: -0.97 2 = FOG REDUCING VISIBILITY
HIGHEST: 95 ON 8 GRTST 24HR 1.25 ON 28-28 TO 1/4 MILE OR LESS
LOWEST: 38 ON 15 3 = THUNDER
SNOW, ICE PELLETS, HAIL 4 = ICE PELLETS
TOTAL MONTH: 0.0 INCH 5 = HAIL
GRTST 24HR 0.0 6 = FREEZING RAIN OR DRIZZLE
GRTST DEPTH: 0 7 = DUSTSTORM OR SANDSTORM:
VSBY 1/2 MILE OR LESS
8 = SMOKE OR HAZE
[NO. OF DAYS WITH] [WEATHER - DAYS WITH] 9 = BLOWING SNOW
X = TORNADO
MAX 32 OR BELOW: 0 0.01 INCH OR MORE: 10
MAX 90 OR ABOVE: 2 0.10 INCH OR MORE: 3
MIN 32 OR BELOW: 0 0.50 INCH OR MORE: 1
MIN 0 OR BELOW: 0 1.00 INCH OR MORE: 1
[HDD (BASE 65) ]
TOTAL THIS MO. 109 CLEAR (SCALE 0-3) 15
DPTR FM NORMAL 20 PTCLDY (SCALE 4-7) 12
TOTAL FM JUL 1 1857 CLOUDY (SCALE 8-10) 3
DPTR FM NORMAL -382
[CDD (BASE 65) ]
TOTAL THIS MO. 117
DPTR FM NORMAL 31 [PRESSURE DATA]
TOTAL FM JAN 1 208 HIGHEST SLP M ON M
DPTR FM NORMAL 86 LOWEST SLP 29.45 ON 12
[REMARKS]
#FINAL-04-20#