000
CXUS56 KMFR 011030
CF6RBG
PRELIMINARY LOCAL CLIMATOLOGICAL DATA (WS FORM: F-6)
STATION: ROSEBURG OR
MONTH: FEBRUARY
YEAR: 2024
LATITUDE: 43 13 N
LONGITUDE: 123 22 W
TEMPERATURE IN F: :PCPN: SNOW: WIND :SUNSHINE: SKY :PK WND
================================================================================
1 2 3 4 5 6A 6B 7 8 9 10 11 12 13 14 15 16 17 18
12Z AVG MX 2MIN
DY MAX MIN AVG DEP HDD CDD WTR SNW DPTH SPD SPD DIR MIN PSBL S-S WX SPD DR
================================================================================
1 58 44 51 7 14 0 0.00 M M 4.1 16 170 M M 4 29 160
2 53 38 46 2 19 0 0.02 M M 2.6 15 150 M M 5 21 150
3 57 35 46 1 19 0 0.00 M M 1.2 9 220 M M 2 13 210
4 40 30 35 -10 30 0 0.08 M M 1.3 6 150 M M 7 12 8 160
5 46 40 43 -2 22 0 0.69 M M 0.0 7 150 M M 10 1 9 150
6 52 43 48 3 17 0 0.01 M M 1.8 10 310 M M 9 1 14 330
7 52 42 47 2 18 0 0.19 M M 1.4 7 140 M M 10 1 11 280
8 52 39 46 1 19 0 0.05 M M 1.8 9 360 M M 8 1 M M
9 48 38 43 -2 22 0 0.02 M M 0.7 5 100 M M 9 8 150
10 56 41 49 4 16 0 T M M 1.1 7 220 M M 4 10 200
11 59 39 49 4 16 0 T M M 2.3 10 160 M M 8 1 14 230
12 57 42 50 5 15 0 0.00 M M 2.0 13 10 M M 5 16 10
13 58 38 48 3 17 0 0.00 M M 1.7 8 10 M M 4 1 12 10
14 51 39 45 -1 20 0 0.51 M M 3.3 14 160 M M 9 18 19 160
15 54 47 51 5 14 0 0.45 M M 3.1 15 180 M M 10 1 26 180
16 52 45 49 3 16 0 T M M 1.2 9 20 M M 8 12 13 240
17 47 43 45 -1 20 0 0.33 M M 1.9 9 10 M M 10 1 11 360
18 57 45 51 5 14 0 0.05 M M 1.0 8 240 M M 8 12 13 10
19 57 45 51 5 14 0 0.04 M M 1.2 10 170 M M 9 12 14 180
20 61 42 52 6 13 0 T M M 5.0 17 150 M M 6 25 150
21 57 45 51 5 14 0 0.10 M M 1.5 10 180 M M 9 18 180
22 61 43 52 6 13 0 0.00 M M 1.1 7 220 M M 5 1 10 220
23 65 42 54 7 11 0 0.00 M M 1.2 8 360 M M 3 12 350
24 62 38 50 3 15 0 0.00 M M 1.2 9 10 M M 3 12 13 360
25 62 39 51 4 14 0 0.00 M M 1.8 13 220 M M 6 12 19 220
26 51 36 44 -3 21 0 0.29 M M 4.6 16 350 M M 8 1 26 310
27 50 36 43 -4 22 0 T M M 4.2 10 170 M M 9 16 180
28 58 41 50 3 15 0 0.01 M M 5.0 15 180 M M 7 28 190
29 56 38 47 0 18 0 1.71 M M 5.1 14 160 M M 10 1 22 160
================================================================================
SM 1589 1173 498 0 4.55 M 64.4 M 205
================================================================================
AV 54.8 40.4 2.2 FASTST M M 7 MAX(MPH)
MISC ----> 17 150 29 160
================================================================================
NOTES:
# LAST OF SEVERAL OCCURRENCES
COLUMN 17 PEAK WIND IN M.P.H.
PRELIMINARY LOCAL CLIMATOLOGICAL DATA (WS FORM: F-6) , PAGE 2
STATION: ROSEBURG OR
MONTH: FEBRUARY
YEAR: 2024
LATITUDE: 43 13 N
LONGITUDE: 123 22 W
[TEMPERATURE DATA] [PRECIPITATION DATA] SYMBOLS USED IN COLUMN 16
AVERAGE MONTHLY: 47.6 TOTAL FOR MONTH: 4.55 1 = FOG OR MIST
DPTR FM NORMAL: 1.9 DPTR FM NORMAL: 0.93 2 = FOG REDUCING VISIBILITY
HIGHEST: 65 ON 23 GRTST 24HR 1.71 ON 29-29 TO 1/4 MILE OR LESS
LOWEST: 30 ON 4 3 = THUNDER
SNOW, ICE PELLETS, HAIL 4 = ICE PELLETS
TOTAL MONTH: M 5 = HAIL
GRTST 24HR M ON M 6 = FREEZING RAIN OR DRIZZLE
GRTST DEPTH: M ON M 7 = DUSTSTORM OR SANDSTORM:
VSBY 1/2 MILE OR LESS
8 = SMOKE OR HAZE
[NO. OF DAYS WITH] [WEATHER - DAYS WITH] 9 = BLOWING SNOW
X = TORNADO
MAX 32 OR BELOW: 0 0.01 INCH OR MORE: 16
MAX 90 OR ABOVE: 0 0.10 INCH OR MORE: 8
MIN 32 OR BELOW: 1 0.50 INCH OR MORE: 3
MIN 0 OR BELOW: 0 1.00 INCH OR MORE: 1
[HDD (BASE 65) ]
TOTAL THIS MO. 498 CLEAR (SCALE 0-3) 3
DPTR FM NORMAL -44 PTCLDY (SCALE 4-7) 15
TOTAL FM JUL 1 2305 CLOUDY (SCALE 8-10) 11
DPTR FM NORMAL -509
[CDD (BASE 65) ]
TOTAL THIS MO. 0
DPTR FM NORMAL 0 [PRESSURE DATA]
TOTAL FM JAN 1 0 HIGHEST SLP 30.31 ON 23
DPTR FM NORMAL 0 LOWEST SLP 29.34 ON 4
[REMARKS]
#FINAL-02-24#