000
CXUS56 KSTO 011301
CF6RBL
PRELIMINARY LOCAL CLIMATOLOGICAL DATA (WS FORM: F-6)
STATION: RED BLUFF
MONTH: OCTOBER
YEAR: 2022
LATITUDE: 40 8 N
LONGITUDE: 122-15 E
TEMPERATURE IN F: :PCPN: SNOW: WIND :SUNSHINE: SKY :PK WND
================================================================================
1 2 3 4 5 6A 6B 7 8 9 10 11 12 13 14 15 16 17 18
12Z AVG MX 2MIN
DY MAX MIN AVG DEP HDD CDD WTR SNW DPTH SPD SPD DIR MIN PSBL S-S WX SPD DR
================================================================================
1 92 61 77 6 0 12 0.00 M M 6.2 12 130 M M 0 14 30
2 87 58 73 2 0 8 0.00 M M 3.3 9 170 M M 0 13 140
3 90 56 73 3 0 8 0.00 M M 3.8 8 130 M M 0 11 150
4 89 57 73 3 0 8 0.00 M M 3.2 10 140 M M 0 13 150
5 91 58 75 5 0 10 0.00 M M 3.4 9 110 M M 0 12 100
6 93 60 77 8 0 12 0.00 M M 4.2 9 130 M M 0 13 340
7 97 58 78 9 0 13 0.00 M M 5.8 12 340 M M 0 16 330
8 97 61 79 11 0 14 0.00 M M 5.4 12 330 M M 0 20 360
9 97 58 78 10 0 13 0.00 M M 3.8 9 280 M M 0 14 330
10 97 57 77 9 0 12 0.00 M M 5.4 12 120 M M 0 13 10
11 93 57 75 8 0 10 0.00 M M 4.7 9 350 M M 0 13 40
12 100 57 79 12 0 14 0.00 M M 5.7 14 360 M M 0 17 360
13 96 54 75 9 0 10 0.00 M M 4.1 9 330 M M 0 8 13 10
14 97 54 76 10 0 11 0.00 0.0 0 5.3 12 150 M M 0 8 16 180
15 89 56 73 7 0 8 0.00 M M 5.7 14 150 M M 0 18 140
16 76 55 66 1 0 1 0.00 M M 4.0 10 170 M M 1 14 140
17 81 51 66 1 0 1 0.00 M M 3.9 8 130 M M 0 14 320
18 89 54 72 8 0 7 0.00 M M 6.0 9 300 M M 0 13 320
19 100 55 78 14 0 13 0.00 M M 5.9 15 350 M M 0 19 340
20 89 51 70 6 0 5 0.00 M M 2.6 8 330 M M 0 11 150
21 84 53 69 6 0 4 0.00 M M 6.1 17 300 M M 1 24 300
22 74 55 65 2 0 0 0.00 M M 12.2 24 310 M M 1 33 10
23 70 50 60 -2 5 0 0.00 M M 11.4 24 360 M M 0 30 340
24 77 47 62 0 3 0 0.00 M M 5.8 12 150 M M 1 17 240
25 74 47 61 0 4 0 0.00 M M 5.7 15 350 M M 0 18 350
26 70 50 60 -1 5 0 0.00 M M 11.3 23 360 M M 0 29 340
27 76 45 61 0 4 0 0.00 M M 6.0 17 360 M M 0 22 350
28 74 45 60 0 5 0 0.00 M M 4.6 9 360 M M 0 8 14 330
29 80 44 62 2 3 0 0.00 M M 5.7 12 330 M M 0 15 330
30 84 47 66 7 0 1 0.00 M M 7.0 17 360 M M 0 22 340
31 74 48 61 2 4 0 0.00 M M 4.0 13 170 M M 0 8 14 160
================================================================================
SM 2677 1659 33 195 0.00 0.0 172.2 M 4
================================================================================
AV 86.4 53.5 5.6 FASTST M M 0 MAX(MPH)
MISC ----> # 24 310 33 10
================================================================================
NOTES:
# LAST OF SEVERAL OCCURRENCES
COLUMN 17 PEAK WIND IN M.P.H.
PRELIMINARY LOCAL CLIMATOLOGICAL DATA (WS FORM: F-6) , PAGE 2
STATION: RED BLUFF
MONTH: OCTOBER
YEAR: 2022
LATITUDE: 40 8 N
LONGITUDE: 122-15 E
[TEMPERATURE DATA] [PRECIPITATION DATA] SYMBOLS USED IN COLUMN 16
AVERAGE MONTHLY: 69.9 TOTAL FOR MONTH: 0.00 1 = FOG OR MIST
DPTR FM NORMAL: 4.8 DPTR FM NORMAL: -1.04 2 = FOG REDUCING VISIBILITY
HIGHEST: 100 ON 19,12 GRTST 24HR 0.00 ON 6- 6 TO 1/4 MILE OR LESS
LOWEST: 44 ON 29 3 = THUNDER
SNOW, ICE PELLETS, HAIL 4 = ICE PELLETS
TOTAL MONTH: 0.0 INCH 5 = HAIL
GRTST 24HR 0.0 6 = FREEZING RAIN OR DRIZZLE
GRTST DEPTH: 0 7 = DUSTSTORM OR SANDSTORM:
VSBY 1/2 MILE OR LESS
8 = SMOKE OR HAZE
[NO. OF DAYS WITH] [WEATHER - DAYS WITH] 9 = BLOWING SNOW
X = TORNADO
MAX 32 OR BELOW: 0 0.01 INCH OR MORE: 0
MAX 90 OR ABOVE: 13 0.10 INCH OR MORE: 0
MIN 32 OR BELOW: 0 0.50 INCH OR MORE: 0
MIN 0 OR BELOW: 0 1.00 INCH OR MORE: 0
[HDD (BASE 65) ]
TOTAL THIS MO. 33 CLEAR (SCALE 0-3) 31
DPTR FM NORMAL -53 PTCLDY (SCALE 4-7) 0
TOTAL FM JUL 1 34 CLOUDY (SCALE 8-10) 0
DPTR FM NORMAL -58
[CDD (BASE 65) ]
TOTAL THIS MO. 195
DPTR FM NORMAL 104 [PRESSURE DATA]
TOTAL FM JAN 1 2424 HIGHEST SLP 30.25 ON 29
DPTR FM NORMAL 501 LOWEST SLP 29.66 ON 22
[REMARKS]
#FINAL-10-22#