000
CXUS56 KSTO 290018
CF6RDD
PRELIMINARY LOCAL CLIMATOLOGICAL DATA (WS FORM: F-6)
STATION: REDDING CA AIRPORT AND CITY
MONTH: SEPTEMBER
YEAR: 2021
LATITUDE: 40 30 N
LONGITUDE: 122 18 W
TEMPERATURE IN F: :PCPN: SNOW: WIND :SUNSHINE: SKY :PK WND
================================================================================
1 2 3 4 5 6A 6B 7 8 9 10 11 12 13 14 15 16 17 18
12Z AVG MX 2MIN
DY MAX MIN AVG DEP HDD CDD WTR SNW DPTH SPD SPD DIR MIN PSBL S-S WX SPD DR
================================================================================
1 90 60 75 -3 0 10 0.00 0.0 M 4.7 18 170 M M 4 8 22 150
2 89 55 72 -6 0 7 0.00 0.0 M 2.3 9 150 M M 2 M M
3 94 54 74 -4 0 9 0.00 0.0 M 3.3 13 150 M M 2 8 M M
4 99 53 76 -2 0 11 0.00 0.0 M 2.0 7 150 M M 0 8 M M
5 101 55 78 0 0 13 0.00 0.0 M 2.5 8 160 M M 0 8 M M
6 104 57 81 3 0 16 0.00 0.0 M 3.5 9 150 M M 0 8 M M
7 107 63 85 8 0 20 0.00 0.0 M 4.2 15 150 M M 2 8 21 290
8 105 69 87 10 0 22 0.00 M M 2.1 7 210 M M 7 8 M M
9 99 68 84 7 0 19 0.01 M M 3.3 12 220 M M 0 8 M M
10 90 69 80 3 0 15 0.37 0.0 M 4.2 8 150 M M 3 18 M M
11 96 65 81 5 0 16 0.00 M M 3.8 10 160 M M 0 8 M M
12 96 60 78 2 0 13 0.00 M M 2.6 12 190 M M 1 8 14 190
13 100 62 81 5 0 16 0.00 M M 4.2 10 350 M M 0 8 M M
14 106 60 83 7 0 18 0.00 0.0 M 5.5 12 170 M M 1 8 M M
15 96 63 80 4 0 15 0.00 0.0 M 3.0 13 150 M M 1 8 27 360
16 93 59 76 1 0 11 0.00 0.0 M 4.4 14 160 M M 0 8 M M
17 91 55 73 -2 0 8 0.00 0.0 M 5.4 14 180 M M 0 M M
18 72 60 66 -9 0 1 0.02 0.0 M 6.2 13 180 M M 7 M M
19 80 58 69 -6 0 4 0.01 0.0 M 5.6 13 30 M M 3 M M
20 93 66 80 6 0 15 0.00 0.0 M 14.4 29 20 M M 0 36 20
21 95 56 76 2 0 11 0.00 0.0 M 3.8 13 160 M M 0 M M
22 94 59 77 3 0 12 0.00 0.0 M 3.8 12 160 M M 0 M M
23 98 74 86 12 0 21 0.00 0.0 M 10.8 23 10 M M 1 35 10
24 99 60 80 7 0 15 0.00 M M 4.1 12 170 M M 0 8 M M
25 91 58 75 2 0 10 0.00 M M 4.4 14 160 M M 0 8 M M
26 85 56 71 -1 0 6 0.00 0.0 M 4.2 15 160 M M 0 M M
27 75 53 64 -8 1 0 0.02 0.0 M 5.6 14 170 M M 4 8 22 310
28 77 50 64 -8 1 0 0.00 0.0 M 9.9 16 360 M M 0 23 330
29 87 60 74 2 0 9 0.00 0.0 M 7.9 15 10 M M 0 22 10
30 94 52 73 2 0 8 0.00 0.0 M 5.7 13 360 M M 0 25 360
================================================================================
SM 2796 1789 2 351 0.43 0.0 147.4 M 38
================================================================================
AV 93.2 59.6 4.9 FASTST M M 1 MAX(MPH)
MISC ----> 29 20 36 20
================================================================================
NOTES:
# LAST OF SEVERAL OCCURRENCES
COLUMN 17 PEAK WIND IN M.P.H.
PRELIMINARY LOCAL CLIMATOLOGICAL DATA (WS FORM: F-6) , PAGE 2
STATION: REDDING CA AIRPORT AND CITY
MONTH: SEPTEMBER
YEAR: 2021
LATITUDE: 40 30 N
LONGITUDE: 122 18 W
[TEMPERATURE DATA] [PRECIPITATION DATA] SYMBOLS USED IN COLUMN 16
AVERAGE MONTHLY: 76.4 TOTAL FOR MONTH: 0.43 1 = FOG OR MIST
DPTR FM NORMAL: 1.1 DPTR FM NORMAL: -0.02 2 = FOG REDUCING VISIBILITY
HIGHEST: 107 ON 7 GRTST 24HR 0.38 ON 9-10 TO 1/4 MILE OR LESS
LOWEST: 50 ON 28 3 = THUNDER
SNOW, ICE PELLETS, HAIL 4 = ICE PELLETS
TOTAL MONTH: 0.0 INCH 5 = HAIL
GRTST 24HR 0.0 6 = FREEZING RAIN OR DRIZZLE
GRTST DEPTH: M ON M 7 = DUSTSTORM OR SANDSTORM:
VSBY 1/2 MILE OR LESS
8 = SMOKE OR HAZE
[NO. OF DAYS WITH] [WEATHER - DAYS WITH] 9 = BLOWING SNOW
X = TORNADO
MAX 32 OR BELOW: 0 0.01 INCH OR MORE: 5
MAX 90 OR ABOVE: 23 0.10 INCH OR MORE: 1
MIN 32 OR BELOW: 0 0.50 INCH OR MORE: 0
MIN 0 OR BELOW: 0 1.00 INCH OR MORE: 0
[HDD (BASE 65) ]
TOTAL THIS MO. 2 CLEAR (SCALE 0-3) 25
DPTR FM NORMAL -3 PTCLDY (SCALE 4-7) 5
TOTAL FM JUL 1 2 CLOUDY (SCALE 8-10) 0
DPTR FM NORMAL 1
[CDD (BASE 65) ]
TOTAL THIS MO. 351
DPTR FM NORMAL 39 [PRESSURE DATA]
TOTAL FM JAN 1 2386 HIGHEST SLP 30.12 ON 28
DPTR FM NORMAL 445 LOWEST SLP 29.64 ON 1
[REMARKS]
#FINAL-09-21#