000
CXUS51 KPHI 161245
CF6RDG
PRELIMINARY LOCAL CLIMATOLOGICAL DATA (WS FORM: F-6)
STATION: READING PA
MONTH: MARCH
YEAR: 2021
LATITUDE: 40 22 N
LONGITUDE: 75 58 W
TEMPERATURE IN F: :PCPN: SNOW: WIND :SUNSHINE: SKY :PK WND
================================================================================
1 2 3 4 5 6A 6B 7 8 9 10 11 12 13 14 15 16 17 18
12Z AVG MX 2MIN
DY MAX MIN AVG DEP HDD CDD WTR SNW DPTH SPD SPD DIR MIN PSBL S-S WX SPD DR
================================================================================
1 45 31 38 1 27 0 0.15 T 1 12.7 38 310 M M 8 12 50 320
2 36 22 29 -8 36 0 0.00 0.0 T 12.3 31 300 M M 0 39 330
3 54 22 38 1 27 0 0.00 0.0 T 4.7 15 270 M M 1 21 230
4 46 28 37 -1 28 0 T T T 12.8 26 330 M M 3 36 320
5 39 21 30 -8 35 0 0.00 0.0 0 16.3 29 310 M M 1 34 320
6 37 30 34 -4 31 0 T T 0 11.7 22 310 M M 9 27 280
7 42 26 34 -4 31 0 0.00 0.0 0 6.1 16 340 M M 2 20 300
8 47 19 33 -6 32 0 0.00 0.0 0 3.5 13 270 M M 1 16 280
9 67 32 50 11 15 0 0.00 0.0 0 5.7 18 290 M M 2 24 250
10 67 33 50 11 15 0 0.00 0.0 0 5.8 17 150 M M 0 22 160
11 77 40 59 19 6 0 0.00 0.0 0 4.4 18 200 M M 3 12 24 190
12 68 50 59 19 6 0 T 0.0 0 11.2 29 300 M M 3 36 280
13 52 33 43 3 22 0 0.00 0.0 0 11.0 29 320 M M 0 39 300
14 58 32 45 4 20 0 0.00 0.0 0 18.3 35 310 M M 1 44 310
15 43 24 34 -7 31 0 0.00 0.0 0 10.9 26 330 M M 0 35 330
16 40 29 35 -6 30 0 0.02 T 0 5.4 15 140 M M 8 1 19 140
17 47 35 41 -1 24 0 0.00 0.0 0 2.3 9 10 M M 10 1 10 200
18 47 44 46 4 19 0 1.03 0.0 0 7.2 18 20 M M 10 1 24 50
19 48 30 39 -3 26 0 T 0.0 0 13.9 25 20 M M 2 36 30
20 59 27 43 0 22 0 0.00 0.0 0 3.7 9 310 M M 0 12 320
21 65 28 47 4 18 0 0.00 0.0 0 2.4 10 160 M M 0 15 150
22 65 30 48 5 17 0 0.00 0.0 0 3.5 10 130 M M 0 16 100
23 69 36 53 9 12 0 0.00 0.0 0 5.3 15 140 M M 0 19 120
24 59 51 55 11 10 0 0.76 0.0 0 5.6 15 120 M M 10 1 23 130
25 64 54 59 15 6 0 0.01 0.0 0 4.0 15 160 M M 10 12 22 170
26 81 52 67 22 0 2 0.01 0.0 0 15.3 37 260 M M 5 48 260
27 70 44 57 12 8 0 0.00 0.0 0 4.9 14 220 M M 0 19 220
28 65 47 56 10 9 0 0.67 0.0 0 9.9 35 290 M M 8 1 47 280
29 54 37 46 0 19 0 T 0.0 0 15.0 33 300 M M 4 44 310
30 66 31 49 3 16 0 0.00 0.0 0 8.1 23 210 M M 0 29 200
31 67 48 58 11 7 0 0.06 0.0 0 6.0 21 320 M M 8 1 26 320
================================================================================
SM 1744 1066 605 2 2.71 T 259.9 M 109
================================================================================
AV 56.3 34.4 8.4 FASTST M M 4 MAX(MPH)
MISC ----> 38 310 50 320
================================================================================
NOTES:
# LAST OF SEVERAL OCCURRENCES
COLUMN 17 PEAK WIND IN M.P.H.
PRELIMINARY LOCAL CLIMATOLOGICAL DATA (WS FORM: F-6) , PAGE 2
STATION: READING PA
MONTH: MARCH
YEAR: 2021
LATITUDE: 40 22 N
LONGITUDE: 75 58 W
[TEMPERATURE DATA] [PRECIPITATION DATA] SYMBOLS USED IN COLUMN 16
AVERAGE MONTHLY: 45.3 TOTAL FOR MONTH: 2.71 1 = FOG OR MIST
DPTR FM NORMAL: 3.8 DPTR FM NORMAL: -0.82 2 = FOG REDUCING VISIBILITY
HIGHEST: 81 ON 26 GRTST 24HR 1.03 ON 18-18 TO 1/4 MILE OR LESS
LOWEST: 19 ON 8 3 = THUNDER
SNOW, ICE PELLETS, HAIL 4 = ICE PELLETS
TOTAL MONTH: T 5 = HAIL
GRTST 24HR T ON 1- 1 6 = FREEZING RAIN OR DRIZZLE
GRTST DEPTH: 2 ON M 7 = DUSTSTORM OR SANDSTORM:
VSBY 1/2 MILE OR LESS
8 = SMOKE OR HAZE
[NO. OF DAYS WITH] [WEATHER - DAYS WITH] 9 = BLOWING SNOW
X = TORNADO
MAX 32 OR BELOW: 0 0.01 INCH OR MORE: 8
MAX 90 OR ABOVE: 0 0.10 INCH OR MORE: 4
MIN 32 OR BELOW: 17 0.50 INCH OR MORE: 3
MIN 0 OR BELOW: 0 1.00 INCH OR MORE: 1
[HDD (BASE 65) ]
TOTAL THIS MO. 605 CLEAR (SCALE 0-3) 19
DPTR FM NORMAL -125 PTCLDY (SCALE 4-7) 6
TOTAL FM JUL 1 4160 CLOUDY (SCALE 8-10) 6
DPTR FM NORMAL -424
[CDD (BASE 65) ]
TOTAL THIS MO. 2
DPTR FM NORMAL 2 [PRESSURE DATA]
TOTAL FM JAN 1 2 HIGHEST SLP M ON M
DPTR FM NORMAL 2 LOWEST SLP 29.46 ON 28
[REMARKS]
#FINAL-03-21#