000
CXUS56 KBOI 011002
CF6REO
PRELIMINARY LOCAL CLIMATOLOGICAL DATA (WS FORM: F-6)
STATION: ROME OR
MONTH: MAY
YEAR: 2023
LATITUDE: 42 35 N
LONGITUDE: 117 52 W
TEMPERATURE IN F: :PCPN: SNOW: WIND :SUNSHINE: SKY :PK WND
================================================================================
1 2 3 4 5 6A 6B 7 8 9 10 11 12 13 14 15 16 17 18
12Z AVG MX 2MIN
DY MAX MIN AVG DEP HDD CDD WTR SNW DPTH SPD SPD DIR MIN PSBL S-S WX SPD DR
================================================================================
1 77 47 62 11 3 0 0.00 M M 9.2 28 240 M M 0 38 230
2 72 38 55 4 10 0 0.00 M M 8.9 23 170 M M 0 35 170
3 79 40 60 8 5 0 0.00 M M 10.4 28 150 M M 0 40 150
4 71 47 59 7 6 0 0.15 M M 7.0 21 130 M M 0 33 120
5 51 39 45 -7 20 0 0.08 M M 10.8 23 220 M M 0 34 270
6 52 38 45 -8 20 0 0.12 M M 5.7 22 260 M M 0 29 230
7 57 38 48 -5 17 0 0.00 M M 11.2 23 240 M M 0 31 230
8 63 33 48 -5 17 0 0.02 M M 11.6 39 260 M M 0 54 260
9 61 32 47 -7 18 0 0.00 M M 8.2 24 220 M M 0 31 230
10 68 30 49 -5 16 0 0.00 M M 5.7 22 320 M M 0 27 320
11 71 35 53 -1 12 0 0.00 M M 3.7 14 10 M M 0 21 360
12 76 37 57 2 8 0 0.00 M M 6.5 17 50 M M 0 24 50
13 77 39 58 3 7 0 0.00 M M 8.8 23 40 M M 0 33 50
14 73 44 59 4 6 0 0.02 M M 9.5 36 120 M M 0 51 80
15 82 45 64 8 1 0 0.00 M M 7.5 33 280 M M 0 48 230
16 82 41 62 6 3 0 0.00 M M 6.7 18 270 M M 0 26 250
17 81 46 64 8 1 0 0.00 M M 6.8 25 290 M M 0 33 300
18 85 46 66 10 0 1 0.00 M M 6.5 17 10 M M 0 25 340
19 88 45 67 10 0 2 0.00 M M 4.7 16 40 M M 0 21 40
20 91 55 73 16 0 8 0.00 M M 5.9 26 270 M M 0 35 280
21 88 50 69 12 0 4 0.35 M M 8.0 30 180 M M 0 3 41 190
22 73 51 62 4 3 0 0.00 M M 9.6 22 20 M M 0 29 30
23 68 48 58 0 7 0 0.00 M M 5.7 13 80 M M 0 19 10
24 76 40 58 0 7 0 0.00 M M 8.2 22 110 M M 0 29 110
25 72 47 60 2 5 0 0.00 M M 7.5 30 160 M M 0 39 170
26 75 43 59 1 6 0 0.00 M M 6.1 26 300 M M 0 36 290
27 77 44 61 2 4 0 0.07 M M 7.2 23 310 M M 0 31 290
28 78 44 61 2 4 0 0.00 M M 5.1 22 180 M M 0 30 170
29 81 42 62 3 3 0 0.03 M M 4.6 16 140 M M 0 22 150
30 75 54 65 6 0 0 0.00 M M 6.7 25 230 M M 0 33 240
31 71 51 61 1 4 0 0.26 M M 5.6 18 50 M M 0 24 50
================================================================================
SM 2291 1329 213 15 1.10 M 229.6 M 0
================================================================================
AV 73.9 42.9 7.4 FASTST M M 0 MAX(MPH)
MISC ----> 39 260 54 260
================================================================================
NOTES:
# LAST OF SEVERAL OCCURRENCES
COLUMN 17 PEAK WIND IN M.P.H.
PRELIMINARY LOCAL CLIMATOLOGICAL DATA (WS FORM: F-6) , PAGE 2
STATION: ROME OR
MONTH: MAY
YEAR: 2023
LATITUDE: 42 35 N
LONGITUDE: 117 52 W
[TEMPERATURE DATA] [PRECIPITATION DATA] SYMBOLS USED IN COLUMN 16
AVERAGE MONTHLY: 58.4 TOTAL FOR MONTH: 1.10 1 = FOG OR MIST
DPTR FM NORMAL: 2.8 DPTR FM NORMAL: -0.14 2 = FOG REDUCING VISIBILITY
HIGHEST: 91 ON 20 GRTST 24HR 0.35 ON 21-21 TO 1/4 MILE OR LESS
LOWEST: 30 ON 10 3 = THUNDER
SNOW, ICE PELLETS, HAIL 4 = ICE PELLETS
TOTAL MONTH: M 5 = HAIL
GRTST 24HR M ON M 6 = FREEZING RAIN OR DRIZZLE
GRTST DEPTH: M ON M 7 = DUSTSTORM OR SANDSTORM:
VSBY 1/2 MILE OR LESS
8 = SMOKE OR HAZE
[NO. OF DAYS WITH] [WEATHER - DAYS WITH] 9 = BLOWING SNOW
X = TORNADO
MAX 32 OR BELOW: 0 0.01 INCH OR MORE: 9
MAX 90 OR ABOVE: 1 0.10 INCH OR MORE: 4
MIN 32 OR BELOW: 2 0.50 INCH OR MORE: 0
MIN 0 OR BELOW: 0 1.00 INCH OR MORE: 0
[HDD (BASE 65) ]
TOTAL THIS MO. 213 CLEAR (SCALE 0-3) 31
DPTR FM NORMAL -94 PTCLDY (SCALE 4-7) 0
TOTAL FM JUL 1 6374 CLOUDY (SCALE 8-10) 0
DPTR FM NORMAL 333
[CDD (BASE 65) ]
TOTAL THIS MO. 15
DPTR FM NORMAL -2 [PRESSURE DATA]
TOTAL FM JAN 1 16 HIGHEST SLP M ON M
DPTR FM NORMAL -1 LOWEST SLP 29.34 ON 1
[REMARKS]
#FINAL-05-23#