940
CXUS53 KLOT 010700
CF6RFD
PRELIMINARY LOCAL CLIMATOLOGICAL DATA (WS FORM: F-6)
STATION: ROCKFORD IL
MONTH: OCTOBER
YEAR: 2020
LATITUDE: 42 12 N
LONGITUDE: 89 6 W
TEMPERATURE IN F: :PCPN: SNOW: WIND :SUNSHINE: SKY :PK WND
================================================================================
1 2 3 4 5 6A 6B 7 8 9 10 11 12 13 14 15 16 17 18
12Z AVG MX 2MIN
DY MAX MIN AVG DEP HDD CDD WTR SNW DPTH SPD SPD DIR MIN PSBL S-S WX SPD DR
================================================================================
1 60 43 52 -5 13 0 0.01 0.0 0 9.0 22 310 M M 8 33 310
2 58 39 49 -8 16 0 0.00 0.0 0 4.5 10 20 M M 6 15 360
3 55 43 49 -7 16 0 0.09 0.0 0 4.9 14 10 M M 10 17 20
4 56 35 46 -10 19 0 0.00 0.0 0 7.3 16 350 M M 3 23 10
5 63 34 49 -7 16 0 0.00 0.0 0 8.6 23 200 M M 2 1 35 200
6 76 47 62 7 3 0 0.00 0.0 0 8.8 20 260 M M 4 27 280
7 76 47 62 7 3 0 0.00 0.0 0 7.1 21 230 M M 0 33 230
8 73 42 58 4 7 0 0.00 0.0 0 4.0 10 120 M M 0 1 16 90
9 83 50 67 13 0 2 0.00 0.0 0 10.5 25 220 M M 2 39 220
10 80 53 67 13 0 2 0.00 0.0 0 8.5 18 50 M M 1 24 70
11 77 54 66 13 0 1 0.00 0.0 0 9.5 20 140 M M 6 28 130
12 66 42 54 1 11 0 0.16 0.0 0 12.0 26 290 M M 5 138 39 250
13 72 39 56 3 9 0 T 0.0 0 8.6 26 260 M M 4 39 210
14 78 41 60 8 5 0 T 0.0 0 13.9 30 200 M M 9 46 200
15 61 34 48 -4 17 0 0.00 0.0 0 12.9 28 290 M M 4 40 310
16 55 30 43 -9 22 0 0.01 0.0 0 7.8 23 270 M M 5 31 270
17 64 34 49 -2 16 0 T 0.0 0 14.9 28 200 M M 10 47 190
18 60 37 49 -2 16 0 0.17 0.0 0 8.8 21 350 M M 9 1 28 340
19 45 33 39 -12 26 0 0.04 T 0 8.2 16 350 M M 9 1 21 340
20 50 32 41 -9 24 0 0.06 0.0 0 7.3 16 110 M M 9 1 23 100
21 58 45 52 2 13 0 0.47 0.0 0 7.0 17 290 M M 8 18 24 260
22 71 45 58 8 7 0 0.86 0.0 0 9.4 18 190 M M 9 138 29 100
23 70 37 54 5 11 0 0.23 0.0 0 11.3 22 320 M M 10 13 31 330
24 47 33 40 -9 25 0 0.00 0.0 0 5.2 10 60 M M 7 15 50
25 43 35 39 -10 26 0 T T 0 12.3 21 20 M M 10 25 20
26 37 33 35 -13 30 0 0.02 T 0 8.0 17 350 M M 10 1 22 360
27 39 28 34 -14 31 0 0.00 0.0 0 5.1 10 210 M M 7 15 220
28 51 26 39 -9 26 0 0.00 0.0 0 5.8 16 200 M M 6 20 200
29 48 35 42 -5 23 0 0.00 0.0 0 13.8 23 360 M M 10 31 360
30 46 29 38 -9 27 0 0.00 0.0 0 5.7 15 360 M M 3 23 320
31 61 29 45 -1 20 0 0.00 0.0 0 14.6 29 170 M M 4 38 290
================================================================================
SM 1879 1184 478 5 2.12 T 275.3 M 190
================================================================================
AV 60.6 38.2 8.9 FASTST M M 6 MAX(MPH)
MISC ----> # 30 200 # 47 190
================================================================================
NOTES:
# LAST OF SEVERAL OCCURRENCES
COLUMN 17 PEAK WIND IN M.P.H.
PRELIMINARY LOCAL CLIMATOLOGICAL DATA (WS FORM: F-6) , PAGE 2
STATION: ROCKFORD IL
MONTH: OCTOBER
YEAR: 2020
LATITUDE: 42 12 N
LONGITUDE: 89 6 W
[TEMPERATURE DATA] [PRECIPITATION DATA] SYMBOLS USED IN COLUMN 16
AVERAGE MONTHLY: 49.4 TOTAL FOR MONTH: 2.12 1 = FOG OR MIST
DPTR FM NORMAL: -2.3 DPTR FM NORMAL: -0.55 2 = FOG REDUCING VISIBILITY
HIGHEST: 83 ON 9 GRTST 24HR 0.86 ON 22-22 TO 1/4 MILE OR LESS
LOWEST: 26 ON 28 3 = THUNDER
SNOW, ICE PELLETS, HAIL 4 = ICE PELLETS
TOTAL MONTH: T 5 = HAIL
GRTST 24HR T ON 26-26 6 = FREEZING RAIN OR DRIZZLE
GRTST DEPTH: 0 7 = DUSTSTORM OR SANDSTORM:
VSBY 1/2 MILE OR LESS
8 = SMOKE OR HAZE
[NO. OF DAYS WITH] [WEATHER - DAYS WITH] 9 = BLOWING SNOW
X = TORNADO
MAX 32 OR BELOW: 0 0.01 INCH OR MORE: 11
MAX 90 OR ABOVE: 0 0.10 INCH OR MORE: 5
MIN 32 OR BELOW: 6 0.50 INCH OR MORE: 1
MIN 0 OR BELOW: 0 1.00 INCH OR MORE: 0
[HDD (BASE 65) ]
TOTAL THIS MO. 478 CLEAR (SCALE 0-3) 7
DPTR FM NORMAL 56 PTCLDY (SCALE 4-7) 13
TOTAL FM JUL 1 576 CLOUDY (SCALE 8-10) 11
DPTR FM NORMAL 23
[CDD (BASE 65) ]
TOTAL THIS MO. 5
DPTR FM NORMAL -4 [PRESSURE DATA]
TOTAL FM JAN 1 1038 HIGHEST SLP M ON M
DPTR FM NORMAL 218 LOWEST SLP 29.48 ON 14
[REMARKS]
#FINAL-10-20#