000
CXUS53 KGRB 041517
CLSRHI
CLIMATE REPORT
NATIONAL WEATHER SERVICE GREEN BAY
917 AM CST SAT MAR 04 2023
...................................
...THE RHINELANDER WI WINTER CLIMATE SUMMARY FROM 12/1/2022 TO 2/28/2023...
CLIMATE NORMAL PERIOD: 1991 TO 2020
CLIMATE RECORD PERIOD: 1908 TO 2023
WEATHER OBSERVED NORMAL DEPART LAST YEAR`S
VALUE DATE(S) VALUE FROM VALUE DATE(S)
NORMAL
................................................................
TEMPERATURE (F)
RECORD
HIGH 62 12/02/1998
LOW -42 02/03/1996
HIGHEST 46 02/12 48 -2 54 12/15
LOWEST -24 01/31 -27 3 -27 01/26
AVG. MAXIMUM 26.6 25.6 1.0 23.6
AVG. MINIMUM 11.5 6.6 4.9 3.5
MEAN 19.1 16.1 3.0 13.5
DAYS MAX >= 90 0 0.0 0.0 0
DAYS MAX <= 32 69 68.9 0.1 30
DAYS MIN <= 32 89 88.4 0.6 61
DAYS MIN <= 0 16 30.9 -14.9 23
PRECIPITATION (INCHES)
RECORD
MAXIMUM 7.94 2005
MINIMUM 0.93 1958
TOTALS 5.67 2.82 2.85 3.92
DAILY AVG. 0.06 0.03 0.03 0.04
DAYS >= .01 47 27.3 19.7 MM
DAYS >= .10 17 9.2 7.8 MM
DAYS >= .50 2 0.8 1.2 MM
DAYS >= 1.00 1 0.2 0.8 MM
SNOWFALL (INCHES)
RECORDS
TOTAL 79.0 1969
24 HR TOTAL 8.4
TOTALS 57.7 MM MM 58.5
SINCE 7/1 71.4 MM MM MM
DAYS >= TRACE 52 MM MM MM
DAYS >= 1.0 16 MM MM MM
GREATEST
SNOW DEPTH 21R 02/23 14 02/26
02/24
02/25
12/10
12/11
24 HR TOTAL MM
DEGREE DAYS
HEATING TOTAL 4108 4400 -292 3175
SINCE 7/1 6001 6460 -459 MM
COOLING TOTAL 0 0 0 0
SINCE 1/1 0 0 0 MM
FREEZE DATES
RECORD
EARLIEST 08/27/1915
LATEST 07/30/1928
EARLIEST 09/23
LATEST 05/23
................................................................
WIND (MPH)
AVERAGE WIND SPEED 7.7
RESULTANT WIND SPEED/DIRECTION 2/240
HIGHEST WIND SPEED/DIRECTION 29/120 DATE 12/14
HIGHEST GUST SPEED/DIRECTION 49/110 DATE 12/14
SKY COVER
POSSIBLE SUNSHINE (PERCENT) MM
AVERAGE SKY COVER 0.68
NUMBER OF DAYS FAIR 20
NUMBER OF DAYS PC 24
NUMBER OF DAYS CLOUDY 46
AVERAGE RH (PERCENT) 75
WEATHER CONDITIONS. NUMBER OF DAYS WITH
THUNDERSTORM 0 MIXED PRECIP 1
HEAVY RAIN 0 RAIN 1
LIGHT RAIN 7 FREEZING RAIN 2
LT FREEZING RAIN 6 HAIL 0
HEAVY SNOW 4 SNOW 10
LIGHT SNOW 50 SLEET 0
FOG 53 FOG W/VIS <= 1/4 MILE 7
HAZE 24
- INDICATES NEGATIVE NUMBERS.
R INDICATES RECORD WAS SET OR TIED.
MM INDICATES DATA IS MISSING.
T INDICATES TRACE AMOUNT.
$$