000
CXUS51 KAKQ 061303
CF6RIC
PRELIMINARY LOCAL CLIMATOLOGICAL DATA (WS FORM: F-6)
STATION: RICHMOND VA
MONTH: FEBRUARY
YEAR: 2021
LATITUDE: 37 30 N
LONGITUDE: 77 20 W
TEMPERATURE IN F: :PCPN: SNOW: WIND :SUNSHINE: SKY :PK WND
================================================================================
1 2 3 4 5 6A 6B 7 8 9 10 11 12 13 14 15 16 17 18
12Z AVG MX 2MIN
DY MAX MIN AVG DEP HDD CDD WTR SNW DPTH SPD SPD DIR MIN PSBL S-S WX SPD DR
================================================================================
1 33 30 32 -7 33 0 T T 1 14.4 22 360 M M 10 16 28 350
2 41 33 37 -2 28 0 0.02 0.1 0 14.1 26 330 M M 10 1 37 330
3 49 31 40 1 25 0 T T 0 10.6 25 320 M M 6 34 310
4 54 25 40 1 25 0 T 0.0 0 6.4 14 190 M M 3 16 200
5 52 38 45 6 20 0 0.11 0.0 0 11.1 18 210 M M 8 23 210
6 56 30 43 4 22 0 0.00 0.0 0 7.6 16 260 M M 5 24 250
7 46 33 40 0 25 0 0.62 0.1 0 9.1 21 170 M M 9 1 28 170
8 44 26 35 -5 30 0 0.00 0.0 0 5.5 14 180 M M 3 17 150
9 58 30 44 4 21 0 0.23 0.0 0 4.8 18 40 M M 7 1 24 40
10 44 34 39 -1 26 0 T 0.0 0 5.7 13 80 M M 8 16 40
11 39 31 35 -5 30 0 0.55 1.1 0 8.5 16 30 M M 10 146 22 20
12 31 29 30 -10 35 0 0.27 1.5 2 9.3 15 40 M M 10 146 18 30
13 32 29 31 -9 34 0 0.37 0.0 2 10.8 16 10 M M 10 16 21 30
14 34 30 32 -9 33 0 0.27 0.0 1 9.3 16 10 M M 10 16 21 350
15 39 34 37 -4 28 0 0.23 0.0 T 6.7 13 20 M M 10 1 16 70
16 53 33 43 2 22 0 0.41 0.0 0 11.2 24 230 M M 7 1 31 300
17 42 26 34 -7 31 0 0.00 0.0 0 8.2 17 360 M M 4 21 10
18 33 30 32 -9 33 0 0.67 T 0 10.0 17 320 M M 10 146 21 10
19 38 30 34 -8 31 0 0.24 0.0 0 8.6 15 360 M M 8 16 20 350
20 40 25 33 -9 32 0 0.00 0.0 0 9.6 22 310 M M 2 29 320
21 41 19 30 -12 35 0 0.00 0.0 0 4.7 14 20 M M 4 17 20
22 46 29 38 -4 27 0 0.31 0.0 0 8.4 25 310 M M 7 1 30 300
23 63 33 48 6 17 0 0.00 0.0 0 9.9 24 250 M M 1 33 260
24 68 31 50 7 15 0 0.00 0.0 0 8.6 23 210 M M 1 28 200
25 60 37 49 6 16 0 0.00 0.0 0 7.1 22 360 M M 1 27 10
26 47 32 40 -3 25 0 0.25 0.0 0 6.4 14 90 M M 9 1 19 140
27 53 40 47 3 18 0 0.30 0.0 0 6.4 15 220 M M 10 1 19 220
28 51 48 50 6 15 0 0.27 0.0 0 3.5 13 120 M M 10 12 16 120
================================================================================
SM 1287 876 732 0 5.12 2.8 236.5 M 193
================================================================================
AV 46.0 31.3 8.4 FASTST M M 7 MAX(MPH)
MISC ----> 26 330 37 330
================================================================================
NOTES:
# LAST OF SEVERAL OCCURRENCES
COLUMN 17 PEAK WIND IN M.P.H.
PRELIMINARY LOCAL CLIMATOLOGICAL DATA (WS FORM: F-6) , PAGE 2
STATION: RICHMOND VA
MONTH: FEBRUARY
YEAR: 2021
LATITUDE: 37 30 N
LONGITUDE: 77 20 W
[TEMPERATURE DATA] [PRECIPITATION DATA] SYMBOLS USED IN COLUMN 16
AVERAGE MONTHLY: 38.6 TOTAL FOR MONTH: 5.12 1 = FOG OR MIST
DPTR FM NORMAL: -2.3 DPTR FM NORMAL: 2.36 2 = FOG REDUCING VISIBILITY
HIGHEST: 68 ON 24 GRTST 24HR 0.82 ON 11-12 TO 1/4 MILE OR LESS
LOWEST: 19 ON 21 3 = THUNDER
SNOW, ICE PELLETS, HAIL 4 = ICE PELLETS
TOTAL MONTH: 5.8 INCHES 5 = HAIL
GRTST 24HR 1.5 ON 12-12 6 = FREEZING RAIN OR DRIZZLE
GRTST DEPTH: 2 ON 13,12 7 = DUSTSTORM OR SANDSTORM:
VSBY 1/2 MILE OR LESS
8 = SMOKE OR HAZE
[NO. OF DAYS WITH] [WEATHER - DAYS WITH] 9 = BLOWING SNOW
X = TORNADO
MAX 32 OR BELOW: 2 0.01 INCH OR MORE: 16
MAX 90 OR ABOVE: 0 0.10 INCH OR MORE: 15
MIN 32 OR BELOW: 18 0.50 INCH OR MORE: 3
MIN 0 OR BELOW: 0 1.00 INCH OR MORE: 0
[HDD (BASE 65) ]
TOTAL THIS MO. 732 CLEAR (SCALE 0-3) 5
DPTR FM NORMAL 57 PTCLDY (SCALE 4-7) 10
TOTAL FM JUL 1 2708 CLOUDY (SCALE 8-10) 13
DPTR FM NORMAL -228
[CDD (BASE 65) ]
TOTAL THIS MO. 0
DPTR FM NORMAL 0 [PRESSURE DATA]
TOTAL FM JAN 1 0 HIGHEST SLP 30.66 ON 21
DPTR FM NORMAL 0 LOWEST SLP 29.57 ON 2
[REMARKS]
#FINAL-02-21#