000
CXUS55 KGJT 111449
CF6RIL
PRELIMINARY LOCAL CLIMATOLOGICAL DATA (WS FORM: F-6)
STATION: RIFLE CO
MONTH: MARCH
YEAR: 2023
LATITUDE: 39 31 N
LONGITUDE: 107 43 W
TEMPERATURE IN F: :PCPN: SNOW: WIND :SUNSHINE: SKY :PK WND
================================================================================
1 2 3 4 5 6A 6B 7 8 9 10 11 12 13 14 15 16 17 18
12Z AVG MX 2MIN
DY MAX MIN AVG DEP HDD CDD WTR SNW DPTH SPD SPD DIR MIN PSBL S-S WX SPD DR
================================================================================
1 33 20 27 -10 38 0 0.17 M M 2.2 7 270 M M 8 1 9 230
2 38 22 30 -7 35 0 0.01 M M 5.8 17 250 M M 5 1 21 290
3 34 18 26 -11 39 0 0.05 M M 3.7 9 250 M M 7 12 11 270
4 37 14 26 -12 39 0 0.00 M M 2.4 10 110 M M 3 11 110
5 45 23 34 -4 31 0 0.00 M M 6.9 29 260 M M 7 37 260
6 47 21 34 -4 31 0 0.00 M M 6.6 25 260 M M 0 31 260
7 46 24 35 -4 30 0 0.00 M M 4.3 20 310 M M 0 28 320
8 43 20 32 -7 33 0 0.00 M M 3.5 29 240 M M 2 37 240
9 47 22 35 -4 30 0 0.00 M M 6.2 28 250 M M 1 39 240
10 45 27 36 -4 29 0 0.15 M M 5.6 16 260 M M 9 1 22 280
11 48 35 42 2 23 0 0.25 M M 5.1 15 250 M M 6 1 23 330
12 45 32 39 -1 26 0 0.17 M M 2.9 24 260 M M 9 12 29 260
13 50 30 40 -1 25 0 0.00 M M 3.1 14 260 M M 5 1 20 260
14 54 29 42 1 23 0 0.00 M M 3.1 12 140 M M 4 16 130
15 46 38 42 1 23 0 0.46 M M 4.1 16 280 M M 10 1 22 340
16 42 23 33 -9 32 0 0.00 M M 13.7 23 320 M M 3 31 320
17 43 19 31 -11 34 0 0.00 M M 4.6 21 320 M M 0 28 320
18 45 17 31 -11 34 0 0.00 M M 3.8 12 120 M M 0 14 300
19 49 19 34 -8 31 0 0.00 M M 4.7 17 260 M M 3 23 260
20 42 32 37 -5 28 0 0.32 M M 5.1 16 250 M M 10 12 20 240
21 43 27 35 -8 30 0 0.11 M M 3.7 12 250 M M 6 12 14 250
22 45 32 39 -4 26 0 0.68 M M 6.6 29 250 M M 8 12 43 250
23 43 27 35 -8 30 0 0.05 M M 4.9 25 210 M M 9 12 34 220
24 43 26 35 -8 30 0 0.03 M M 5.6 29 260 M M 9 1 36 260
25 34 18 26 -18 39 0 T M M 8.1 29 240 M M 5 38 250
26 36 16 26 -18 39 0 T M M 7.9 24 260 M M 5 1 30 260
27 35 20 28 -16 37 0 T M M 8.1 22 290 M M 6 1 29 260
28 47 15 31 -13 34 0 0.00 M M 3.5 15 80 M M 0 20 80
29 62 27 45 1 20 0 0.00 M M 4.6 17 280 M M 1 23 270
30 55 33 44 0 21 0 0.04 M M 12.8 37 260 M M 6 1 51 250
31 48 28 38 -7 27 0 T M M 13.5 33 260 M M 7 41 260
================================================================================
SM 1370 754 947 0 2.49 M 176.7 M 154
================================================================================
AV 44.2 24.3 5.7 FASTST M M 5 MAX(MPH)
MISC ----> 37 260 51 250
================================================================================
NOTES:
# LAST OF SEVERAL OCCURRENCES
COLUMN 17 PEAK WIND IN M.P.H.
PRELIMINARY LOCAL CLIMATOLOGICAL DATA (WS FORM: F-6) , PAGE 2
STATION: RIFLE CO
MONTH: MARCH
YEAR: 2023
LATITUDE: 39 31 N
LONGITUDE: 107 43 W
[TEMPERATURE DATA] [PRECIPITATION DATA] SYMBOLS USED IN COLUMN 16
AVERAGE MONTHLY: 34.3 TOTAL FOR MONTH: 2.49 1 = FOG OR MIST
DPTR FM NORMAL: -6.9 DPTR FM NORMAL: 1.73 2 = FOG REDUCING VISIBILITY
HIGHEST: 62 ON 29 GRTST 24HR 1.21 ON 21-22 TO 1/4 MILE OR LESS
LOWEST: 14 ON 4 3 = THUNDER
SNOW, ICE PELLETS, HAIL 4 = ICE PELLETS
TOTAL MONTH: M 5 = HAIL
GRTST 24HR M ON M 6 = FREEZING RAIN OR DRIZZLE
GRTST DEPTH: M ON M 7 = DUSTSTORM OR SANDSTORM:
VSBY 1/2 MILE OR LESS
8 = SMOKE OR HAZE
[NO. OF DAYS WITH] [WEATHER - DAYS WITH] 9 = BLOWING SNOW
X = TORNADO
MAX 32 OR BELOW: 0 0.01 INCH OR MORE: 13
MAX 90 OR ABOVE: 0 0.10 INCH OR MORE: 8
MIN 32 OR BELOW: 28 0.50 INCH OR MORE: 1
MIN 0 OR BELOW: 0 1.00 INCH OR MORE: 0
[HDD (BASE 65) ]
TOTAL THIS MO. 947 CLEAR (SCALE 0-3) 10
DPTR FM NORMAL 209 PTCLDY (SCALE 4-7) 13
TOTAL FM JUL 1 5946 CLOUDY (SCALE 8-10) 8
DPTR FM NORMAL 365
[CDD (BASE 65) ]
TOTAL THIS MO. 0
DPTR FM NORMAL 0 [PRESSURE DATA]
TOTAL FM JAN 1 0 HIGHEST SLP 30.53 ON 28
DPTR FM NORMAL 0 LOWEST SLP 29.44 ON 30
[REMARKS]
#FINAL-03-23#