000
CXUS54 KCRP 011652
CF6RKP
PRELIMINARY LOCAL CLIMATOLOGICAL DATA (WS FORM: F-6)
STATION: ROCKPORT
MONTH: SEPTEMBER
YEAR: 2021
LATITUDE: 28 4 N
LONGITUDE: 97 3 W
TEMPERATURE IN F: :PCPN: SNOW: WIND :SUNSHINE: SKY :PK WND
================================================================================
1 2 3 4 5 6A 6B 7 8 9 10 11 12 13 14 15 16 17 18
12Z AVG MX 2MIN
DY MAX MIN AVG DEP HDD CDD WTR SNW DPTH SPD SPD DIR MIN PSBL S-S WX SPD DR
================================================================================
1 95 82 89 5 0 24 0.00 0.0 0 9.1 17 140 M M 1 18 21 140
2 94 85 90 6 0 25 T 0.0 0 10.2 17 130 M M 1 8 22 140
3 92 78 85 1 0 20 0.15 0.0 0 8.2 15 140 M M 2 138 20 130
4 94 83 89 5 0 24 0.00 0.0 0 7.7 14 150 M M 1 8 20 170
5 94 76 85 1 0 20 0.00 0.0 0 6.6 15 140 M M 1 18 19 150
6 93 78 86 2 0 21 0.00 0.0 0 6.2 13 140 M M 0 18 16 160
7 93 78 86 2 0 21 0.00 0.0 0 6.3 14 130 M M 1 138 17 120
8 92 76 84 0 0 19 0.00 0.0 0 6.9 14 120 M M 0 1 18 120
9 95 74 85 2 0 20 0.00 0.0 0 7.1 14 50 M M 0 21 60
10 94 77 86 3 0 21 0.00 0.0 0 10.7 17 100 M M 0 18 23 90
11 90 72 81 -2 0 16 T 0.0 0 9.3 15 40 M M 1 38 21 60
12 86 77 82 -1 0 17 0.06 0.0 0 11.5 22 110 M M 3 138 28 110
13 84 74 79 -4 0 14 1.32 0.0 0 17.8 30 350 M M 10 18 42 20
14 94 74 84 2 0 19 T 0.0 0 8.1 18 330 M M 3 23 320
15 87 74 81 -1 0 16 0.00 0.0 0 8.0 16 360 M M 6 21 350
16 92 73 83 1 0 18 0.00 0.0 0 6.1 13 140 M M 0 18 17 130
17 91 74 83 1 0 18 0.00 0.0 0 5.9 13 130 M M 0 18 16 130
18 94 77 86 4 0 21 T 0.0 0 6.5 17 60 M M 0 138 23 60
19 94 76 85 3 0 20 0.00 0.0 0 7.0 16 150 M M 0 1 20 130
20 93 79 86 4 0 21 0.00 0.0 0 8.7 17 140 M M 2 8 22 140
21 93 75 84 3 0 19 0.08 0.0 M 7.5 32 10 M M 1 138 40 10
22 88 64 76 -5 0 11 T 0.0 0 13.1 23 20 M M 2 31 20
23 84 58 71 -10 0 6 0.00 0.0 0 8.1 14 120 M M 0 17 100
24 85 70 78 -3 0 13 0.00 0.0 0 7.1 13 90 M M 0 17 130
25 85 66 76 -5 0 11 0.00 0.0 0 8.1 14 80 M M 1 18 110
26 85 65 75 -5 0 10 0.00 0.0 0 7.1 14 110 M M 0 17 110
27 88 68 78 -2 0 13 0.00 0.0 0 7.1 15 110 M M 1 18 110
28 92 80 86 6 0 21 0.00 0.0 0 8.2 18 150 M M 1 38 25 140
29 84 69 77 -3 0 12 1.31 0.0 0 13.7 31 340 M M 5 13 39 340
30 88 76 82 2 0 17 0.84 0.0 0 9.0 25 110 M M 4 13 32 110
================================================================================
SM 2713 2228 0 528 3.76 0.0 256.9 M 47
================================================================================
AV 90.4 74.3 8.6 FASTST M M 2 MAX(MPH)
MISC ----> 32 10 42 20
================================================================================
NOTES:
# LAST OF SEVERAL OCCURRENCES
COLUMN 17 PEAK WIND IN M.P.H.
PRELIMINARY LOCAL CLIMATOLOGICAL DATA (WS FORM: F-6) , PAGE 2
STATION: ROCKPORT
MONTH: SEPTEMBER
YEAR: 2021
LATITUDE: 28 4 N
LONGITUDE: 97 3 W
[TEMPERATURE DATA] [PRECIPITATION DATA] SYMBOLS USED IN COLUMN 16
AVERAGE MONTHLY: 82.4 TOTAL FOR MONTH: 3.76 1 = FOG OR MIST
DPTR FM NORMAL: 0.1 DPTR FM NORMAL: -0.42 2 = FOG REDUCING VISIBILITY
HIGHEST: 95 ON 9, 1 GRTST 24HR 1.32 ON 12-13 TO 1/4 MILE OR LESS
LOWEST: 58 ON 23 3 = THUNDER
SNOW, ICE PELLETS, HAIL 4 = ICE PELLETS
TOTAL MONTH: 0.0 INCH 5 = HAIL
GRTST 24HR 0.0 6 = FREEZING RAIN OR DRIZZLE
GRTST DEPTH: 0 7 = DUSTSTORM OR SANDSTORM:
VSBY 1/2 MILE OR LESS
8 = SMOKE OR HAZE
[NO. OF DAYS WITH] [WEATHER - DAYS WITH] 9 = BLOWING SNOW
X = TORNADO
MAX 32 OR BELOW: 0 0.01 INCH OR MORE: 6
MAX 90 OR ABOVE: 19 0.10 INCH OR MORE: 4
MIN 32 OR BELOW: 0 0.50 INCH OR MORE: 3
MIN 0 OR BELOW: 0 1.00 INCH OR MORE: 2
[HDD (BASE 65) ]
TOTAL THIS MO. 0 CLEAR (SCALE 0-3) 25
DPTR FM NORMAL 0 PTCLDY (SCALE 4-7) 4
TOTAL FM JUL 1 0 CLOUDY (SCALE 8-10) 1
DPTR FM NORMAL 0
[CDD (BASE 65) ]
TOTAL THIS MO. 528
DPTR FM NORMAL 10 [PRESSURE DATA]
TOTAL FM JAN 1 3235 HIGHEST SLP 30.23 ON 22
DPTR FM NORMAL -19 LOWEST SLP 29.73 ON 14
[REMARKS]
#FINAL-09-21#