000
CXUS54 KCRP 012043
CF6RKP
PRELIMINARY LOCAL CLIMATOLOGICAL DATA (WS FORM: F-6)
STATION: ROCKPORT
MONTH: MAY
YEAR: 2021
LATITUDE: 28 4 N
LONGITUDE: 97 3 W
TEMPERATURE IN F: :PCPN: SNOW: WIND :SUNSHINE: SKY :PK WND
================================================================================
1 2 3 4 5 6A 6B 7 8 9 10 11 12 13 14 15 16 17 18
12Z AVG MX 2MIN
DY MAX MIN AVG DEP HDD CDD WTR SNW DPTH SPD SPD DIR MIN PSBL S-S WX SPD DR
================================================================================
1 77 65 71 -5 0 6 3.37 0.0 0 12.7 31 140 M M 8 1238 39 140
2 83 64 74 -2 0 9 0.00 0.0 0 10.2 18 180 M M 3 128 27 170
3 83 75 79 3 0 14 0.00 0.0 0 12.5 17 170 M M 8 18 31 170
4 87 75 81 5 0 16 0.03 0.0 0 10.8 21 10 M M 8 18 27 20
5 86 68 77 0 0 12 0.00 0.0 0 12.2 20 20 M M 3 25 20
6 83 67 75 -2 0 10 0.00 0.0 0 10.8 17 80 M M 1 1 21 100
7 82 65 74 -3 0 9 0.00 0.0 0 11.8 21 130 M M 1 1 25 140
8 85 75 80 3 0 15 0.00 0.0 0 15.3 23 140 M M 8 18 33 150
9 86 78 82 4 0 17 0.00 0.0 0 15.2 22 160 M M 8 18 31 140
10 86 78 82 4 0 17 0.00 0.0 0 13.2 21 120 M M 9 138 25 120
11 86 70 78 0 0 13 0.14 0.0 0 13.7 32 100 M M 7 138 39 130
12 82 67 75 -3 0 10 T 0.0 0 16.0 33 100 M M 7 13 38 110
13 83 65 74 -4 0 9 0.00 0.0 0 12.1 20 10 M M 10 25 10
14 83 67 75 -4 0 10 0.00 0.0 0 11.8 21 120 M M 3 26 130
15 81 74 78 -1 0 13 0.05 0.0 0 16.0 30 150 M M 5 138 41 150
16 80 68 74 -5 0 9 2.26 0.0 0 12.8 24 140 M M 8 1238 31 130
17 84 77 81 2 0 16 0.00 0.0 0 13.8 24 120 M M 9 18 32 120
18 86 67 77 -3 0 12 0.15 0.0 0 14.4 23 130 M M 6 138 30 130
19 79 64 72 -8 0 7 4.42 0.0 0 11.4 26 40 M M 6 123 33 40
20 82 64 73 -7 0 8 0.00 0.0 0 7.0 14 120 M M 1 1 17 130
21 86 70 78 -2 0 13 0.06 0.0 0 9.0 23 60 M M 3 18 29 70
22 82 74 78 -3 0 13 T 0.0 0 11.7 21 110 M M 7 18 26 110
23 82 75 79 -2 0 14 T 0.0 0 13.4 22 120 M M 7 18 26 130
24 84 75 80 -1 0 15 0.07 0.0 0 13.0 21 130 M M 7 18 27 140
25 85 77 81 0 0 16 0.01 0.0 0 14.1 22 140 M M 8 18 30 150
26 86 78 82 1 0 17 0.00 0.0 0 13.5 20 130 M M 8 18 24 140
27 87 78 83 1 0 18 0.00 0.0 0 12.7 20 150 M M 8 18 27 150
28 86 70 78 -4 0 13 0.28 0.0 0 13.0 31 20 M M 6 138 40 10
29 83 70 77 -5 0 12 T 0.0 0 12.0 31 80 M M 4 1 40 80
30 86 76 81 -1 0 16 0.00 0.0 0 13.4 21 130 M M 3 18 25 130
31 85 78 82 0 0 17 0.00 0.0 0 13.8 20 130 M M 4 25 140
================================================================================
SM 2596 2214 0 396 10.84 0.0 393.3 M 184
================================================================================
AV 83.7 71.4 12.7 FASTST M M 6 MAX(MPH)
MISC ----> 33 100 41 150
================================================================================
NOTES:
# LAST OF SEVERAL OCCURRENCES
COLUMN 17 PEAK WIND IN M.P.H.
PRELIMINARY LOCAL CLIMATOLOGICAL DATA (WS FORM: F-6) , PAGE 2
STATION: ROCKPORT
MONTH: MAY
YEAR: 2021
LATITUDE: 28 4 N
LONGITUDE: 97 3 W
[TEMPERATURE DATA] [PRECIPITATION DATA] SYMBOLS USED IN COLUMN 16
AVERAGE MONTHLY: 77.6 TOTAL FOR MONTH: 10.84 1 = FOG OR MIST
DPTR FM NORMAL: -1.6 DPTR FM NORMAL: 7.64 2 = FOG REDUCING VISIBILITY
HIGHEST: 87 ON 27, 4 GRTST 24HR 4.60 ON 30- 1 TO 1/4 MILE OR LESS
LOWEST: 64 ON 20,19 3 = THUNDER
SNOW, ICE PELLETS, HAIL 4 = ICE PELLETS
TOTAL MONTH: 0.0 INCH 5 = HAIL
GRTST 24HR 0.0 6 = FREEZING RAIN OR DRIZZLE
GRTST DEPTH: 0 7 = DUSTSTORM OR SANDSTORM:
VSBY 1/2 MILE OR LESS
8 = SMOKE OR HAZE
[NO. OF DAYS WITH] [WEATHER - DAYS WITH] 9 = BLOWING SNOW
X = TORNADO
MAX 32 OR BELOW: 0 0.01 INCH OR MORE: 11
MAX 90 OR ABOVE: 0 0.10 INCH OR MORE: 6
MIN 32 OR BELOW: 0 0.50 INCH OR MORE: 3
MIN 0 OR BELOW: 0 1.00 INCH OR MORE: 3
[HDD (BASE 65) ]
TOTAL THIS MO. 0 CLEAR (SCALE 0-3) 7
DPTR FM NORMAL 0 PTCLDY (SCALE 4-7) 17
TOTAL FM JUL 1 773 CLOUDY (SCALE 8-10) 7
DPTR FM NORMAL -53
[CDD (BASE 65) ]
TOTAL THIS MO. 396
DPTR FM NORMAL -44 [PRESSURE DATA]
TOTAL FM JAN 1 859 HIGHEST SLP 30.26 ON 13
DPTR FM NORMAL -29 LOWEST SLP 29.52 ON 3
[REMARKS]
#FINAL-05-21#