000
CXUS52 KFFC 011010
CF6RMG
PRELIMINARY LOCAL CLIMATOLOGICAL DATA (WS FORM: F-6)
STATION: ROME
MONTH: OCTOBER
YEAR: 2022
LATITUDE: 34 20 N
LONGITUDE: 85 10 W
TEMPERATURE IN F: :PCPN: SNOW: WIND :SUNSHINE: SKY :PK WND
================================================================================
1 2 3 4 5 6A 6B 7 8 9 10 11 12 13 14 15 16 17 18
12Z AVG MX 2MIN
DY MAX MIN AVG DEP HDD CDD WTR SNW DPTH SPD SPD DIR MIN PSBL S-S WX SPD DR
================================================================================
1 82 50 66 -3 0 1 0.00 M M 7.1 22 10 M M 0 30 350
2 76 53 65 -3 0 0 0.00 M M 11.5 24 10 M M 0 32 10
3 78 50 64 -4 1 0 0.00 M M 4.7 14 360 M M 0 18 360
4 78 50 64 -3 1 0 0.00 M M 3.1 12 320 M M 2 17 360
5 79 43 61 -6 4 0 0.00 M M 3.4 15 320 M M 0 20 320
6 82 42 62 -4 3 0 0.00 M M 1.9 12 300 M M 0 1 16 290
7 84 47 66 0 0 1 0.00 M M 3.5 16 350 M M 0 21 360
8 73 50 62 -4 3 0 0.00 M M 8.3 17 10 M M 0 26 350
9 73 41 57 -8 8 0 0.00 M M 4.0 10 300 M M 1 16 290
10 76 38 57 -8 8 0 0.00 M M 2.5 13 360 M M 0 17 20
11 80 43 62 -2 3 0 0.00 M M 3.0 14 150 M M 2 19 150
12 73 58 66 2 0 1 0.08 M M 4.1 13 160 M M 7 1 17 170
13 77 46 62 -2 3 0 1.17 M M 6.8 18 300 M M 4 13 27 310
14 75 41 58 -5 7 0 0.00 M M 1.2 13 260 M M 0 18 22 210
15 82 44 63 0 2 0 0.00 M M 2.2 13 270 M M 0 8 22 230
16 83 49 66 4 0 1 0.03 M M 3.3 14 300 M M 1 1 22 320
17 74 50 62 0 3 0 0.23 M M 7.2 20 320 M M 3 12 27 260
18 57 36 47 -14 18 0 0.00 M M 7.4 18 330 M M 2 28 330
19 62 31 47 -14 18 0 0.00 M M 3.5 15 340 M M 0 21 340
20 63 28 46 -15 19 0 0.00 M M 2.6 14 260 M M 0 8 23 230
21 72 32 52 -8 13 0 0.00 M M 0.8 8 150 M M 0 8 12 90
22 76 38 57 -3 8 0 0.00 M M 1.9 8 110 M M 0 8 14 250
23 77 42 60 1 5 0 0.00 M M 1.2 10 100 M M 0 17 150
24 80 41 61 2 4 0 0.00 M M 2.2 14 150 M M 0 21 170
25 81 49 65 7 0 0 0.51 M M 6.5 21 160 M M 5 1 28 170
26 64 50 57 -1 8 0 0.00 M M 8.6 21 10 M M 5 27 360
27 73 47 60 2 5 0 0.00 M M 5.5 13 360 M M 0 16 40
28 73 44 59 2 6 0 0.00 M M 2.3 13 130 M M 0 19 130
29 74 44 59 2 6 0 0.00 M M 6.0 15 110 M M 3 22 140
30 64 59 62 6 3 0 0.53 M M 7.3 17 140 M M 10 1 24 130
31 73 56 65 9 0 0 0.11 M M 2.7 15 270 M M 9 18 21 280
================================================================================
SM 2314 1392 159 4 2.66 M 136.3 M 54
================================================================================
AV 74.6 44.9 4.4 FASTST M M 2 MAX(MPH)
MISC ----> 24 10 32 10
================================================================================
NOTES:
# LAST OF SEVERAL OCCURRENCES
COLUMN 17 PEAK WIND IN M.P.H.
PRELIMINARY LOCAL CLIMATOLOGICAL DATA (WS FORM: F-6) , PAGE 2
STATION: ROME
MONTH: OCTOBER
YEAR: 2022
LATITUDE: 34 20 N
LONGITUDE: 85 10 W
[TEMPERATURE DATA] [PRECIPITATION DATA] SYMBOLS USED IN COLUMN 16
AVERAGE MONTHLY: 59.8 TOTAL FOR MONTH: 2.66 1 = FOG OR MIST
DPTR FM NORMAL: -2.5 DPTR FM NORMAL: -1.09 2 = FOG REDUCING VISIBILITY
HIGHEST: 84 ON 7 GRTST 24HR 1.25 ON 12-13 TO 1/4 MILE OR LESS
LOWEST: 28 ON 20 3 = THUNDER
SNOW, ICE PELLETS, HAIL 4 = ICE PELLETS
TOTAL MONTH: M 5 = HAIL
GRTST 24HR M ON M 6 = FREEZING RAIN OR DRIZZLE
GRTST DEPTH: M ON M 7 = DUSTSTORM OR SANDSTORM:
VSBY 1/2 MILE OR LESS
8 = SMOKE OR HAZE
[NO. OF DAYS WITH] [WEATHER - DAYS WITH] 9 = BLOWING SNOW
X = TORNADO
MAX 32 OR BELOW: 0 0.01 INCH OR MORE: 7
MAX 90 OR ABOVE: 0 0.10 INCH OR MORE: 5
MIN 32 OR BELOW: 3 0.50 INCH OR MORE: 3
MIN 0 OR BELOW: 0 1.00 INCH OR MORE: 1
[HDD (BASE 65) ]
TOTAL THIS MO. 159 CLEAR (SCALE 0-3) 24
DPTR FM NORMAL 15 PTCLDY (SCALE 4-7) 5
TOTAL FM JUL 1 173 CLOUDY (SCALE 8-10) 2
DPTR FM NORMAL 21
[CDD (BASE 65) ]
TOTAL THIS MO. 4
DPTR FM NORMAL -56 [PRESSURE DATA]
TOTAL FM JAN 1 2075 HIGHEST SLP 30.32 ON 29
DPTR FM NORMAL 243 LOWEST SLP 29.74 ON 25
[REMARKS]
#FINAL-10-22#