000
CXUS52 KFFC 011010
CF6RMG
PRELIMINARY LOCAL CLIMATOLOGICAL DATA (WS FORM: F-6)
STATION: ROME
MONTH: OCTOBER
YEAR: 2021
LATITUDE: 34 20 N
LONGITUDE: 85 10 W
TEMPERATURE IN F: :PCPN: SNOW: WIND :SUNSHINE: SKY :PK WND
================================================================================
1 2 3 4 5 6A 6B 7 8 9 10 11 12 13 14 15 16 17 18
12Z AVG MX 2MIN
DY MAX MIN AVG DEP HDD CDD WTR SNW DPTH SPD SPD DIR MIN PSBL S-S WX SPD DR
================================================================================
1 86 65 76 7 0 11 0.00 M M 1.7 9 150 M M 1 18 13 100
2 81 63 72 4 0 7 0.00 M M 2.2 9 160 M M 4 18 13 160
3 75 69 72 4 0 7 1.15 M M 2.2 9 230 M M 9 1 16 230
4 85 68 77 10 0 12 0.00 M M 1.1 16 180 M M 6 13 22 180
5 75 68 72 5 0 7 0.00 M M 3.9 14 100 M M 8 18 20 100
6 82 69 76 10 0 11 0.07 M M 5.8 17 110 M M 9 1 25 140
7 85 70 78 12 0 13 T M M 3.2 12 140 M M 8 1 17 150
8 84 65 75 9 0 10 1.22 M M 3.4 12 340 M M 5 1 15 290
9 85 61 73 8 0 8 0.00 M M 1.8 12 30 M M 4 12 16 30
10 85 62 74 9 0 9 0.00 M M 1.2 7 180 M M 1 12 10 20
11 82 60 71 7 0 6 0.00 M M 4.4 14 160 M M 2 1 20 160
12 77 64 71 7 0 6 0.00 M M 3.1 9 160 M M 7 1 14 160
13 84 63 74 10 0 9 0.00 M M 1.3 7 130 M M 5 12 9 140
14 85 63 74 11 0 9 0.00 M M 0.1 7 190 M M 3 128 10 200
15 85 63 74 11 0 9 0.00 M M 1.6 10 220 M M 4 12 16 210
16 70 48 59 -3 6 0 0.19 M M 7.5 20 330 M M 4 1 34 310
17 69 46 58 -4 7 0 0.00 M M 5.6 18 20 M M 0 26 30
18 74 41 58 -3 7 0 0.00 M M 1.6 6 330 M M 0 18 9 350
19 75 42 59 -2 6 0 0.00 M M 1.1 7 70 M M 1 12 9 50
20 79 48 64 3 1 0 0.00 M M 1.5 8 180 M M 0 1 11 190
21 78 56 67 7 0 2 0.40 M M 3.2 16 340 M M 5 123 23 360
22 73 51 62 2 3 0 0.00 M M 4.0 12 260 M M 3 12 17 290
23 75 47 61 2 4 0 0.00 0.0 M 2.7 16 10 M M 0 20 360
24 77 47 62 3 3 0 0.00 0.0 M 1.6 12 180 M M 1 1 15 160
25 80 54 67 9 0 2 0.00 0.0 M 6.9 20 340 M M 4 30 350
26 64 49 57 -1 8 0 0.00 0.0 M 8.5 16 350 M M 6 22 340
27 73 45 59 1 6 0 0.00 0.0 M 3.6 15 10 M M 0 20 10
28 60 52 56 -1 9 0 0.17 M M 7.3 17 140 M M 8 1 30 130
29 56 52 54 -3 11 0 0.05 M M 4.5 13 220 M M 10 18 20 240
30 59 53 56 0 9 0 0.01 M M 6.5 14 260 M M 10 1 22 260
31 66 46 56 0 9 0 0.00 M M 3.4 12 330 M M 6 1 15 360
================================================================================
SM 2364 1750 89 138 3.26 0.0 106.5 M 134
================================================================================
AV 76.3 56.5 3.4 FASTST M M 4 MAX(MPH)
MISC ----> # 20 330 34 310
================================================================================
NOTES:
# LAST OF SEVERAL OCCURRENCES
COLUMN 17 PEAK WIND IN M.P.H.
PRELIMINARY LOCAL CLIMATOLOGICAL DATA (WS FORM: F-6) , PAGE 2
STATION: ROME
MONTH: OCTOBER
YEAR: 2021
LATITUDE: 34 20 N
LONGITUDE: 85 10 W
[TEMPERATURE DATA] [PRECIPITATION DATA] SYMBOLS USED IN COLUMN 16
AVERAGE MONTHLY: 66.4 TOTAL FOR MONTH: 3.26 1 = FOG OR MIST
DPTR FM NORMAL: 4.1 DPTR FM NORMAL: -0.49 2 = FOG REDUCING VISIBILITY
HIGHEST: 86 ON 1 GRTST 24HR 1.22 ON 8- 8 TO 1/4 MILE OR LESS
LOWEST: 41 ON 18 3 = THUNDER
SNOW, ICE PELLETS, HAIL 4 = ICE PELLETS
TOTAL MONTH: 0.0 INCH 5 = HAIL
GRTST 24HR 0.0 6 = FREEZING RAIN OR DRIZZLE
GRTST DEPTH: M ON M 7 = DUSTSTORM OR SANDSTORM:
VSBY 1/2 MILE OR LESS
8 = SMOKE OR HAZE
[NO. OF DAYS WITH] [WEATHER - DAYS WITH] 9 = BLOWING SNOW
X = TORNADO
MAX 32 OR BELOW: 0 0.01 INCH OR MORE: 8
MAX 90 OR ABOVE: 0 0.10 INCH OR MORE: 5
MIN 32 OR BELOW: 0 0.50 INCH OR MORE: 2
MIN 0 OR BELOW: 0 1.00 INCH OR MORE: 2
[HDD (BASE 65) ]
TOTAL THIS MO. 89 CLEAR (SCALE 0-3) 11
DPTR FM NORMAL -55 PTCLDY (SCALE 4-7) 16
TOTAL FM JUL 1 92 CLOUDY (SCALE 8-10) 4
DPTR FM NORMAL -60
[CDD (BASE 65) ]
TOTAL THIS MO. 138
DPTR FM NORMAL 78 [PRESSURE DATA]
TOTAL FM JAN 1 1942 HIGHEST SLP 30.30 ON 20
DPTR FM NORMAL 110 LOWEST SLP 29.44 ON 29
[REMARKS]
#FINAL-10-21#