000
CXUS51 KRNK 032209
CF6RNK
PRELIMINARY LOCAL CLIMATOLOGICAL DATA (WS FORM: F-6)
STATION: BLACKSBURG VA
MONTH: SEPTEMBER
YEAR: 2022
LATITUDE: 37 13 N
LONGITUDE: 80 25 W
TEMPERATURE IN F: :PCPN: SNOW: WIND :SUNSHINE: SKY :PK WND
================================================================================
1 2 3 4 5 6A 6B 7 8 9 10 11 12 13 14 15 16 17 18
12Z AVG MX 2MIN
DY MAX MIN AVG DEP HDD CDD WTR SNW DPTH SPD SPD DIR MIN PSBL S-S WX SPD DR
================================================================================
1 81 54 68 0 0 3 0.00 0.0 0 1.7 8 330 M M 1 M M
2 82 55 69 1 0 4 0.00 0.0 0 3.2 9 110 M M 2 1 M M
3 82 60 71 3 0 6 0.00 0.0 0 2.4 9 160 M M 1 M M
4 79 61 70 2 0 5 1.04 0.0 0 2.3 9 110 M M 6 13 M M
5 74 67 71 3 0 6 1.43 0.0 0 3.5 10 120 M M 10 1 M M
6 81 65 73 6 0 8 T 0.0 0 1.5 8 300 M M 6 1 M M
7 79 62 71 4 0 6 0.00 0.0 0 3.0 13 330 M M 6 1 20 330
8 74 63 69 2 0 4 0.02 0.0 0 2.0 7 110 M M 10 M M
9 76 59 68 1 0 3 0.00 0.0 0 4.3 12 80 M M 7 17 90
10 65 59 62 -4 3 0 0.18 0.0 0 5.7 10 90 M M 8 1 M M
11 79 64 72 6 0 7 0.31 0.0 0 1.4 8 130 M M 9 1 M M
12 80 60 70 4 0 5 T 0.0 0 2.1 7 300 M M 8 12 M M
13 74 52 63 -2 2 0 0.00 0.0 0 2.6 10 300 M M 2 18 300
14 75 49 62 -3 3 0 0.00 0.0 0 3.4 10 360 M M 2 16 330
15 78 49 64 -1 1 0 0.00 0.0 0 1.3 7 120 M M 0 1 M M
16 79 53 66 2 0 1 0.00 0.0 0 1.4 7 120 M M 5 12 M M
17 78 55 67 3 0 2 0.00 0.0 0 2.1 9 110 M M 4 12 M M
18 79 53 66 2 0 1 0.00 0.0 0 0.8 6 220 M M 3 12 M M
19 80 54 67 4 0 2 0.00 0.0 0 1.2 7 260 M M 5 12 M M
20 83 57 70 7 0 5 0.00 0.0 0 2.4 12 310 M M 2 1 M M
21 84 53 69 6 0 4 0.00 0.0 0 1.0 6 170 M M 2 12 M M
22 77 52 65 3 0 0 0.04 0.0 0 6.9 22 320 M M 5 30 310
23 67 44 56 -6 9 0 0.00 0.0 0 5.7 15 320 M M 2 18 350
24 71 48 60 -2 5 0 0.00 0.0 0 1.6 7 290 M M 5 M M
25 69 48 59 -2 6 0 0.19 0.0 0 2.2 9 280 M M 3 3 M M
26 71 52 62 1 3 0 0.00 0.0 0 3.5 12 300 M M 3 26 250
27 65 41 53 -7 12 0 0.00 0.0 0 3.5 14 310 M M 0 21 300
28 65 37 51 -9 14 0 0.00 0.0 0 4.7 16 330 M M 0 20 320
29 67 43 55 -5 10 0 0.00 0.0 0 6.7 14 90 M M 0 25 50
30 51 46 49 -10 16 0 0.76 0.0 0 8.6 16 10 M M 6 1 25 30
================================================================================
SM 2245 1615 84 72 3.97 0.0 92.7 M 123
================================================================================
AV 74.8 53.8 3.1 FASTST M M 4 MAX(MPH)
MISC ----> 22 320 30 310
================================================================================
NOTES:
# LAST OF SEVERAL OCCURRENCES
COLUMN 17 PEAK WIND IN M.P.H.
PRELIMINARY LOCAL CLIMATOLOGICAL DATA (WS FORM: F-6) , PAGE 2
STATION: BLACKSBURG VA
MONTH: SEPTEMBER
YEAR: 2022
LATITUDE: 37 13 N
LONGITUDE: 80 25 W
[TEMPERATURE DATA] [PRECIPITATION DATA] SYMBOLS USED IN COLUMN 16
AVERAGE MONTHLY: 64.3 TOTAL FOR MONTH: 3.97 1 = FOG OR MIST
DPTR FM NORMAL: 0.0 DPTR FM NORMAL: 0.52 2 = FOG REDUCING VISIBILITY
HIGHEST: 84 ON 21 GRTST 24HR 1.43 ON 5- 5 TO 1/4 MILE OR LESS
LOWEST: 37 ON 28 3 = THUNDER
SNOW, ICE PELLETS, HAIL 4 = ICE PELLETS
TOTAL MONTH: 0.0 INCH 5 = HAIL
GRTST 24HR 0.0 6 = FREEZING RAIN OR DRIZZLE
GRTST DEPTH: 0 7 = DUSTSTORM OR SANDSTORM:
VSBY 1/2 MILE OR LESS
8 = SMOKE OR HAZE
[NO. OF DAYS WITH] [WEATHER - DAYS WITH] 9 = BLOWING SNOW
X = TORNADO
MAX 32 OR BELOW: 0 0.01 INCH OR MORE: 8
MAX 90 OR ABOVE: 0 0.10 INCH OR MORE: 6
MIN 32 OR BELOW: 0 0.50 INCH OR MORE: 3
MIN 0 OR BELOW: 0 1.00 INCH OR MORE: 2
[HDD (BASE 65) ]
TOTAL THIS MO. 84 CLEAR (SCALE 0-3) 15
DPTR FM NORMAL -4 PTCLDY (SCALE 4-7) 12
TOTAL FM JUL 1 88 CLOUDY (SCALE 8-10) 3
DPTR FM NORMAL -16
[CDD (BASE 65) ]
TOTAL THIS MO. 72
DPTR FM NORMAL 3 [PRESSURE DATA]
TOTAL FM JAN 1 805 HIGHEST SLP M ON M
DPTR FM NORMAL 194 LOWEST SLP M ON M
[REMARKS]
#FINAL-09-22#