000
CXUS56 KSGX 011045
CF6RNM
PRELIMINARY LOCAL CLIMATOLOGICAL DATA (WS FORM: F-6)
STATION: RAMONA AIRPORT CA
MONTH: OCTOBER
YEAR: 2023
LATITUDE: 33 2 N
LONGITUDE: 116 55 W
TEMPERATURE IN F: :PCPN: SNOW: WIND :SUNSHINE: SKY :PK WND
================================================================================
1 2 3 4 5 6A 6B 7 8 9 10 11 12 13 14 15 16 17 18
12Z AVG MX 2MIN
DY MAX MIN AVG DEP HDD CDD WTR SNW DPTH SPD SPD DIR MIN PSBL S-S WX SPD DR
================================================================================
1 63 59 61 -7 4 0 0.00 M M 9.2 14 240 M M 3 14 240
2 72 M M M M M 0.00 M M 5.7 15 290 M M 0 1 20 260
3 84 42 63 -4 2 0 0.00 M M 4.5 15 300 M M 0 12 20 290
4 93 45 69 2 0 4 0.00 M M 4.9 18 90 M M 0 8 26 70
5 98 47 73 7 0 8 0.00 M M 3.3 16 280 M M 0 20 260
6 97 49 73 7 0 8 0.00 M M 4.6 15 290 M M 0 8 19 280
7 98 47 73 7 0 8 0.00 M M 2.8 15 280 M M 0 19 280
8 97 50 74 8 0 9 0.00 M M 3.8 14 290 M M 0 19 300
9 91 50 71 5 0 6 0.00 M M 3.5 16 270 M M 0 20 280
10 81 48 65 -1 0 0 T M M 3.6 15 270 M M 5 128 18 260
11 74 58 66 1 0 1 0.02 M M 4.9 14 270 M M 9 1 17 260
12 81 51 66 1 0 1 0.00 M M 4.0 13 270 M M 5 128 17 270
13 79 43 61 -4 4 0 0.00 M M 3.3 13 260 M M 2 12 16 260
14 87 42 65 0 0 0 0.00 M M 2.9 14 280 M M 1 12 17 270
15 94 43 69 5 0 4 0.00 M M 3.5 15 280 M M 0 19 260
16 91 44 68 4 0 3 0.00 M M 3.3 15 270 M M 0 19 270
17 89 48 69 5 0 4 0.00 M M 3.7 13 280 M M 0 1 18 290
18 93 45 69 5 0 4 0.00 M M 3.5 14 270 M M 0 1 17 280
19 97 50 74 10 0 9 0.00 M M 3.9 14 310 M M 0 19 300
20 97 51 74 10 0 9 0.00 M M 4.2 18 300 M M 0 22 290
21 90 50 70 7 0 5 0.00 M M 4.0 15 260 M M 0 20 310
22 76 50 63 0 2 0 0.00 M M 4.4 15 270 M M 6 8 18 270
23 69 48 59 -4 6 0 0.01 M M 5.2 12 260 M M 7 18 16 230
24 78 42 60 -3 5 0 0.00 M M 3.5 14 270 M M 3 12 22 320
25 66 57 62 0 3 0 0.00 M M 3.6 9 270 M M 10 18 12 280
26 74 55 65 3 0 0 0.00 M M 3.7 14 280 M M 7 18 21 280
27 74 47 61 -1 4 0 0.00 M M 3.6 13 260 M M 5 12 17 280
28 74 42 58 -4 7 0 0.00 M M 3.4 14 280 M M 3 12 18 260
29 78 36 57 -5 8 0 0.00 M M 7.2 18 90 M M 1 12 25 90
30 80 44 62 1 3 0 0.00 M M 12.0 22 80 M M 0 28 80
31 82 45 64 3 1 0 T M M 10.4 22 70 M M 0 33 70
================================================================================
SM 2597 1428 49 83 0.03 M 144.1 M 67
================================================================================
AV 83.8 47.6 4.6 FASTST M M 2 MAX(MPH)
MISC ----> # 22 80 33 70
================================================================================
NOTES:
# LAST OF SEVERAL OCCURRENCES
COLUMN 17 PEAK WIND IN M.P.H.
PRELIMINARY LOCAL CLIMATOLOGICAL DATA (WS FORM: F-6) , PAGE 2
STATION: RAMONA AIRPORT CA
MONTH: OCTOBER
YEAR: 2023
LATITUDE: 33 2 N
LONGITUDE: 116 55 W
[TEMPERATURE DATA] [PRECIPITATION DATA] SYMBOLS USED IN COLUMN 16
AVERAGE MONTHLY: 65.7 TOTAL FOR MONTH: 0.03 1 = FOG OR MIST
DPTR FM NORMAL: 1.5 DPTR FM NORMAL: -0.66 2 = FOG REDUCING VISIBILITY
HIGHEST: 98 ON 7, 5 GRTST 24HR 0.02 ON 10-11 TO 1/4 MILE OR LESS
LOWEST: 36 ON 29 3 = THUNDER
SNOW, ICE PELLETS, HAIL 4 = ICE PELLETS
TOTAL MONTH: M 5 = HAIL
GRTST 24HR M ON M 6 = FREEZING RAIN OR DRIZZLE
GRTST DEPTH: M ON M 7 = DUSTSTORM OR SANDSTORM:
VSBY 1/2 MILE OR LESS
8 = SMOKE OR HAZE
[NO. OF DAYS WITH] [WEATHER - DAYS WITH] 9 = BLOWING SNOW
X = TORNADO
MAX 32 OR BELOW: 0 0.01 INCH OR MORE: 2
MAX 90 OR ABOVE: 12 0.10 INCH OR MORE: 0
MIN 32 OR BELOW: 0 0.50 INCH OR MORE: 0
MIN 0 OR BELOW: 0 1.00 INCH OR MORE: 0
[HDD (BASE 65) ]
TOTAL THIS MO. 49 CLEAR (SCALE 0-3) 22
DPTR FM NORMAL -35 PTCLDY (SCALE 4-7) 7
TOTAL FM JUL 1 61 CLOUDY (SCALE 8-10) 2
DPTR FM NORMAL -35
[CDD (BASE 65) ]
TOTAL THIS MO. 83
DPTR FM NORMAL 22 [PRESSURE DATA]
TOTAL FM JAN 1 946 HIGHEST SLP 30.06 ON 31
DPTR FM NORMAL -3 LOWEST SLP 29.62 ON 11
[REMARKS]
#FINAL-10-23#