000
CDUS41 KBUF 261005
CLIROC


CLIMATE REPORT
NATIONAL WEATHER SERVICE BUFFALO NY
604 AM EDT SAT MAY 26 2018


...................................

...THE ROCHESTER NY CLIMATE SUMMARY FOR MAY 25 2018...

CLIMATE NORMAL PERIOD 1981 TO 2010
CLIMATE RECORD PERIOD 1871 TO 2018


WEATHER ITEM   OBSERVED TIME   RECORD YEAR NORMAL DEPARTURE LAST
                VALUE   (LST)  VALUE       VALUE  FROM      YEAR
                                                  NORMAL
..................................................................
TEMPERATURE (F)
 YESTERDAY
  MAXIMUM         84    410 PM  88    2012  70     14       68
                                      2007
                                      1904
  MINIMUM         55    456 AM  32    1956  49      6       55
  AVERAGE         70                        60     10       62

PRECIPITATION (IN)
  YESTERDAY        0.00          1.74 1943   0.09  -0.09     1.59
  MONTH TO DATE    1.70                      2.31  -0.61     5.10
  SINCE MAR 1      8.22                      7.54   0.68    14.71
  SINCE JAN 1     13.48                     11.90   1.58    19.79

SNOWFALL (IN)
  YESTERDAY        0.0           0.0    MM   0.0    0.0      0.0
  MONTH TO DATE    0.0                       0.4   -0.4      0.0
  SINCE MAR 1     34.6                      20.6   14.0     35.5
  SINCE JUL 1    120.5                      99.5   21.0    107.1
  SNOW DEPTH       0

DEGREE DAYS
 HEATING
  YESTERDAY        0                         7     -7        3
  MONTH TO DATE   89                       242   -153      255
  SINCE MAR 1   1818                      1759     59     1654
  SINCE JUL 1   6215                      6545   -330     5522

 COOLING
  YESTERDAY        5                         1      4        0
  MONTH TO DATE   22                        16      6       18
  SINCE MAR 1     22                        20      2       32
  SINCE JAN 1     22                        20      2       32
..................................................................


WIND (MPH)
  HIGHEST WIND SPEED    21   HIGHEST WIND DIRECTION     W (260)
  HIGHEST GUST SPEED    28   HIGHEST GUST DIRECTION     W (250)
  AVERAGE WIND SPEED    11.1


SKY COVER
  AVERAGE SKY COVER 0.4


WEATHER CONDITIONS
 THE FOLLOWING WEATHER WAS RECORDED YESTERDAY.
  NO SIGNIFICANT WEATHER WAS OBSERVED.


RELATIVE HUMIDITY (PERCENT)
 HIGHEST    77           500 AM
 LOWEST     32           300 PM
 AVERAGE    55

..........................................................


THE ROCHESTER NY CLIMATE NORMALS FOR TODAY
                         NORMAL    RECORD    YEAR
 MAXIMUM TEMPERATURE (F)   71        90      1944
 MINIMUM TEMPERATURE (F)   50        36      1879


SUNRISE AND SUNSET
MAY 26 2018...........SUNRISE   537 AM EDT   SUNSET   838 PM EDT
MAY 27 2018...........SUNRISE   537 AM EDT   SUNSET   839 PM EDT


-  INDICATES NEGATIVE NUMBERS.
R  INDICATES RECORD WAS SET OR TIED.
MM INDICATES DATA IS MISSING.
T  INDICATES TRACE AMOUNT.

$$
