000
CDUS41 KBUF 171014
CLIROC


CLIMATE REPORT
NATIONAL WEATHER SERVICE BUFFALO NY
612 AM EDT TUE APR 17 2018


...................................

...THE ROCHESTER NY CLIMATE SUMMARY FOR APRIL 16 2018...

CLIMATE NORMAL PERIOD 1981 TO 2010
CLIMATE RECORD PERIOD 1871 TO 2018


WEATHER ITEM   OBSERVED TIME   RECORD YEAR NORMAL DEPARTURE LAST
                VALUE   (LST)  VALUE       VALUE  FROM      YEAR
                                                  NORMAL
..................................................................
TEMPERATURE (F)
 YESTERDAY
  MAXIMUM         42   1250 PM  87    2012  56    -14       80
  MINIMUM         35   1159 PM  22    1943  37     -2       57
                                      1875
  AVERAGE         39                        47     -8       69

PRECIPITATION (IN)
  YESTERDAY        1.34R         1.12 1947   0.09   1.25      T
  MONTH TO DATE    2.76                      1.52   1.24     2.72
  SINCE MAR 1      5.78                      4.02   1.76     7.38
  SINCE JAN 1     11.04                      8.38   2.66    12.46

SNOWFALL (IN)
  YESTERDAY        T             7.0  1904   0.1   -0.1      0.0
  MONTH TO DATE    3.9                       3.0    0.9      2.5
  SINCE MAR 1     33.3                      19.3   14.0     35.5
  SINCE JUL 1    119.2                      98.2   21.0    107.1
  SNOW DEPTH       0

DEGREE DAYS
 HEATING
  YESTERDAY       26                        18      8        0
  MONTH TO DATE  444                       345     99      241
  SINCE MAR 1   1455                      1297    158     1229
  SINCE JUL 1   5852                      6083   -231     5097

 COOLING
  YESTERDAY        0                         0      0        4
  MONTH TO DATE    0                         0      0        7
  SINCE MAR 1      0                         0      0        7
  SINCE JAN 1      0                         0      0        7
..................................................................


WIND (MPH)
  HIGHEST WIND SPEED    24   HIGHEST WIND DIRECTION     W (270)
  HIGHEST GUST SPEED    33   HIGHEST GUST DIRECTION     W (280)
  AVERAGE WIND SPEED    11.8


SKY COVER
  AVERAGE SKY COVER 1.0


WEATHER CONDITIONS
 THE FOLLOWING WEATHER WAS RECORDED YESTERDAY.
  HEAVY RAIN
  RAIN
  LIGHT RAIN
  SNOW
  LIGHT SNOW
  FOG


RELATIVE HUMIDITY (PERCENT)
 HIGHEST   100           800 AM
 LOWEST     85          1200 AM
 AVERAGE    93

..........................................................


THE ROCHESTER NY CLIMATE NORMALS FOR TODAY
                         NORMAL    RECORD    YEAR
 MAXIMUM TEMPERATURE (F)   57        85      2002
 MINIMUM TEMPERATURE (F)   37        19      1875


SUNRISE AND SUNSET
APRIL 17 2018.........SUNRISE   625 AM EDT   SUNSET   756 PM EDT
APRIL 18 2018.........SUNRISE   624 AM EDT   SUNSET   757 PM EDT


-  INDICATES NEGATIVE NUMBERS.
R  INDICATES RECORD WAS SET OR TIED.
MM INDICATES DATA IS MISSING.
T  INDICATES TRACE AMOUNT.




$$
