000
CDUS41 KBUF 131026
CLIROC


CLIMATE REPORT
NATIONAL WEATHER SERVICE BUFFALO NY
625 AM EDT SUN MAY 13 2018


...................................

...THE ROCHESTER NY CLIMATE SUMMARY FOR MAY 12 2018...

CLIMATE NORMAL PERIOD 1981 TO 2010
CLIMATE RECORD PERIOD 1871 TO 2018


WEATHER ITEM   OBSERVED TIME   RECORD YEAR NORMAL DEPARTURE LAST
                VALUE   (LST)  VALUE       VALUE  FROM      YEAR
                                                  NORMAL
..................................................................
TEMPERATURE (F)
 YESTERDAY
  MAXIMUM         59    533 PM  87    1879  67     -8       63
  MINIMUM         46    652 AM  30    1907  45      1       42
  AVERAGE         53                        56     -3       53

PRECIPITATION (IN)
  YESTERDAY        0.03          1.70 2000   0.09  -0.06      T
  MONTH TO DATE    0.50                      1.07  -0.57     3.17
  SINCE MAR 1      7.02                      6.30   0.72    12.78
  SINCE JAN 1     12.28                     10.66   1.62    17.86

SNOWFALL (IN)
  YESTERDAY        0.0           1.1  1996   0.0    0.0      0.0
  MONTH TO DATE    0.0                       0.3   -0.3      0.0
  SINCE MAR 1     34.6                      20.5   14.1     35.5
  SINCE JUL 1    120.5                      99.4   21.1    107.1
  SNOW DEPTH       0

DEGREE DAYS
 HEATING
  YESTERDAY       12                        10      2       12
  MONTH TO DATE   59                       138    -79      191
  SINCE MAR 1   1788                      1655    133     1590
  SINCE JUL 1   6185                      6441   -256     5458

 COOLING
  YESTERDAY        0                         1     -1        0
  MONTH TO DATE   13                         3     10        0
  SINCE MAR 1     13                         7      6       14
  SINCE JAN 1     13                         7      6       14
..................................................................


WIND (MPH)
  HIGHEST WIND SPEED    14   HIGHEST WIND DIRECTION    NE (30)
  HIGHEST GUST SPEED    16   HIGHEST GUST DIRECTION    NE (50)
  AVERAGE WIND SPEED     5.8


SKY COVER
  AVERAGE SKY COVER 0.8


WEATHER CONDITIONS
 THE FOLLOWING WEATHER WAS RECORDED YESTERDAY.
  LIGHT RAIN


RELATIVE HUMIDITY (PERCENT)
 HIGHEST    86          1100 PM
 LOWEST     39          1200 AM
 AVERAGE    63

..........................................................


THE ROCHESTER NY CLIMATE NORMALS FOR TODAY
                         NORMAL    RECORD    YEAR
 MAXIMUM TEMPERATURE (F)   67        89      1879
 MINIMUM TEMPERATURE (F)   45        31      2005


SUNRISE AND SUNSET
MAY 13 2018...........SUNRISE   549 AM EDT   SUNSET   825 PM EDT
MAY 14 2018...........SUNRISE   548 AM EDT   SUNSET   826 PM EDT


-  INDICATES NEGATIVE NUMBERS.
R  INDICATES RECORD WAS SET OR TIED.
MM INDICATES DATA IS MISSING.
T  INDICATES TRACE AMOUNT.




$$
