000
CDUS41 KBUF 112023
CLIROC


CLIMATE REPORT
NATIONAL WEATHER SERVICE BUFFALO NY
422 PM EDT FRI MAY 11 2018


...................................

...THE ROCHESTER NY CLIMATE SUMMARY FOR MAY 11 2018...
VALID TODAY AS OF 0400 PM LOCAL TIME.

CLIMATE NORMAL PERIOD 1981 TO 2010
CLIMATE RECORD PERIOD 1871 TO 2018


WEATHER ITEM   OBSERVED TIME   RECORD YEAR NORMAL DEPARTURE LAST
                VALUE   (LST)  VALUE       VALUE  FROM      YEAR
                                                  NORMAL
..................................................................
TEMPERATURE (F)
 TODAY
  MAXIMUM         54    254 PM  89    1979  66    -12       59
                                      1953
                                      1911
  MINIMUM         42    555 AM  29    1966  45     -3       42
  AVERAGE         48                        55     -7       51

PRECIPITATION (IN)
  TODAY            0.00          0.91 2003   0.09  -0.09     0.00
  MONTH TO DATE    0.47                      0.98  -0.51     3.17
  SINCE MAR 1      6.99                      6.21   0.78    12.78
  SINCE JAN 1     12.25                     10.57   1.68    17.86

SNOWFALL (IN)
  TODAY            0.0           1.0  1907   0.1   -0.1      0.0
  MONTH TO DATE    0.0                       0.3   -0.3      0.0
  SINCE MAR 1     34.6                      20.5   14.1     35.5
  SINCE JUL 1    120.5                      99.4   21.1    107.1
  SNOW DEPTH       0

DEGREE DAYS
 HEATING
  TODAY           17                        10      7       14
  MONTH TO DATE   48                       128    -80      179
  SINCE MAR 1   1777                      1645    132     1578
  SINCE JUL 1   6174                      6431   -257     5446

 COOLING
  TODAY            0                         1     -1        0
  MONTH TO DATE   13                         2     11        0
  SINCE MAR 1     13                         6      7       14
  SINCE JAN 1     13                         6      7       14
..................................................................


WIND (MPH)
  HIGHEST WIND SPEED    22   HIGHEST WIND DIRECTION    NE (40)
  HIGHEST GUST SPEED    25   HIGHEST GUST DIRECTION    NE (40)
  AVERAGE WIND SPEED     9.1


SKY COVER
  AVERAGE SKY COVER 0.7


WEATHER CONDITIONS
 THE FOLLOWING WEATHER WAS RECORDED TODAY.
  NO SIGNIFICANT WEATHER WAS OBSERVED.


RELATIVE HUMIDITY (PERCENT)
 HIGHEST    70           500 AM
 LOWEST     38           300 PM
 AVERAGE    54

..........................................................


THE ROCHESTER NY CLIMATE NORMALS FOR TOMORROW
                         NORMAL    RECORD    YEAR
 MAXIMUM TEMPERATURE (F)   67        87      1879
 MINIMUM TEMPERATURE (F)   45        30      1907


SUNRISE AND SUNSET
MAY 11 2018...........SUNRISE   552 AM EDT   SUNSET   823 PM EDT
MAY 12 2018...........SUNRISE   550 AM EDT   SUNSET   824 PM EDT


-  INDICATES NEGATIVE NUMBERS.
R  INDICATES RECORD WAS SET OR TIED.
MM INDICATES DATA IS MISSING.
T  INDICATES TRACE AMOUNT.

$$
