000
CDUS41 KBUF 110705
CLIROC


CLIMATE REPORT
NATIONAL WEATHER SERVICE BUFFALO NY
305 AM EDT FRI MAY 11 2018


...................................

...THE ROCHESTER NY CLIMATE SUMMARY FOR MAY 10 2018...

CLIMATE NORMAL PERIOD 1981 TO 2010
CLIMATE RECORD PERIOD 1871 TO 2018


WEATHER ITEM   OBSERVED TIME   RECORD YEAR NORMAL DEPARTURE LAST
                VALUE   (LST)  VALUE       VALUE  FROM      YEAR
                                                  NORMAL
..................................................................
TEMPERATURE (F)
 YESTERDAY
  MAXIMUM         75    103 PM  89    1896  66      9       52
  MINIMUM         50   1159 PM  28    1966  44      6       37
  AVERAGE         63                        55      8       45

PRECIPITATION (IN)
  YESTERDAY        0.03          1.54 1919   0.08  -0.05     0.00
  MONTH TO DATE    0.47                      0.89  -0.42     3.17
  SINCE MAR 1      6.99                      6.12   0.87    12.78
  SINCE JAN 1     12.25                     10.48   1.77    17.86

SNOWFALL (IN)
  YESTERDAY        0.0           2.0  1945   0.0    0.0      0.0
  MONTH TO DATE    0.0                       0.2   -0.2      0.0
  SINCE MAR 1     34.6                      20.4   14.2     35.5
  SINCE JUL 1    120.5                      99.3   21.2    107.1
  SNOW DEPTH       0

DEGREE DAYS
 HEATING
  YESTERDAY        2                        10     -8       20
  MONTH TO DATE   31                       118    -87      165
  SINCE MAR 1   1760                      1635    125     1564
  SINCE JUL 1   6157                      6421   -264     5432

 COOLING
  YESTERDAY        0                         1     -1        0
  MONTH TO DATE   13                         1     12        0
  SINCE MAR 1     13                         5      8       14
  SINCE JAN 1     13                         5      8       14
..................................................................


WIND (MPH)
  HIGHEST WIND SPEED    30   HIGHEST WIND DIRECTION     W (270)
  HIGHEST GUST SPEED    39   HIGHEST GUST DIRECTION     W (260)
  AVERAGE WIND SPEED    14.5


SKY COVER
  AVERAGE SKY COVER 0.8


WEATHER CONDITIONS
 THE FOLLOWING WEATHER WAS RECORDED YESTERDAY.
  LIGHT RAIN


RELATIVE HUMIDITY (PERCENT)
 HIGHEST    73           800 AM
 LOWEST     44           200 AM
 AVERAGE    59

..........................................................


THE ROCHESTER NY CLIMATE NORMALS FOR TODAY
                         NORMAL    RECORD    YEAR
 MAXIMUM TEMPERATURE (F)   66        89      1979
                                             1953
                                             1911
 MINIMUM TEMPERATURE (F)   45        29      1966


SUNRISE AND SUNSET
MAY 11 2018...........SUNRISE   552 AM EDT   SUNSET   823 PM EDT
MAY 12 2018...........SUNRISE   550 AM EDT   SUNSET   824 PM EDT


-  INDICATES NEGATIVE NUMBERS.
R  INDICATES RECORD WAS SET OR TIED.
MM INDICATES DATA IS MISSING.
T  INDICATES TRACE AMOUNT.




$$
