554
CDUS41 KBUF 161018
CLIROC


CLIMATE REPORT
NATIONAL WEATHER SERVICE BUFFALO NY
617 AM EDT MON APR 16 2018


...................................

...THE ROCHESTER NY CLIMATE SUMMARY FOR APRIL 15 2018...

CLIMATE NORMAL PERIOD 1981 TO 2010
CLIMATE RECORD PERIOD 1871 TO 2018


WEATHER ITEM   OBSERVED TIME   RECORD YEAR NORMAL DEPARTURE LAST
                VALUE   (LST)  VALUE       VALUE  FROM      YEAR
                                                  NORMAL
..................................................................
TEMPERATURE (F)
 YESTERDAY
  MAXIMUM         41    953 PM  86    1994  56    -15       70
  MINIMUM         30    421 AM  18    1904  37     -7       39
  AVERAGE         36                        46    -10       55

PRECIPITATION (IN)
  YESTERDAY        0.31          1.41 1887   0.09   0.22     0.08
  MONTH TO DATE    1.42                      1.43  -0.01     2.72
  SINCE MAR 1      4.44                      3.93   0.51     7.38
  SINCE JAN 1      9.70                      8.29   1.41    12.46

SNOWFALL (IN)
  YESTERDAY        T             1.3  1904   0.1   -0.1      0.0
  MONTH TO DATE    3.9                       2.9    1.0      2.5
  SINCE MAR 1     33.3                      19.2   14.1     35.5
  SINCE JUL 1    119.2                      98.1   21.1    107.1
  SNOW DEPTH       T

DEGREE DAYS
 HEATING
  YESTERDAY       29                        19     10       10
  MONTH TO DATE  418                       327     91      241
  SINCE MAR 1   1429                      1279    150     1229
  SINCE JUL 1   5826                      6065   -239     5097

 COOLING
  YESTERDAY        0                         0      0        0
  MONTH TO DATE    0                         0      0        3
  SINCE MAR 1      0                         0      0        3
  SINCE JAN 1      0                         0      0        3
..................................................................


WIND (MPH)
  HIGHEST WIND SPEED    25   HIGHEST WIND DIRECTION    NE (60)
  HIGHEST GUST SPEED    33   HIGHEST GUST DIRECTION    NE (50)
  AVERAGE WIND SPEED    15.0


SKY COVER
  AVERAGE SKY COVER 0.9


WEATHER CONDITIONS
 THE FOLLOWING WEATHER WAS RECORDED YESTERDAY.
  LIGHT RAIN
  LT FREEZING RAIN
  SNOW
  FOG


RELATIVE HUMIDITY (PERCENT)
 HIGHEST   100           200 PM
 LOWEST     89           800 AM
 AVERAGE    95

..........................................................


THE ROCHESTER NY CLIMATE NORMALS FOR TODAY
                         NORMAL    RECORD    YEAR
 MAXIMUM TEMPERATURE (F)   56        87      2012
 MINIMUM TEMPERATURE (F)   37        22      1943
                                             1875


SUNRISE AND SUNSET
APRIL 16 2018.........SUNRISE   627 AM EDT   SUNSET   755 PM EDT
APRIL 17 2018.........SUNRISE   625 AM EDT   SUNSET   756 PM EDT


-  INDICATES NEGATIVE NUMBERS.
R  INDICATES RECORD WAS SET OR TIED.
MM INDICATES DATA IS MISSING.
T  INDICATES TRACE AMOUNT.

$$
