000
CDUS41 KBUF 230705
CLIROC


CLIMATE REPORT
NATIONAL WEATHER SERVICE BUFFALO NY
305 AM EDT WED MAY 23 2018


...................................

...THE ROCHESTER NY CLIMATE SUMMARY FOR MAY 22 2018...

CLIMATE NORMAL PERIOD 1981 TO 2010
CLIMATE RECORD PERIOD 1871 TO 2018


WEATHER ITEM   OBSERVED TIME   RECORD YEAR NORMAL DEPARTURE LAST
                VALUE   (LST)  VALUE       VALUE  FROM      YEAR
                                                  NORMAL
..................................................................
TEMPERATURE (F)
 YESTERDAY
  MAXIMUM         74    116 PM  92    1911  70      4       68
  MINIMUM         56    757 AM  34    1990  48      8       50
                                      1895
  AVERAGE         65                        59      6       59

PRECIPITATION (IN)
  YESTERDAY        0.56          1.00 1882   0.10   0.46     0.01
  MONTH TO DATE    1.70                      2.02  -0.32     3.51
  SINCE MAR 1      8.22                      7.25   0.97    13.12
  SINCE JAN 1     13.48                     11.61   1.87    18.20

SNOWFALL (IN)
  YESTERDAY        0.0           T    2006   0.0    0.0      0.0
  MONTH TO DATE    0.0                       0.4   -0.4      0.0
  SINCE MAR 1     34.6                      20.6   14.0     35.5
  SINCE JUL 1    120.5                      99.5   21.0    107.1
  SNOW DEPTH       0

DEGREE DAYS
 HEATING
  YESTERDAY        0                         7     -7        6
  MONTH TO DATE   89                       221   -132      249
  SINCE MAR 1   1818                      1738     80     1648
  SINCE JUL 1   6215                      6524   -309     5516

 COOLING
  YESTERDAY        0                         1     -1        0
  MONTH TO DATE   16                        13      3       16
  SINCE MAR 1     16                        17     -1       30
  SINCE JAN 1     16                        17     -1       30
..................................................................


WIND (MPH)
  HIGHEST WIND SPEED    21   HIGHEST WIND DIRECTION     W (250)
  HIGHEST GUST SPEED    27   HIGHEST GUST DIRECTION     W (260)
  AVERAGE WIND SPEED     6.5


SKY COVER
  AVERAGE SKY COVER 1.0


WEATHER CONDITIONS
 THE FOLLOWING WEATHER WAS RECORDED YESTERDAY.
  HEAVY RAIN
  RAIN
  LIGHT RAIN
  FOG


RELATIVE HUMIDITY (PERCENT)
 HIGHEST   100           800 AM
 LOWEST     60          1200 AM
 AVERAGE    80

..........................................................


THE ROCHESTER NY CLIMATE NORMALS FOR TODAY
                         NORMAL    RECORD    YEAR
 MAXIMUM TEMPERATURE (F)   70        90      1930
                                             1893
 MINIMUM TEMPERATURE (F)   49        31      1967


SUNRISE AND SUNSET
MAY 23 2018...........SUNRISE   540 AM EDT   SUNSET   836 PM EDT
MAY 24 2018...........SUNRISE   539 AM EDT   SUNSET   837 PM EDT


-  INDICATES NEGATIVE NUMBERS.
R  INDICATES RECORD WAS SET OR TIED.
MM INDICATES DATA IS MISSING.
T  INDICATES TRACE AMOUNT.




$$
