000
CDUS41 KBUF 082033
CLIROC


CLIMATE REPORT
NATIONAL WEATHER SERVICE BUFFALO NY
430 PM EDT SUN APR 8 2018


...................................

...THE ROCHESTER NY CLIMATE SUMMARY FOR APRIL 8 2018...
VALID TODAY AS OF 0400 PM LOCAL TIME.

CLIMATE NORMAL PERIOD 1981 TO 2010
CLIMATE RECORD PERIOD 1871 TO 2018


WEATHER ITEM   OBSERVED TIME   RECORD YEAR NORMAL DEPARTURE LAST
                VALUE   (LST)  VALUE       VALUE  FROM      YEAR
                                                  NORMAL
..................................................................
TEMPERATURE (F)
 TODAY
  MAXIMUM         33    256 PM  80    1991  53    -20       51
  MINIMUM         25   1200 AM  17    1972  34     -9       31
  AVERAGE         29                        43    -14       41

PRECIPITATION (IN)
  TODAY            0.02          1.02 2000   0.10  -0.08     0.00
  MONTH TO DATE    0.97                      0.75   0.22     2.54
  SINCE MAR 1      3.99                      3.25   0.74     7.20
  SINCE JAN 1      9.25                      7.61   1.64    12.28

SNOWFALL (IN)
  TODAY            0.5           3.3  1979   0.1    0.4      0.0
  MONTH TO DATE    3.5                       1.7    1.8      2.5
  SINCE MAR 1     32.9                      18.0   14.9     35.5
  SINCE JUL 1    118.8                      96.9   21.9    107.1
  SNOW DEPTH       T (8 AM)

DEGREE DAYS
 HEATING
  TODAY           36                        22     14       24
  MONTH TO DATE  233                       186     47      165
  SINCE MAR 1   1244                      1138    106     1153
  SINCE JUL 1   5641                      5924   -283     5021

 COOLING
  TODAY            0                         0      0        0
  MONTH TO DATE    0                         0      0        0
  SINCE MAR 1      0                         0      0        0
  SINCE JAN 1      0                         0      0        0
..................................................................


WIND (MPH)
  HIGHEST WIND SPEED    22   HIGHEST WIND DIRECTION    NW (330)
  HIGHEST GUST SPEED    28   HIGHEST GUST DIRECTION    NW (320)
  AVERAGE WIND SPEED     8.0


SKY COVER
  AVERAGE SKY COVER 0.9


WEATHER CONDITIONS
 THE FOLLOWING WEATHER WAS RECORDED TODAY.
  LIGHT SNOW
  FOG


RELATIVE HUMIDITY (PERCENT)
 HIGHEST    85           800 AM
 LOWEST     49           200 PM
 AVERAGE    67

..........................................................


THE ROCHESTER NY CLIMATE NORMALS FOR TOMORROW
                         NORMAL    RECORD    YEAR
 MAXIMUM TEMPERATURE (F)   53        79      1969
                                             1945
 MINIMUM TEMPERATURE (F)   34        16      1997


SUNRISE AND SUNSET
APRIL  8 2018.........SUNRISE   640 AM EDT   SUNSET   745 PM EDT
APRIL  9 2018.........SUNRISE   639 AM EDT   SUNSET   746 PM EDT


-  INDICATES NEGATIVE NUMBERS.
R  INDICATES RECORD WAS SET OR TIED.
MM INDICATES DATA IS MISSING.
T  INDICATES TRACE AMOUNT.




$$
