000
CDUS41 KBUF 192023
CLIROC


CLIMATE REPORT
NATIONAL WEATHER SERVICE BUFFALO NY
423 PM EDT TUE JUN 19 2018


...................................

...THE ROCHESTER NY CLIMATE SUMMARY FOR JUNE 19 2018...
VALID TODAY AS OF 0400 PM LOCAL TIME.

CLIMATE NORMAL PERIOD 1981 TO 2010
CLIMATE RECORD PERIOD 1871 TO 2018


WEATHER ITEM   OBSERVED TIME   RECORD YEAR NORMAL DEPARTURE LAST
                VALUE   (LST)  VALUE       VALUE  FROM      YEAR
                                                  NORMAL
..................................................................
TEMPERATURE (F)
 TODAY
  MAXIMUM         74    305 PM  95    2001  78     -4       80
  MINIMUM         63    843 AM  42    1956  57      6       66
  AVERAGE         69                        67      2       73

PRECIPITATION (IN)
  TODAY            0.01          1.24 2007   0.11  -0.10     0.09
  MONTH TO DATE    1.22                      2.06  -0.84     2.40
  SINCE JUN 1      1.22                      2.06  -0.84     2.40
  SINCE JAN 1     14.70                     14.52   0.18    22.38

SNOWFALL (IN)
  TODAY            0.0           0.0    MM   0.0    0.0      0.0
  MONTH TO DATE    0.0                       0.0    0.0      0.0
  SINCE JUN 1      0.0                       0.0    0.0      0.0
  SINCE JUL 1    120.5                      99.5   21.0    107.1
  SNOW DEPTH       0

DEGREE DAYS
 HEATING
  TODAY            0                         2     -2        0
  MONTH TO DATE   22                        58    -36       41
  SINCE JUN 1     22                        58    -36       41
  SINCE JUL 1   6237                      6636   -399     5573

 COOLING
  TODAY            4                         4      0        8
  MONTH TO DATE   70                        52     18       95
  SINCE JUN 1     70                        52     18       95
  SINCE JAN 1    157                        82     75      137
..................................................................


WIND (MPH)
  HIGHEST WIND SPEED    21   HIGHEST WIND DIRECTION    NE (30)
  HIGHEST GUST SPEED    25   HIGHEST GUST DIRECTION     N (20)
  AVERAGE WIND SPEED    10.7


SKY COVER
  AVERAGE SKY COVER 0.6


WEATHER CONDITIONS
 THE FOLLOWING WEATHER WAS RECORDED TODAY.
  LIGHT RAIN
  FOG


RELATIVE HUMIDITY (PERCENT)
 HIGHEST    90          1200 AM
 LOWEST     35           300 PM
 AVERAGE    63

..........................................................


THE ROCHESTER NY CLIMATE NORMALS FOR TOMORROW
                         NORMAL    RECORD    YEAR
 MAXIMUM TEMPERATURE (F)   78        95      1953
 MINIMUM TEMPERATURE (F)   57        41      1914


SUNRISE AND SUNSET
JUNE 19 2018..........SUNRISE   531 AM EDT   SUNSET   853 PM EDT
JUNE 20 2018..........SUNRISE   531 AM EDT   SUNSET   854 PM EDT


-  INDICATES NEGATIVE NUMBERS.
R  INDICATES RECORD WAS SET OR TIED.
MM INDICATES DATA IS MISSING.
T  INDICATES TRACE AMOUNT.




$$
